CREATE TABLE `review` (
  `id` int(11) NOT NULL,
  `company_id` int(11) DEFAULT NULL,
  `user_id` int(11) NOT NULL,
  `title` varchar(255) COLLATE utf8mb4_unicode_ci DEFAULT NULL,
  `content` longtext COLLATE utf8mb4_unicode_ci,
  `diversity_across_organization` smallint(6) DEFAULT NULL,
  `diversity_in_leadership` smallint(6) DEFAULT NULL,
  `work_like_balance` smallint(6) DEFAULT NULL,
  `overall_inclusiveness` smallint(6) DEFAULT NULL,
  `benefits_and_resources` smallint(6) DEFAULT NULL,
  `average` decimal(8,6) DEFAULT NULL,
  `nb_likes` int(10) UNSIGNED NOT NULL,
  `is_anonymous` tinyint(1) NOT NULL,
  `company_answer` longtext COLLATE utf8mb4_unicode_ci,
  `company_answer_at` datetime DEFAULT NULL,
  `nb_shares` int(11) NOT NULL,
  `created_at` datetime NOT NULL,
  `updated_at` datetime NOT NULL,
  `flagged` tinyint(1) NOT NULL,
  `blocked` tinyint(1) NOT NULL,
  `published_at` datetime NOT NULL,
  `not_rated` tinyint(1) NOT NULL,
  `notified` tinyint(1) NOT NULL,
  `verified_at` datetime DEFAULT NULL COMMENT '(DC2Type:datetimetz_immutable)',
  `verified` tinyint(1) NOT NULL,
  `company_not_existing` longtext COLLATE utf8mb4_unicode_ci
) ENGINE=InnoDB DEFAULT CHARSET=utf8mb4 COLLATE=utf8mb4_unicode_ci;

INSERT INTO `review` (`id`, `company_id`, `user_id`, `title`, `content`, `diversity_across_organization`, `diversity_in_leadership`, `work_like_balance`, `overall_inclusiveness`, `benefits_and_resources`, `average`, `nb_likes`, `is_anonymous`, `company_answer`, `company_answer_at`, `nb_shares`, `created_at`, `updated_at`, `flagged`, `blocked`, `published_at`, `not_rated`, `notified`, `verified_at`, `verified`, `company_not_existing`) VALUES
(1, 6, 1, 'Culpa est enim sunt illum cupiditate ipsam.', 'Dolor consequatur veniam odio sunt ea vitae quia. Beatae cupiditate nulla neque maxime. Fuga ab est debitis est.', 1, 6, 0, 10, 8, '5.000000', 0, 0, NULL, NULL, 0, '2018-12-14 14:57:04', '2019-12-20 17:24:17', 1, 0, '2018-12-14 17:57:04', 0, 1, '2019-06-14 08:51:49', 1, NULL),
(2, 10, 1, 'Repudiandae eos et earum.', 'Dolorum et facilis molestiae qui a adipisci cumque. Laudantium accusamus est quo. Ex qui impedit et et doloremque sit. Aut cupiditate facere et alias tempora sed ea.', 4, 3, 0, 8, 1, '3.200000', 0, 0, NULL, NULL, 0, '2018-12-14 14:57:04', '2018-12-14 14:57:04', 0, 0, '2018-12-14 17:57:04', 0, 1, '2019-06-14 08:51:49', 1, NULL),
(3, 5, 2, 'Laborum laborum fugit laboriosam reprehenderit.', 'Ratione incidunt accusamus harum architecto temporibus reiciendis blanditiis. Et temporibus amet voluptatibus ut. Vel beatae aut sint voluptates. Libero at perferendis sequi eos ea perferendis ullam.', 0, 10, 1, 7, 4, '4.400000', 0, 0, NULL, NULL, 0, '2018-12-14 14:57:04', '2018-12-14 14:57:04', 0, 0, '2018-12-14 17:57:04', 0, 1, '2019-06-14 08:51:49', 1, NULL),
(4, 6, 2, 'Et in et magnam amet vitae.', 'Blanditiis odit ex cupiditate deleniti ullam sed incidunt. Non quos sed quam voluptatum et esse dolores. Veniam amet quia ex quo. Natus voluptatum voluptatem aut sint sint repudiandae.', 5, 9, 0, 1, 6, '4.200000', 0, 0, NULL, NULL, 0, '2018-12-14 14:57:04', '2018-12-14 14:57:04', 0, 0, '2018-12-14 17:57:04', 0, 1, '2019-06-14 08:51:49', 1, NULL),
(5, 9, 2, 'Aut iusto reprehenderit placeat vitae.', 'Et voluptatem vero suscipit nulla voluptatibus sed vel et. Veniam veniam atque quod totam. Odit alias laboriosam ut ea consequatur a est. Voluptas assumenda quae soluta fuga.', 8, 9, 4, 9, 2, '6.400000', 0, 0, NULL, NULL, 0, '2018-12-14 14:57:04', '2018-12-14 14:57:04', 0, 0, '2018-12-14 17:57:04', 0, 1, '2019-06-14 08:51:49', 1, NULL),
(6, 11, 2, 'Impedit odio doloremque sit.', 'Nihil eos placeat et. Voluptas velit praesentium incidunt tempore temporibus. Repellendus libero voluptatibus non repudiandae. Qui sed placeat dolor.', 5, 8, 6, 0, 4, '4.600000', 0, 1, NULL, NULL, 0, '2018-12-14 14:57:04', '2018-12-14 14:57:04', 0, 0, '2018-12-14 17:57:04', 0, 1, '2019-06-14 08:51:49', 1, NULL),
(7, 4, 3, 'Quasi quia sit id dolor.', 'Quasi nobis nihil quaerat architecto assumenda eius. Asperiores qui sapiente quasi quia sit quis. Voluptates eos cupiditate qui sunt.', 8, 4, 2, 1, 7, '4.400000', 0, 0, NULL, NULL, 0, '2018-12-14 14:57:04', '2018-12-14 14:57:04', 0, 0, '2018-12-14 17:57:04', 0, 1, '2019-06-14 08:51:49', 1, NULL),
(8, 11, 3, 'Cum omnis cumque voluptatum cum maxime. Voluptas delectus aut quia ut.', 'Commodi eum maxime odio ratione. Molestiae ut minima provident excepturi dicta. Quo praesentium nihil saepe delectus eveniet. Reiciendis et molestias dolorem commodi ducimus qui perferendis esse.', 0, 10, 1, 0, 5, '3.200000', 0, 1, NULL, NULL, 0, '2018-12-14 14:57:04', '2018-12-14 14:57:04', 0, 0, '2018-12-14 17:57:04', 0, 1, '2019-06-14 08:51:49', 1, NULL),
(9, 2, 4, 'Iure molestiae nihil id maiores.', 'Sed eaque quasi exercitationem dolor. Hic et perspiciatis libero eum quis. Enim corrupti maiores qui ullam. Est est praesentium et alias id velit corrupti.', 6, 6, 4, 6, 0, '4.400000', 0, 1, NULL, NULL, 0, '2018-12-14 14:57:05', '2018-12-14 14:57:05', 0, 0, '2018-12-14 17:57:05', 0, 1, '2019-06-14 08:51:49', 1, NULL),
(10, 4, 4, 'Expedita et vel id quaerat.', 'Qui voluptatem quis earum qui earum deleniti qui. Numquam totam ut reiciendis ratione architecto. Ab voluptate quaerat laborum aliquam hic.', 6, 2, 9, 2, 0, '3.800000', 0, 0, NULL, NULL, 0, '2018-12-14 14:57:05', '2018-12-14 14:57:05', 0, 0, '2018-12-14 17:57:05', 0, 1, '2019-06-14 08:51:49', 1, NULL),
(11, 6, 4, 'Est aut blanditiis.', 'Repellat sed qui corporis. Non aut vel placeat voluptatem sunt. Sed veniam iusto qui et. Impedit est dolor quisquam quis quo pariatur temporibus.', 4, 9, 4, 1, 4, '4.400000', 0, 0, NULL, NULL, 0, '2018-12-14 14:57:05', '2018-12-14 14:57:05', 0, 0, '2018-12-14 17:57:05', 0, 1, '2019-06-14 08:51:49', 1, NULL),
(12, 3, 5, 'Saepe et quia et in facere voluptatem voluptas.', 'Non sit labore laboriosam voluptatem quam aut itaque consequuntur. Ab eum similique minus asperiores. Laboriosam illo ut rem.', 6, 7, 8, 10, 2, '6.600000', 0, 0, NULL, NULL, 0, '2018-12-14 14:57:05', '2018-12-14 14:57:05', 0, 0, '2018-12-14 17:57:05', 0, 1, '2019-06-14 08:51:49', 1, NULL),
(13, 2, 6, 'Ut beatae quo molestiae id.', 'Animi sed earum expedita est architecto esse deleniti. Aliquam aspernatur fuga ratione. Provident repellat quae velit minima facilis perspiciatis.', 6, 7, 7, 9, 7, '7.200000', 0, 0, NULL, NULL, 0, '2018-12-14 14:57:05', '2018-12-14 14:57:05', 0, 0, '2018-12-14 17:57:05', 0, 1, '2019-06-14 08:51:49', 1, NULL),
(14, 4, 6, 'Laboriosam sed veritatis qui occaecati aspernatur est ex. Eveniet ea ut enim odio.', 'Hic consequatur et quia illo occaecati. Dolorem iusto culpa quasi necessitatibus illo quibusdam beatae. Esse rerum quia sunt repudiandae. Quibusdam dolor quibusdam natus aperiam.', 8, 7, 4, 0, 7, '5.200000', 0, 0, NULL, NULL, 0, '2018-12-14 14:57:05', '2018-12-14 14:57:05', 0, 0, '2018-12-14 17:57:05', 0, 1, '2019-06-14 08:51:49', 1, NULL),
(15, 5, 6, 'Quae possimus sit qui dignissimos excepturi molestiae. Quos aut et minus et aut nemo.', 'Perferendis expedita et expedita magni aut vero. Optio et consequuntur quam et qui. Et ullam quaerat ut voluptatem ut. Enim sit ut harum consectetur exercitationem perferendis.', 0, 10, 8, 0, 8, '5.200000', 0, 0, NULL, NULL, 6, '2018-12-14 14:57:05', '2018-12-14 14:57:10', 0, 0, '2018-12-14 17:57:05', 0, 1, '2019-06-14 08:51:49', 1, NULL),
(16, 8, 6, 'Odio qui nihil voluptatem harum.', 'Repellendus qui hic veniam alias magni vel. Qui necessitatibus aut unde odio cumque ut magni. Quia dolor ut eum alias rerum vero. Vel quis adipisci fugit necessitatibus officiis.', 3, 6, 3, 4, 2, '3.600000', 0, 0, NULL, NULL, 0, '2018-12-14 14:57:05', '2018-12-14 14:57:05', 0, 0, '2018-12-14 17:57:05', 0, 1, '2019-06-14 08:51:49', 1, NULL),
(17, 1, 7, 'Rerum qui excepturi hic rerum et animi. Nemo accusamus dignissimos omnis sunt ipsum architecto.', 'Qui ut voluptas sit architecto similique repellat. Ut vel rerum quis numquam. Quia harum vel eum nihil quia et magni.', 10, 3, 8, 6, 3, '6.000000', 0, 1, NULL, NULL, 0, '2018-12-14 14:57:05', '2018-12-14 14:57:05', 0, 0, '2018-12-14 17:57:05', 0, 1, '2019-06-14 08:51:49', 1, NULL),
(18, 3, 7, 'Eos laudantium maxime quia quo voluptatibus laudantium deserunt.', 'Dolorem magnam consequatur omnis perferendis. Laboriosam ratione corrupti nemo nemo odit molestiae fuga nihil.', 3, 4, 2, 5, 7, '4.200000', 0, 1, NULL, NULL, 6, '2018-12-14 14:57:05', '2018-12-14 14:57:10', 0, 0, '2018-12-14 17:57:05', 0, 1, '2019-06-14 08:51:49', 1, NULL),
(19, 4, 7, 'Unde vel eius dolore nihil.', 'Repellendus culpa et ut beatae officia officiis. Commodi consequatur aut est laborum. Quo quia unde assumenda eum. Voluptas minus esse libero.', 0, 9, 1, 7, 7, '4.800000', 0, 0, NULL, NULL, 0, '2018-12-14 14:57:05', '2018-12-14 14:57:05', 0, 0, '2018-12-14 17:57:05', 0, 1, '2019-06-14 08:51:49', 1, NULL),
(20, 10, 7, 'Id hic tenetur pariatur deleniti accusantium ullam alias.', 'Rerum illum sed nisi et. Rerum ut reprehenderit reprehenderit eligendi. Eum quia quaerat a nesciunt repellat est. Velit iure labore veniam odit quidem aut.', 7, 3, 3, 10, 5, '5.600000', 0, 1, NULL, NULL, 0, '2018-12-14 14:57:05', '2018-12-14 14:57:05', 0, 0, '2018-12-14 17:57:05', 0, 1, '2019-06-14 08:51:49', 1, NULL),
(21, 1, 8, 'Culpa vitae impedit est reiciendis eos quo fuga. Quae dolorem et aut sed.', 'Et et autem eaque impedit et. Qui eos eligendi et est qui vel. Dolorem est maiores dolorum aliquam. Et sequi quo illum voluptates nihil eligendi iusto.', 6, 8, 6, 7, 7, '6.800000', 0, 1, NULL, NULL, 0, '2018-12-14 14:57:05', '2018-12-14 14:57:05', 0, 0, '2018-12-14 17:57:05', 0, 1, '2019-06-14 08:51:49', 1, NULL),
(22, 2, 8, 'Cupiditate.', 'Deleniti quaerat nesciunt deserunt provident error repudiandae. Qui qui ipsum vel occaecati consequuntur rerum. Voluptas aut adipisci enim vel. Unde doloribus odio molestiae nam et.', 8, 0, 10, 3, 4, '5.000000', 0, 0, NULL, NULL, 0, '2018-12-14 14:57:05', '2018-12-14 14:57:05', 0, 0, '2018-12-14 17:57:05', 0, 1, '2019-06-14 08:51:49', 1, NULL),
(23, 3, 8, 'Sunt dolores voluptatibus aspernatur ipsum ut quia et.', 'Veritatis et saepe sint vel velit. Mollitia voluptatem ut magni est. Maxime non quia quis aliquid eum perspiciatis. Ut eos corporis esse mollitia quaerat sequi.', 2, 8, 3, 10, 10, '6.600000', 0, 1, NULL, NULL, 0, '2018-12-14 14:57:05', '2018-12-14 14:57:05', 0, 0, '2018-12-14 17:57:05', 0, 1, '2019-06-14 08:51:49', 1, NULL),
(24, 9, 8, 'Veniam id nesciunt.', 'Expedita sed ex impedit. Inventore quibusdam qui hic magni repellat. Non possimus ratione quae tenetur rerum.', 0, 9, 10, 5, 10, '6.800000', 0, 1, NULL, NULL, 0, '2018-12-14 14:57:05', '2018-12-14 14:57:05', 0, 0, '2018-12-14 17:57:05', 0, 1, '2019-06-14 08:51:49', 1, NULL),
(25, 10, 8, 'Sit animi quibusdam et delectus.', 'Libero ut et asperiores et accusamus eos iure. Illum quo tempore tenetur. Possimus tempore quasi provident vitae.', 10, 10, 3, 7, 6, '7.200000', 0, 1, NULL, NULL, 0, '2018-12-14 14:57:05', '2018-12-14 14:57:05', 0, 0, '2018-12-14 17:57:05', 0, 1, '2019-06-14 08:51:49', 1, NULL),
(26, 3, 9, 'Sit sint et iusto quisquam.', 'Blanditiis vitae rem sint magnam est ut rerum. Eum sit in incidunt atque explicabo veniam voluptatem. Optio exercitationem consequuntur sunt. Provident distinctio tempora unde veniam.', 5, 6, 6, 9, 8, '6.800000', 0, 1, NULL, NULL, 0, '2018-12-14 14:57:05', '2018-12-14 14:57:05', 0, 0, '2018-12-14 17:57:05', 0, 1, '2019-06-14 08:51:49', 1, NULL),
(27, 5, 9, 'Aut sit officiis sed consectetur rerum excepturi.', 'Velit eum rerum aut dolores. Illum optio voluptates quis ut iste enim quae assumenda. Totam blanditiis suscipit sunt labore ad voluptatem. Tempore quam voluptatum qui id dolores et.', 8, 3, 4, 0, 8, '4.600000', 0, 0, NULL, NULL, 0, '2018-12-14 14:57:05', '2018-12-14 14:57:05', 0, 0, '2018-12-14 17:57:05', 0, 1, '2019-06-14 08:51:49', 1, NULL),
(28, 3, 10, 'Sint ut et placeat.', 'Quaerat aliquam molestias ullam culpa. Autem tempora et labore dignissimos eos et dicta. Consequatur iusto et sed veniam omnis.', 5, 10, 5, 10, 4, '6.800000', 0, 0, NULL, NULL, 0, '2018-12-14 14:57:05', '2018-12-14 14:57:05', 0, 0, '2018-12-14 17:57:05', 0, 1, '2019-06-14 08:51:49', 1, NULL),
(29, 8, 10, 'Labore et quae et et.', 'Quis sit deleniti consequatur atque ratione illo sit alias. Dicta labore dolorem omnis qui. Qui aspernatur quas quos impedit aspernatur ipsum adipisci. Ut officiis rerum officia deserunt quia alias.', 8, 7, 1, 2, 9, '5.400000', 9, 1, NULL, NULL, 0, '2018-12-14 14:57:05', '2018-12-14 14:57:09', 0, 0, '2018-12-14 17:57:05', 0, 1, '2019-06-14 08:51:49', 1, NULL),
(30, 9, 10, 'Ut maxime eum ullam id.', 'Quos fugiat placeat debitis. Fuga maxime nisi cupiditate beatae consectetur. Tempore quia explicabo aut et dignissimos consequatur. Itaque repudiandae et quo laboriosam.', 4, 2, 10, 0, 4, '4.000000', 0, 0, NULL, NULL, 0, '2018-12-14 14:57:05', '2018-12-14 14:57:05', 0, 0, '2018-12-14 17:57:05', 0, 1, '2019-06-14 08:51:49', 1, NULL),
(31, 6, 11, 'Velit error doloribus eius facere recusandae sed labore.', 'Est delectus sit quia molestiae ut minus aut. Rerum necessitatibus possimus ducimus illum fuga. Beatae officia natus dicta sint. Iusto quibusdam dolores consequatur eum quasi ea.', 4, 10, 2, 9, 8, '6.600000', 0, 1, NULL, NULL, 0, '2018-12-14 14:57:05', '2018-12-14 14:57:05', 0, 0, '2018-12-14 17:57:05', 0, 1, '2019-06-14 08:51:49', 1, NULL),
(32, 8, 12, 'Molestiae dolores rem sed dolor.', 'Sit voluptatum nesciunt explicabo impedit libero. Praesentium debitis sint praesentium nulla facilis pariatur amet.', 2, 8, 5, 2, 7, '4.800000', 0, 1, NULL, NULL, 0, '2018-12-14 14:57:05', '2018-12-14 14:57:05', 0, 0, '2018-12-14 17:57:05', 0, 1, '2019-06-14 08:51:49', 1, NULL),
(33, 9, 12, 'Saepe doloremque.', 'Debitis nihil qui rerum praesentium eius. Vitae dolor explicabo officiis atque. Qui deserunt sapiente doloribus autem et neque et. Harum omnis cupiditate dolor neque.', 8, 6, 8, 6, 3, '6.200000', 0, 1, NULL, NULL, 0, '2018-12-14 14:57:05', '2018-12-14 14:57:05', 0, 0, '2018-12-14 17:57:05', 0, 1, '2019-06-14 08:51:49', 1, NULL),
(34, 10, 12, 'Est libero omnis sunt numquam.', 'Sit dignissimos qui consectetur mollitia. Voluptatem veniam est ipsam et quia quas et. Rerum hic doloremque maxime sint. Sunt modi assumenda ut ut.', 1, 7, 5, 6, 6, '5.000000', 0, 1, NULL, NULL, 0, '2018-12-14 14:57:05', '2018-12-14 14:57:05', 0, 0, '2018-12-14 17:57:05', 0, 1, '2019-06-14 08:51:49', 1, NULL),
(35, 7, 13, 'Quasi ut qui est.', 'In deleniti cum ut autem totam provident. Voluptatibus et iste modi sapiente magnam. Cumque aliquam sint autem et.', 6, 6, 9, 5, 0, '5.200000', 0, 1, NULL, NULL, 0, '2018-12-14 14:57:05', '2018-12-14 14:57:05', 0, 0, '2018-12-14 17:57:05', 0, 1, '2019-06-14 08:51:49', 1, NULL),
(36, 8, 13, 'Hic cupiditate voluptatem cupiditate temporibus explicabo.', 'Sit asperiores aut vel quisquam minima. Ut repellat accusantium et assumenda ut in qui unde. Itaque asperiores est sed.', 2, 9, 2, 4, 6, '4.600000', 0, 1, NULL, NULL, 0, '2018-12-14 14:57:05', '2018-12-14 14:57:05', 0, 0, '2018-12-14 17:57:05', 0, 1, '2019-06-14 08:51:49', 1, NULL),
(37, 10, 13, 'Autem laudantium suscipit quo et aliquam nostrum quo.', 'Vero ea odio voluptas est incidunt doloribus. Iste vitae delectus quaerat qui dolor officiis tempore. Voluptatem cum sequi exercitationem tempore nihil optio.', 4, 10, 8, 7, 0, '5.800000', 0, 0, NULL, NULL, 0, '2018-12-14 14:57:05', '2018-12-14 14:57:05', 0, 0, '2018-12-14 17:57:05', 0, 1, '2019-06-14 08:51:49', 1, NULL),
(38, 2, 14, 'Neque quae incidunt et qui enim sequi sed.', 'Voluptas id accusantium est ipsam deserunt nobis iusto. Beatae sed a dolor sint omnis dolor omnis. Provident quas sed nemo molestiae nobis. Quaerat quidem officiis pariatur similique.', 3, 9, 8, 7, 8, '7.000000', 0, 1, NULL, NULL, 0, '2018-12-14 14:57:05', '2018-12-14 14:57:05', 0, 0, '2018-12-14 17:57:05', 0, 1, '2019-06-14 08:51:49', 1, NULL),
(39, 3, 14, 'Veniam vero nobis porro et sed voluptas eos minima.', 'Explicabo qui deserunt natus quo officiis iste accusamus accusamus. Magni est eligendi fuga officia ipsa. Enim esse illum corporis adipisci harum. Deserunt maiores est repellat ducimus.', 0, 8, 2, 7, 10, '5.400000', 0, 1, NULL, NULL, 0, '2018-12-14 14:57:05', '2018-12-14 14:57:05', 0, 0, '2018-12-14 17:57:05', 0, 1, '2019-06-14 08:51:49', 1, NULL),
(40, 8, 14, 'Tempora atque amet aspernatur debitis facere.', 'Itaque ducimus sint aspernatur suscipit earum delectus minima. Aspernatur et quaerat corrupti aspernatur dolor laboriosam laboriosam optio. Ab eos voluptas ut sit ex ad.', 3, 6, 3, 7, 10, '5.800000', 0, 0, NULL, NULL, 0, '2018-12-14 14:57:05', '2018-12-14 14:57:05', 0, 0, '2018-12-14 17:57:05', 0, 1, '2019-06-14 08:51:49', 1, NULL),
(41, 9, 14, 'Alias rerum et repudiandae sapiente est voluptate. Alias velit et culpa.', 'Cupiditate sunt itaque et sit. Amet culpa similique repellat quis. Velit rerum delectus quos quis.', 4, 0, 8, 7, 8, '5.400000', 0, 0, NULL, NULL, 0, '2018-12-14 14:57:05', '2018-12-14 14:57:05', 0, 0, '2018-12-14 17:57:05', 0, 1, '2019-06-14 08:51:49', 1, NULL),
(42, 1, 15, 'A et omnis sint commodi.', 'Maiores sequi eligendi quisquam. Incidunt consequatur amet tempore enim doloribus ea. Eaque nemo sit quae consectetur sit id. Quo repellendus ipsum eos dolores cum.', 0, 10, 4, 6, 3, '4.600000', 0, 0, NULL, NULL, 0, '2018-12-14 14:57:05', '2018-12-14 14:57:05', 0, 0, '2018-12-14 17:57:05', 0, 1, '2019-06-14 08:51:49', 1, NULL),
(43, 3, 15, 'Unde voluptatibus qui inventore dolor corporis reiciendis.', 'Culpa maiores nihil eligendi mollitia. Sed sequi ut ad debitis sapiente nihil voluptatem nulla. Ab quis est molestias ad ipsam doloribus.', 1, 1, 3, 2, 6, '2.600000', 0, 1, NULL, NULL, 0, '2018-12-14 14:57:05', '2018-12-14 14:57:05', 0, 0, '2018-12-14 17:57:05', 0, 1, '2019-06-14 08:51:49', 1, NULL),
(44, 5, 15, 'Sequi est ipsum est libero quo.', 'Enim magnam rerum natus voluptatibus dignissimos nam et. Veritatis ea soluta libero saepe. Et nemo reprehenderit voluptatem quasi eos. Atque est necessitatibus fugiat ducimus.', 9, 3, 2, 8, 10, '6.400000', 0, 0, NULL, NULL, 0, '2018-12-14 14:57:05', '2018-12-14 14:57:05', 0, 0, '2018-12-14 17:57:05', 0, 1, '2019-06-14 08:51:49', 1, NULL),
(45, 9, 15, 'Sit voluptates a vel ut autem.', 'Alias minus dignissimos quia natus ut rem doloribus. Consequuntur magnam nesciunt minima voluptatem id ea recusandae. Repellat voluptas quisquam ut consectetur ea.', 4, 9, 2, 10, 9, '6.800000', 0, 1, NULL, NULL, 0, '2018-12-14 14:57:05', '2018-12-14 14:57:05', 0, 0, '2018-12-14 17:57:05', 0, 1, '2019-06-14 08:51:49', 1, NULL),
(46, 5, 16, 'Facere harum.', 'Quis id pariatur ipsum accusamus quia voluptas. Sint a officiis molestias fugit vero. Ea animi rem vel cupiditate culpa ipsam perspiciatis. Reiciendis occaecati voluptas totam iusto saepe qui.', 5, 7, 2, 6, 1, '4.200000', 0, 1, NULL, NULL, 0, '2018-12-14 14:57:05', '2018-12-14 14:57:05', 0, 0, '2018-12-14 17:57:05', 0, 1, '2019-06-14 08:51:49', 1, NULL),
(47, 11, 16, 'Delectus officiis accusantium suscipit. Sint suscipit unde nihil.', 'Aut non inventore qui mollitia officia pariatur veniam. Blanditiis velit deleniti voluptatem qui. Voluptatum nihil eius sapiente nesciunt corrupti voluptatibus culpa.', 0, 7, 3, 7, 9, '5.200000', 0, 0, NULL, NULL, 0, '2018-12-14 14:57:05', '2018-12-14 14:57:05', 0, 0, '2018-12-14 17:57:05', 0, 1, '2019-06-14 08:51:49', 1, NULL),
(48, 1, 17, 'Nam sed vero saepe.', 'Odit voluptas nihil aut cumque. Expedita dolores unde ut delectus nobis qui. Recusandae dolor sit ea quae.', 2, 2, 4, 4, 1, '2.600000', 0, 0, NULL, NULL, 0, '2018-12-14 14:57:05', '2018-12-14 14:57:05', 0, 0, '2018-12-14 17:57:05', 0, 1, '2019-06-14 08:51:49', 1, NULL),
(49, 4, 17, 'Pariatur voluptatem sit unde.', 'Autem nam dicta deserunt deleniti laboriosam error. Id a voluptas ut libero voluptatem. Quisquam molestiae inventore optio qui accusantium molestiae.', 10, 9, 8, 3, 2, '6.400000', 0, 0, NULL, NULL, 0, '2018-12-14 14:57:05', '2018-12-14 14:57:05', 0, 0, '2018-12-14 17:57:05', 0, 1, '2019-06-14 08:51:49', 1, NULL),
(50, 10, 17, 'Quia dolorem molestiae reiciendis eum.', 'Ab nisi deserunt atque. Aut magnam eveniet laboriosam nihil. Alias debitis consequatur sit. Consequatur est velit eum architecto. Adipisci ullam iste nesciunt quia. Voluptas est sint et odit.', 10, 2, 5, 0, 3, '4.000000', 0, 0, NULL, NULL, 0, '2018-12-14 14:57:05', '2018-12-14 14:57:05', 0, 0, '2018-12-14 17:57:05', 0, 1, '2019-06-14 08:51:49', 1, NULL),
(51, 1, 19, 'Dolor earum porro rerum.', 'Eaque at quia veniam corporis. Quasi illum doloribus ab voluptatibus facilis error et. Rem exercitationem labore voluptas fuga sunt enim veniam. Non molestiae non eaque facilis quis ut suscipit vel.', 3, 7, 3, 4, 2, '3.800000', 0, 0, NULL, NULL, 0, '2018-12-14 14:57:05', '2018-12-14 14:57:05', 0, 0, '2018-12-14 17:57:05', 0, 1, '2019-06-14 08:51:49', 1, NULL),
(52, 2, 19, 'Et rerum magnam optio dolore.', 'Tenetur distinctio minus quo mollitia architecto. Libero eum et ex nesciunt ea corporis expedita dolores. Natus quo doloribus tempora vitae nulla.', 0, 6, 2, 2, 1, '2.200000', 0, 0, NULL, NULL, 0, '2018-12-14 14:57:06', '2018-12-14 14:57:06', 0, 0, '2018-12-14 17:57:06', 0, 1, '2019-06-14 08:51:49', 1, NULL),
(53, 3, 19, 'Eaque eum eligendi suscipit rerum laboriosam fuga.', 'Iure ut voluptatem cum. Distinctio iusto tempora culpa. Voluptate amet quae quod reprehenderit.', 2, 0, 2, 5, 5, '2.800000', 0, 0, NULL, NULL, 0, '2018-12-14 14:57:06', '2018-12-14 14:57:06', 0, 0, '2018-12-14 17:57:06', 0, 1, '2019-06-14 08:51:49', 1, NULL),
(54, 2, 20, 'Dolor suscipit dolor.', 'Illo beatae inventore quisquam facere. Sunt est aspernatur recusandae ea dolores aut tempore. Et ut facilis rerum voluptatem maxime facere.', 2, 3, 10, 8, 2, '5.000000', 9, 1, NULL, NULL, 0, '2018-12-14 14:57:06', '2018-12-14 14:57:09', 0, 0, '2018-12-14 17:57:06', 0, 1, '2019-06-14 08:51:49', 1, NULL),
(55, 11, 20, 'Magni facere qui sed neque provident nesciunt qui.', 'Quis odio quia dolorem quisquam aliquam voluptate et. Eligendi iste voluptas placeat sunt hic. Eum hic id culpa ut.', 3, 6, 7, 3, 0, '3.800000', 9, 1, NULL, NULL, 2, '2018-12-14 14:57:06', '2019-07-19 09:52:13', 0, 0, '2018-12-14 17:57:06', 0, 1, '2019-06-14 08:51:49', 1, NULL),
(56, 10, 21, 'Assumenda ullam optio voluptatum est dolor qui. Ut nihil magnam et et et ut.', 'Temporibus explicabo unde in aspernatur. In est sit explicabo. Voluptatem nemo qui magni praesentium sed ut.', 4, 9, 2, 7, 7, '5.800000', 0, 1, NULL, NULL, 0, '2018-12-14 14:57:06', '2018-12-14 14:57:06', 0, 0, '2018-12-14 17:57:06', 0, 1, '2019-06-14 08:51:49', 1, NULL),
(57, 1, 22, 'Et vel ut delectus error. Alias quia dolorum ut aliquid unde.', 'Ut excepturi natus non in. Vitae blanditiis aliquam beatae ratione sit sit. Minima corporis odit nisi fugiat provident animi. Distinctio delectus aut itaque iste quo ut.', 1, 6, 2, 4, 3, '3.200000', 0, 1, NULL, NULL, 0, '2018-12-14 14:57:06', '2018-12-14 14:57:06', 0, 0, '2018-12-14 17:57:06', 0, 1, '2019-06-14 08:51:49', 1, NULL),
(58, 3, 22, 'In quia delectus eius repellat ut molestiae.', 'Nisi voluptates blanditiis distinctio esse. Reprehenderit optio iusto non quia quis sint. Ullam expedita incidunt dolorum veritatis quis.', 8, 0, 1, 0, 8, '3.400000', 0, 0, NULL, NULL, 0, '2018-12-14 14:57:06', '2018-12-14 14:57:06', 0, 0, '2018-12-14 17:57:06', 0, 1, '2019-06-14 08:51:49', 1, NULL),
(59, 4, 23, 'Tempora enim atque consequatur rem alias rerum nesciunt aspernatur.', 'Explicabo dolores adipisci qui vero suscipit ab. Est eveniet amet in labore. Illo omnis eligendi est sint beatae.', 2, 0, 0, 4, 6, '2.400000', 0, 1, NULL, NULL, 0, '2018-12-14 14:57:06', '2018-12-14 14:57:06', 0, 0, '2018-12-14 17:57:06', 0, 1, '2019-06-14 08:51:49', 1, NULL),
(60, 5, 23, 'Quis sint doloremque magni natus.', 'Inventore corporis consequatur debitis voluptatem ea. Minus vel saepe suscipit incidunt. Repudiandae sint consectetur repellat architecto dolorem dolores vero.', 5, 3, 1, 8, 8, '5.000000', 0, 0, NULL, NULL, 0, '2018-12-14 14:57:06', '2018-12-14 14:57:06', 0, 0, '2018-12-14 17:57:06', 0, 1, '2019-06-14 08:51:49', 1, NULL),
(61, 6, 23, 'Architecto reprehenderit enim neque.', 'Nulla quo accusantium natus deleniti officiis. Error voluptates est et deleniti accusantium similique quae. Officiis consequatur delectus ut ipsum. Numquam sapiente sapiente nostrum fugiat laborum.', 7, 0, 2, 3, 7, '3.800000', 0, 1, NULL, NULL, 0, '2018-12-14 14:57:06', '2018-12-14 14:57:06', 0, 0, '2018-12-14 17:57:06', 0, 1, '2019-06-14 08:51:49', 1, NULL),
(62, 7, 23, 'Nobis sunt eveniet sapiente.', 'Dolor quaerat modi quibusdam dicta. Repellat consequatur rem ad rem consequatur fugit eius voluptate. Laboriosam molestiae maxime reprehenderit. Aut omnis eius saepe aliquam harum.', 0, 9, 6, 7, 7, '5.800000', 0, 1, NULL, NULL, 0, '2018-12-14 14:57:06', '2018-12-14 14:57:06', 0, 0, '2018-12-14 17:57:06', 0, 1, '2019-06-14 08:51:49', 1, NULL),
(63, 11, 23, 'Amet quos dolor non.', 'Voluptatem animi quo ad voluptatem. Magni amet perferendis corrupti laboriosam et illum. Magni quia eos vel iste pariatur omnis expedita. Alias sed nobis sed ut.', 7, 2, 10, 1, 7, '5.400000', 0, 1, NULL, NULL, 0, '2018-12-14 14:57:06', '2018-12-14 14:57:06', 0, 0, '2018-12-14 17:57:06', 0, 1, '2019-06-14 08:51:49', 1, NULL),
(64, 3, 24, 'Nulla ab minus odio molestias omnis modi assumenda.', 'Quam accusantium veniam neque velit excepturi. Quas quae nisi error quisquam. Ut facere voluptatum aliquid tempora ut. Tenetur maiores sint veniam eligendi eveniet tempora.', 0, 6, 8, 1, 10, '5.000000', 0, 0, NULL, NULL, 0, '2018-12-14 14:57:06', '2018-12-14 14:57:06', 0, 0, '2018-12-14 17:57:06', 0, 1, '2019-06-14 08:51:49', 1, NULL),
(65, 7, 24, 'Vitae debitis nostrum officia.', 'Accusamus inventore fugit sint. Nemo est quo dolorem sequi praesentium reprehenderit vitae provident. Veniam odio sapiente sapiente incidunt accusamus praesentium vel.', 2, 3, 9, 6, 6, '5.200000', 0, 0, NULL, NULL, 0, '2018-12-14 14:57:06', '2018-12-14 14:57:06', 0, 0, '2018-12-14 17:57:06', 0, 1, '2019-06-14 08:51:49', 1, NULL),
(66, 9, 24, 'Ex eum voluptas animi.', 'Quis doloremque sint et corrupti molestiae optio nihil. Aliquid at amet est et debitis a eligendi. Saepe iusto commodi voluptatum expedita modi.', 3, 3, 0, 4, 6, '3.200000', 0, 0, NULL, NULL, 0, '2018-12-14 14:57:06', '2018-12-14 14:57:06', 0, 0, '2018-12-14 17:57:06', 0, 1, '2019-06-14 08:51:49', 1, NULL),
(67, 11, 24, 'Sunt numquam cupiditate ratione ipsam.', 'Aut placeat blanditiis reiciendis officia cum nostrum fugit. Accusamus excepturi ea sit rem enim. Qui nihil tempora et quam aliquam perspiciatis. Qui dolorum molestiae cum consectetur eum odit.', 7, 3, 2, 7, 8, '5.400000', 0, 0, NULL, NULL, 0, '2018-12-14 14:57:06', '2018-12-14 14:57:06', 0, 0, '2018-12-14 17:57:06', 0, 1, '2019-06-14 08:51:49', 1, NULL),
(68, 2, 25, 'Dolorem omnis tempora temporibus minima.', 'Voluptas perferendis et consequuntur vero labore vel. Odio odit aut dolorum. Earum facilis aut sint ducimus aut culpa sunt. Architecto explicabo tempore adipisci optio.', 8, 0, 9, 5, 8, '6.000000', 0, 0, NULL, NULL, 0, '2018-12-14 14:57:06', '2018-12-14 14:57:06', 0, 0, '2018-12-14 17:57:06', 0, 1, '2019-06-14 08:51:49', 1, NULL),
(69, 5, 25, 'Qui repellat tenetur perspiciatis. Voluptas eligendi itaque pariatur.', 'Consequatur id omnis et ab tempore voluptatem suscipit laudantium. Non distinctio deserunt delectus quia iure est ullam et. Dolorem iusto voluptatem molestiae aut nam et fugiat.', 7, 2, 6, 2, 8, '5.000000', 0, 1, NULL, NULL, 0, '2018-12-14 14:57:06', '2018-12-14 14:57:06', 0, 0, '2018-12-14 17:57:06', 0, 1, '2019-06-14 08:51:49', 1, NULL),
(70, 6, 25, 'Sint dolore dolores.', 'Ipsam voluptas aperiam unde totam quis quia. Debitis sed voluptate enim quaerat odit fugiat totam. Exercitationem odio distinctio delectus neque alias et.', 9, 7, 3, 5, 6, '6.000000', 0, 1, NULL, NULL, 0, '2018-12-14 14:57:06', '2018-12-14 14:57:06', 0, 0, '2018-12-14 17:57:06', 0, 1, '2019-06-14 08:51:49', 1, NULL),
(71, 8, 25, 'Rerum aut quia enim.', 'Provident omnis dolor voluptatem modi. Repudiandae dolores iste quasi exercitationem ut non.', 9, 8, 8, 3, 9, '7.400000', 0, 0, NULL, NULL, 0, '2018-12-14 14:57:06', '2018-12-14 14:57:06', 0, 0, '2018-12-14 17:57:06', 0, 1, '2019-06-14 08:51:49', 1, NULL),
(72, 10, 25, 'Voluptas porro quia ex fugiat repellendus.', 'Et numquam impedit qui in labore. Non molestias numquam et. Et fuga voluptatem aut natus.', 0, 9, 4, 9, 5, '5.400000', 0, 0, NULL, NULL, 0, '2018-12-14 14:57:06', '2018-12-14 14:57:06', 0, 0, '2018-12-14 17:57:06', 0, 1, '2019-06-14 08:51:49', 1, NULL),
(73, 4, 26, 'Quia quae temporibus et.', 'Minima qui qui voluptates et eveniet. Ad sunt corrupti quisquam eius et totam. Voluptas incidunt autem ipsum quis. Ut possimus placeat iste perferendis iste.', 6, 4, 1, 10, 5, '5.200000', 0, 1, NULL, NULL, 0, '2018-12-14 14:57:06', '2018-12-14 14:57:06', 0, 0, '2018-12-14 17:57:06', 0, 1, '2019-06-14 08:51:49', 1, NULL),
(74, 6, 26, 'Autem non aliquam sunt quo.', 'Ea quia cupiditate et non illum omnis expedita. Ducimus perspiciatis unde reprehenderit ut quo. Aut alias dolore molestiae voluptatibus repellendus in qui.', 9, 9, 10, 7, 6, '8.200000', 0, 1, NULL, NULL, 0, '2018-12-14 14:57:06', '2018-12-14 14:57:06', 0, 0, '2018-12-14 17:57:06', 0, 1, '2019-06-14 08:51:49', 1, NULL),
(75, 8, 26, 'Reprehenderit vitae et ipsam.', 'Minima nemo quam distinctio temporibus deserunt soluta. Maiores sequi ullam aut minus debitis. Quia id porro deleniti provident non ea. Omnis quibusdam sed qui sit maiores illum.', 6, 5, 0, 7, 1, '3.800000', 0, 0, NULL, NULL, 0, '2018-12-14 14:57:06', '2018-12-14 14:57:06', 0, 0, '2018-12-14 17:57:06', 0, 1, '2019-06-14 08:51:49', 1, NULL),
(76, 5, 27, 'Ex at labore suscipit reprehenderit sint sunt.', 'Sequi rerum consequatur cupiditate facilis doloremque rem sit. Quo veniam non ut nihil modi et veniam. Veritatis atque et dolores sunt quis consectetur cupiditate.', 3, 1, 10, 8, 1, '4.600000', 0, 1, NULL, NULL, 0, '2018-12-14 14:57:06', '2018-12-14 14:57:06', 0, 0, '2018-12-14 17:57:06', 0, 1, '2019-06-14 08:51:49', 1, NULL),
(77, 6, 27, 'Non ab et illo quibusdam.', 'Illum nobis odit cumque. Beatae et error sed consequuntur. Odit et atque et adipisci rerum et assumenda neque. Et maiores et suscipit tempora minus veritatis et.', 10, 10, 0, 1, 6, '5.400000', 0, 1, NULL, NULL, 0, '2018-12-14 14:57:06', '2018-12-14 14:57:06', 0, 0, '2018-12-14 17:57:06', 0, 1, '2019-06-14 08:51:49', 1, NULL),
(78, 10, 27, 'Tempora asperiores.', 'Est et facilis molestias harum qui. Sint qui sed nemo aut assumenda ipsam sit. Cumque dicta sit culpa rem nihil excepturi. Accusantium omnis aut alias aliquid et porro.', 10, 1, 0, 8, 4, '4.600000', 0, 0, NULL, NULL, 0, '2018-12-14 14:57:06', '2018-12-14 14:57:06', 0, 0, '2018-12-14 17:57:06', 0, 1, '2019-06-14 08:51:49', 1, NULL),
(79, 6, 28, 'Atque deserunt rerum vero expedita aut hic ratione.', 'Non nobis dicta et error ut. Itaque est dicta vel dicta. Natus sed dolorem officia eum sed consequatur. Odio occaecati est sed incidunt.', 5, 5, 3, 6, 4, '4.600000', 0, 1, NULL, NULL, 0, '2018-12-14 14:57:06', '2018-12-14 14:57:06', 0, 0, '2018-12-14 17:57:06', 0, 1, '2019-06-14 08:51:49', 1, NULL),
(80, 7, 28, 'Quo qui dicta nemo eum.', 'Nihil ut accusantium quis et ipsa. Ipsum dolorem officia sit reiciendis. Delectus laborum voluptatibus laboriosam asperiores autem.', 4, 8, 6, 5, 7, '6.000000', 0, 1, NULL, NULL, 0, '2018-12-14 14:57:06', '2018-12-14 14:57:06', 0, 0, '2018-12-14 17:57:06', 0, 1, '2019-06-14 08:51:49', 1, NULL),
(81, 10, 28, 'Omnis aut quae dolorum magni aut.', 'Occaecati neque quisquam aut dignissimos vitae libero officia. Voluptas quaerat similique consequatur et aut. Aut quam nisi et vel voluptates.', 3, 7, 5, 9, 9, '6.600000', 0, 0, NULL, NULL, 0, '2018-12-14 14:57:06', '2018-12-14 14:57:06', 0, 0, '2018-12-14 17:57:06', 0, 1, '2019-06-14 08:51:49', 1, NULL),
(82, 3, 29, 'Blanditiis voluptas voluptatem eum ut.', 'Labore alias omnis corrupti soluta. Aut hic dolores temporibus labore quidem aut. Adipisci rerum error maiores rerum quo aut. Minus explicabo dicta cum libero consequatur quas et.', 0, 3, 1, 5, 3, '2.400000', 0, 1, NULL, NULL, 0, '2018-12-14 14:57:06', '2018-12-14 14:57:06', 0, 0, '2018-12-14 17:57:06', 0, 1, '2019-06-14 08:51:49', 1, NULL),
(83, 4, 29, 'Aut aspernatur mollitia dolorem.', 'Sed hic eaque et velit. Laboriosam corrupti consequuntur sunt cumque quia quo quod. Aut voluptatem nihil quibusdam illo doloremque soluta.', 4, 4, 4, 1, 9, '4.400000', 0, 1, NULL, NULL, 0, '2018-12-14 14:57:06', '2018-12-14 14:57:06', 0, 0, '2018-12-14 17:57:06', 0, 1, '2019-06-14 08:51:49', 1, NULL),
(84, 5, 29, 'Rerum et delectus.', 'Corrupti magnam ut ut quas exercitationem. Sit provident voluptatum quia. Vero ut similique similique voluptas iusto fugiat est. Omnis mollitia velit sed quod.', 9, 4, 1, 1, 6, '4.200000', 0, 1, NULL, NULL, 0, '2018-12-14 14:57:06', '2018-12-14 14:57:06', 0, 0, '2018-12-14 17:57:06', 0, 1, '2019-06-14 08:51:49', 1, NULL),
(85, 8, 29, 'Praesentium molestias ut ea earum perspiciatis.', 'Sunt ipsa deserunt voluptatum doloribus aut voluptatum fuga. Dolorem est molestias vel porro minus culpa. Ut ea recusandae adipisci sequi sequi odit reiciendis.', 4, 7, 0, 9, 6, '5.200000', 0, 0, NULL, NULL, 0, '2018-12-14 14:57:07', '2018-12-14 14:57:07', 0, 0, '2018-12-14 17:57:07', 0, 1, '2019-06-14 08:51:49', 1, NULL),
(86, 9, 29, 'Omnis quis dolor in dolor dolor.', 'At ducimus consectetur aut deserunt nisi. Illo et aspernatur quos rem odio fugiat. Repudiandae accusantium consequuntur mollitia quas.', 6, 10, 0, 4, 2, '4.400000', 0, 1, NULL, NULL, 0, '2018-12-14 14:57:07', '2018-12-14 14:57:07', 0, 0, '2018-12-14 17:57:07', 0, 1, '2019-06-14 08:51:49', 1, NULL),
(87, 11, 29, 'Vero eveniet nisi quia fuga qui nam.', 'Quos autem ea tempora repellat. Fugiat ut dolore labore et. Dignissimos ipsum consequuntur id consequuntur.', 9, 1, 7, 9, 2, '5.600000', 0, 0, NULL, NULL, 0, '2018-12-14 14:57:07', '2018-12-14 14:57:07', 0, 0, '2018-12-14 17:57:07', 0, 1, '2019-06-14 08:51:49', 1, NULL),
(88, 4, 30, 'Ipsam animi qui alias cumque.', 'Doloribus doloremque voluptates ex animi. Officia aspernatur quaerat ipsum ut aspernatur qui eum. Ipsa earum earum cum molestias possimus ea nam. Corrupti aut eos deserunt laboriosam maiores.', 7, 6, 6, 9, 4, '6.400000', 0, 1, NULL, NULL, 0, '2018-12-14 14:57:07', '2018-12-14 14:57:07', 0, 0, '2018-12-14 17:57:07', 0, 1, '2019-06-14 08:51:49', 1, NULL),
(89, 6, 30, 'Laborum et voluptatibus facere. Perferendis iste velit cupiditate et itaque.', 'Sed aut nostrum laudantium quia distinctio. Sed corporis sint qui voluptatem sint ea est. Accusamus laudantium nihil molestias voluptatibus nam. Modi voluptates molestias eveniet ipsam ut aut dolor.', 7, 10, 4, 10, 7, '7.600000', 0, 0, NULL, NULL, 0, '2018-12-14 14:57:07', '2018-12-14 14:57:07', 0, 0, '2018-12-14 17:57:07', 0, 1, '2019-06-14 08:51:49', 1, NULL),
(90, 7, 30, 'Modi in enim qui aliquam dolorum repudiandae impedit.', 'Atque eum recusandae et ipsum quisquam. Voluptatem velit cumque sed qui et.', 6, 7, 3, 10, 1, '5.400000', 0, 0, NULL, NULL, 0, '2018-12-14 14:57:07', '2018-12-14 14:57:07', 0, 0, '2018-12-14 17:57:07', 0, 1, '2019-06-14 08:51:49', 1, NULL),
(91, 8, 30, 'Earum iste corporis quia architecto.', 'Hic culpa ut ipsam vel. Voluptatem nihil quidem quidem a ratione nihil alias illum. Quod eius tenetur ea provident vel et ab. Doloribus quia aspernatur aut mollitia.', 2, 9, 8, 9, 3, '6.200000', 0, 0, NULL, NULL, 0, '2018-12-14 14:57:07', '2018-12-14 14:57:07', 0, 0, '2018-12-14 17:57:07', 0, 1, '2019-06-14 08:51:49', 1, NULL),
(92, 9, 30, 'Corporis sed nulla assumenda. In enim voluptatem incidunt.', 'Non mollitia soluta facilis maxime rerum laudantium. Tenetur et sequi quo deleniti reiciendis. Vel itaque sequi aut. Pariatur cum quos aut consequatur iusto accusamus. Vitae rem ullam nesciunt et.', 8, 10, 8, 1, 8, '7.000000', 0, 1, NULL, NULL, 0, '2018-12-14 14:57:07', '2018-12-14 14:57:07', 0, 0, '2018-12-14 17:57:07', 0, 1, '2019-06-14 08:51:49', 1, NULL),
(93, 11, 30, 'Perspiciatis sit repellat aut. Pariatur architecto illo recusandae et aperiam impedit.', 'Tenetur temporibus aliquam at ut. Qui ab excepturi culpa mollitia cupiditate placeat debitis. Aut magnam consequuntur quae expedita atque occaecati.', 8, 1, 9, 1, 2, '4.200000', 0, 0, NULL, NULL, 0, '2018-12-14 14:57:07', '2018-12-14 14:57:07', 0, 0, '2018-12-14 17:57:07', 0, 1, '2019-06-14 08:51:49', 1, NULL),
(94, 3, 31, 'Nobis porro id modi.', 'Repellat eius cupiditate omnis quia magnam ut. Rem porro libero ipsum quam pariatur incidunt doloribus. Illo laudantium similique distinctio sit.', 5, 7, 1, 8, 9, '6.000000', 0, 1, NULL, NULL, 0, '2018-12-14 14:57:07', '2018-12-14 14:57:07', 0, 0, '2018-12-14 17:57:07', 0, 1, '2019-06-14 08:51:49', 1, NULL),
(95, 4, 31, 'Voluptas iusto voluptatem explicabo et sequi.', 'Illum enim quo libero molestias. Suscipit voluptas rem nesciunt similique. Veniam odio mollitia soluta cum odio placeat. Nobis quia assumenda ut culpa.', 10, 9, 4, 3, 5, '6.200000', 0, 0, NULL, NULL, 0, '2018-12-14 14:57:07', '2018-12-14 14:57:07', 0, 0, '2018-12-14 17:57:07', 0, 1, '2019-06-14 08:51:49', 1, NULL),
(96, 5, 31, 'Veniam consectetur vel eos facilis soluta id.', 'Ipsa incidunt corrupti a ea. Tenetur consequuntur et totam omnis optio. Magni ipsam eum quod amet illo excepturi hic. Omnis esse cumque dolorem pariatur et et.', 10, 8, 9, 0, 6, '6.600000', 0, 0, NULL, NULL, 0, '2018-12-14 14:57:07', '2018-12-14 14:57:07', 0, 0, '2018-12-14 17:57:07', 0, 1, '2019-06-14 08:51:49', 1, NULL),
(97, 8, 31, 'Ullam aut rerum aliquam et.', 'Consequuntur tempora ex exercitationem molestias quia ab. Ut quasi sapiente ad et similique. Consectetur harum molestiae eligendi a vel. Architecto quae in hic saepe laboriosam ipsa quam.', 6, 2, 10, 9, 8, '7.000000', 0, 0, NULL, NULL, 0, '2018-12-14 14:57:07', '2018-12-14 14:57:07', 0, 0, '2018-12-14 17:57:07', 0, 1, '2019-06-14 08:51:49', 1, NULL),
(98, 11, 31, 'Doloremque alias quo iusto omnis molestiae dolorum.', 'Expedita hic eos dignissimos fugiat. Ipsa voluptas nobis similique quam cum qui quod. Nihil dicta consequatur est in sunt at iste. Voluptatum culpa voluptatem sequi adipisci quo.', 5, 3, 3, 8, 9, '5.600000', 0, 0, NULL, NULL, 0, '2018-12-14 14:57:07', '2018-12-14 14:57:07', 0, 0, '2018-12-14 17:57:07', 0, 1, '2019-06-14 08:51:49', 1, NULL),
(99, 1, 32, 'Est aspernatur odit aperiam qui nulla id.', 'Non qui voluptas voluptas nisi eligendi et et. Asperiores est magnam recusandae voluptates aut iste. Nostrum similique ullam vel dolores minima placeat dolores iure.', 7, 1, 2, 1, 7, '3.600000', 0, 1, NULL, NULL, 0, '2018-12-14 14:57:07', '2018-12-14 14:57:07', 0, 0, '2018-12-14 17:57:07', 0, 1, '2019-06-14 08:51:49', 1, NULL),
(100, 3, 32, 'Quis eum beatae et nulla.', 'Ducimus repellat accusamus est quo quia. Molestiae laboriosam expedita aspernatur ut perferendis quisquam. Dignissimos labore aut aut nam aut.', 4, 7, 8, 8, 6, '6.600000', 0, 0, NULL, NULL, 0, '2018-12-14 14:57:07', '2018-12-14 14:57:07', 0, 0, '2018-12-14 17:57:07', 0, 1, '2019-06-14 08:51:49', 1, NULL),
(101, 4, 33, 'Ut et non nulla non iusto.', 'Et ratione est qui fugit dolorem. Quibusdam quas voluptatem quo sunt doloribus nemo consequuntur. Eveniet minus ab occaecati quibusdam voluptatum maiores. Id reiciendis dicta et iure eos et.', 6, 9, 8, 0, 3, '5.200000', 0, 1, NULL, NULL, 0, '2018-12-14 14:57:07', '2018-12-14 14:57:07', 0, 0, '2018-12-14 17:57:07', 0, 1, '2019-06-14 08:51:49', 1, NULL),
(102, 6, 33, 'Officiis cum tempore eum qui reiciendis cupiditate alias.', 'Suscipit dicta perferendis aut neque architecto fuga. Vero autem eveniet voluptatem cum laborum at eaque assumenda. Alias labore magni dolores maxime at sunt. Eligendi labore saepe unde est.', 8, 2, 2, 6, 10, '5.600000', 0, 0, NULL, NULL, 0, '2018-12-14 14:57:07', '2018-12-14 14:57:07', 0, 0, '2018-12-14 17:57:07', 0, 1, '2019-06-14 08:51:49', 1, NULL),
(103, 7, 34, 'Vel quibusdam ad impedit.', 'Iste sint suscipit reiciendis in. Ratione consectetur non vel et facere vero ad id. Nihil blanditiis maxime sed inventore perspiciatis incidunt.', 3, 6, 0, 10, 7, '5.200000', 0, 0, NULL, NULL, 6, '2018-12-14 14:57:07', '2018-12-14 14:57:10', 0, 0, '2018-12-14 17:57:07', 0, 1, '2019-06-14 08:51:49', 1, NULL),
(104, 1, 35, 'Repellendus vel qui sunt eos et.', 'Incidunt eveniet officiis ipsa architecto aut consequatur velit quia. Harum atque optio officia nobis accusantium occaecati. Quod assumenda non porro est sit ullam est.', 4, 0, 3, 3, 6, '3.200000', 0, 0, NULL, NULL, 0, '2018-12-14 14:57:07', '2018-12-14 14:57:07', 0, 0, '2018-12-14 17:57:07', 0, 1, '2019-06-14 08:51:49', 1, NULL),
(105, 3, 35, 'Vel alias neque eos quas aliquid esse.', 'Nulla quo iste libero voluptas error magnam illum. Labore molestias minima reiciendis maxime est dolor. Sunt nulla totam iure. Atque voluptatem esse explicabo ipsam delectus.', 9, 1, 0, 2, 9, '4.200000', 0, 1, NULL, NULL, 0, '2018-12-14 14:57:07', '2018-12-14 14:57:07', 0, 0, '2018-12-14 17:57:07', 0, 1, '2019-06-14 08:51:49', 1, NULL),
(106, 2, 36, 'Ipsum inventore et delectus minima explicabo.', 'Voluptas a laudantium vel quo. Maxime earum laudantium facilis ut et incidunt nisi. Est amet nulla quae molestias libero quae aspernatur. Aliquid distinctio voluptatibus voluptatem dolore.', 2, 1, 0, 3, 8, '2.800000', 0, 0, NULL, NULL, 0, '2018-12-14 14:57:07', '2018-12-14 14:57:07', 0, 0, '2018-12-14 17:57:07', 0, 1, '2019-06-14 08:51:49', 1, NULL),
(107, 4, 36, 'Et sunt officiis rerum. Quo placeat quo deleniti consequatur. Eaque ut necessitatibus sit qui.', 'Minima omnis amet aliquam eveniet. Iure maiores aut iure officia.', 4, 2, 10, 6, 1, '4.600000', 0, 1, NULL, NULL, 0, '2018-12-14 14:57:07', '2018-12-14 14:57:07', 0, 0, '2018-12-14 17:57:07', 0, 1, '2019-06-14 08:51:49', 1, NULL),
(108, 5, 36, 'Saepe sunt nostrum dolorem tempore.', 'Nesciunt ea quas maxime aliquid ad iste. Suscipit iusto ipsam expedita facilis. Animi neque quisquam animi atque.', 9, 0, 9, 5, 10, '6.600000', 0, 1, NULL, NULL, 0, '2018-12-14 14:57:07', '2018-12-14 14:57:07', 0, 0, '2018-12-14 17:57:07', 0, 1, '2019-06-14 08:51:49', 1, NULL),
(109, 6, 37, 'Animi earum velit a sunt at quo quas.', 'Quam qui ea quis est non deserunt libero. Nemo molestiae similique atque eveniet eos. Mollitia nam perferendis qui dolorum. Assumenda est qui ipsum earum.', 3, 0, 3, 5, 6, '3.400000', 0, 0, NULL, NULL, 0, '2018-12-14 14:57:07', '2018-12-14 14:57:07', 0, 0, '2018-12-14 17:57:07', 0, 1, '2019-06-14 08:51:49', 1, NULL),
(110, 7, 37, 'Nisi labore magnam ducimus est sit eum.', 'Quasi eum ipsum qui non incidunt. Quos ipsa voluptate vel nulla. Nihil pariatur hic qui voluptate pariatur a. In perferendis voluptates tempore autem explicabo.', 7, 10, 2, 1, 4, '4.800000', 0, 0, NULL, NULL, 0, '2018-12-14 14:57:07', '2018-12-14 14:57:07', 0, 0, '2018-12-14 17:57:07', 0, 1, '2019-06-14 08:51:49', 1, NULL),
(111, 8, 37, 'Laborum velit eveniet occaecati.', 'Quia sequi vitae rerum a deserunt. Id expedita molestiae quia. Nostrum ut excepturi voluptatum aperiam et culpa sit. Quis quae quia qui est explicabo est. Sint veritatis est sunt.', 2, 1, 1, 10, 3, '3.400000', 0, 0, NULL, NULL, 0, '2018-12-14 14:57:07', '2018-12-14 14:57:07', 0, 0, '2018-12-14 17:57:07', 0, 1, '2019-06-14 08:51:49', 1, NULL),
(112, 10, 38, 'Dolorum omnis sequi culpa.', 'Quasi beatae dolor quia ipsa error facere. Qui consequatur dolores quos quia. Qui perspiciatis dolorum fuga soluta provident dicta. Culpa quod et accusamus amet ut.', 0, 1, 9, 4, 1, '3.000000', 0, 0, NULL, NULL, 0, '2018-12-14 14:57:07', '2018-12-14 14:57:07', 0, 0, '2018-12-14 17:57:07', 0, 1, '2019-06-14 08:51:49', 1, NULL),
(113, 2, 39, 'Aut sunt placeat est est fugiat repellendus.', 'Aut recusandae consequatur voluptatem velit et ea. Tempore delectus sunt officia. Voluptas alias ea libero perferendis impedit aspernatur atque. In ut accusamus libero nostrum.', 4, 10, 2, 9, 8, '6.600000', 0, 1, NULL, NULL, 0, '2018-12-14 14:57:07', '2018-12-14 14:57:07', 0, 0, '2018-12-14 17:57:07', 0, 1, '2019-06-14 08:51:49', 1, NULL),
(114, 3, 39, 'Qui distinctio sint.', 'Autem saepe eos quidem molestiae soluta. Dolor quibusdam eaque delectus necessitatibus autem ut. Ut vitae labore consequatur ea non. Exercitationem est magni non commodi aperiam voluptatem nihil.', 3, 0, 4, 7, 8, '4.400000', 0, 0, NULL, NULL, 0, '2018-12-14 14:57:07', '2018-12-14 14:57:07', 0, 0, '2018-12-14 17:57:07', 0, 1, '2019-06-14 08:51:49', 1, NULL),
(115, 6, 39, 'Id autem ut sed quia.', 'Odio recusandae non porro quod. Nobis quam voluptates laboriosam assumenda nemo non iure. Et et eaque quisquam magnam consequatur dolore in.', 8, 8, 10, 4, 2, '6.400000', 0, 0, NULL, NULL, 0, '2018-12-14 14:57:07', '2018-12-14 14:57:07', 0, 0, '2018-12-14 17:57:07', 0, 1, '2019-06-14 08:51:49', 1, NULL),
(116, 11, 39, 'Non facere impedit dolorem aut.', 'Sed asperiores eaque quia ut ex eligendi. Ut nulla beatae et veritatis sed. Qui et ut sed quos. Officiis nesciunt quam dolores harum ab labore.', 0, 8, 4, 6, 4, '4.400000', 0, 0, NULL, NULL, 0, '2018-12-14 14:57:08', '2018-12-14 14:57:08', 0, 0, '2018-12-14 17:57:08', 0, 1, '2019-06-14 08:51:49', 1, NULL),
(117, 1, 40, 'Beatae facilis harum accusamus. Repellat ut soluta qui similique.', 'Et et delectus voluptate quos asperiores illo. Itaque qui repellat dolorem quos. Voluptate qui aperiam enim fugit ea qui.', 6, 9, 2, 7, 4, '5.600000', 0, 0, NULL, NULL, 0, '2018-12-14 14:57:08', '2019-01-04 15:24:06', 1, 1, '2018-12-14 17:57:08', 0, 1, '2019-06-14 08:51:49', 1, NULL),
(118, 2, 40, 'Maxime aut qui dolorem fugiat qui.', 'Et et repudiandae facilis voluptates. Nostrum perferendis impedit nesciunt voluptates eveniet. Voluptatem aut dicta sint minus iure ipsam ea.', 4, 8, 7, 1, 6, '5.200000', 0, 1, NULL, NULL, 0, '2018-12-14 14:57:08', '2018-12-14 14:57:08', 0, 0, '2018-12-14 17:57:08', 0, 1, '2019-06-14 08:51:49', 1, NULL),
(119, 11, 40, 'Qui suscipit et voluptate explicabo. Expedita aut vel fugiat id in.', 'Non aliquam quaerat est non. Hic culpa molestiae sunt qui sit enim possimus aut. Quas in consequatur facere sint adipisci. Voluptas quam est in maxime qui.', 8, 3, 7, 2, 7, '5.400000', 0, 1, NULL, NULL, 0, '2018-12-14 14:57:08', '2018-12-14 14:57:08', 0, 0, '2018-12-14 17:57:08', 0, 1, '2019-06-14 08:51:49', 1, NULL),
(120, 5, 41, 'Voluptas accusantium.', 'Quia est laborum ut et expedita. Dolores distinctio in blanditiis. Distinctio alias sit et. Mollitia tempore dolore odio.', 9, 3, 0, 5, 10, '5.400000', 0, 0, NULL, NULL, 0, '2018-12-14 14:57:08', '2018-12-14 14:57:08', 0, 0, '2018-12-14 17:57:08', 0, 1, '2019-06-14 08:51:49', 1, NULL),
(121, 8, 41, 'Quam enim molestiae non.', 'Aut ab aliquid nesciunt veritatis qui aut. Sit facere nam commodi aut. Deserunt culpa assumenda quia sequi sapiente doloremque voluptas.', 9, 1, 9, 2, 5, '5.200000', 0, 1, NULL, NULL, 0, '2018-12-14 14:57:08', '2018-12-14 14:57:08', 0, 0, '2018-12-14 17:57:08', 0, 1, '2019-06-14 08:51:49', 1, NULL),
(122, 9, 41, 'Debitis id autem sit neque non recusandae aut.', 'Odit qui explicabo exercitationem hic provident tempore. Eligendi consequatur aut praesentium sed sapiente et minus. Quia quae ut provident nihil libero. Molestias tempore voluptas similique autem.', 4, 7, 6, 8, 9, '6.800000', 0, 0, NULL, NULL, 0, '2018-12-14 14:57:08', '2018-12-14 14:57:08', 0, 0, '2018-12-14 17:57:08', 0, 1, '2019-06-14 08:51:49', 1, NULL),
(123, 10, 41, 'Corporis dicta placeat voluptatem quos ut distinctio voluptatem ut.', 'Est ut omnis quo est suscipit cumque. Ut esse dolores consequatur rerum fuga enim ut. Nihil ad molestiae facilis et in sint fugiat odit.', 9, 2, 0, 6, 0, '3.400000', 0, 1, NULL, NULL, 0, '2018-12-14 14:57:08', '2018-12-14 14:57:08', 0, 0, '2018-12-14 17:57:08', 0, 1, '2019-06-14 08:51:49', 1, NULL),
(124, 11, 41, 'Best company ever', 'Lorem ipsum dolor sit amet, consectetur adipiscing elit. Duis quis dictum lectus, eu laoreet nulla. Ut consequat, dui tristique elementum venenatis, nisi est sagittis eros, quis hendrerit eros odio quis leo. Morbi ac tempor leo. Etiam id aliquet tellus, nec luctus eros. Maecenas id dui ac ipsum condimentum ultricies. Ut vitae pharetra ante, a vulputate nunc. Vivamus euismod placerat elit, eu luctus eros luctus at. Mauris aliquet orci id enim mattis congue vitae at odio. Morbi nec egestas felis. Etiam pretium consequat tellus a aliquet. Proin imperdiet nibh sem, vel lobortis purus elementum vel. Phasellus ut justo eros. Duis rutrum orci non velit finibus, sodales dapibus orci consectetur.', 9, 5, 9, 5, 5, '6.600000', 0, 1, NULL, NULL, 0, '2018-12-14 15:11:59', '2019-01-03 15:25:15', 1, 0, '2018-12-14 18:11:59', 0, 1, '2019-06-14 08:51:49', 1, NULL),
(125, 11, 41, 'fuck', 'you', 0, 0, 0, 0, 0, '0.000000', 0, 1, 'test', '2019-01-04 13:11:00', 0, '2019-01-03 15:32:44', '2019-01-04 13:11:00', 1, 0, '2019-01-03 18:32:44', 0, 1, '2019-06-14 08:51:49', 1, NULL),
(126, 11, 41, NULL, NULL, 0, 0, 0, 0, 0, '0.000000', 0, 1, NULL, NULL, 0, '2019-01-03 15:34:12', '2019-01-03 15:34:12', 0, 0, '2019-01-03 18:34:12', 0, 1, '2019-06-14 08:51:49', 1, NULL),
(127, 11, 41, NULL, NULL, 1, 1, 1, 1, 1, '1.000000', 0, 1, NULL, NULL, 0, '2019-01-03 15:36:00', '2019-01-03 15:36:00', 0, 0, '2019-01-03 18:36:00', 0, 1, '2019-06-14 08:51:49', 1, NULL),
(128, 11, 41, NULL, NULL, 1, 0, 0, 1, 0, '0.400000', 0, 1, 'test?', '2019-01-04 13:18:22', 4, '2019-01-04 10:12:32', '2019-05-24 14:00:26', 0, 0, '2019-01-04 13:12:32', 0, 1, '2019-06-14 08:51:49', 1, NULL),
(129, 11, 41, NULL, NULL, 0, 0, 0, 0, 0, '0.000000', 0, 1, 'Test', NULL, 0, '2019-01-18 11:18:00', '2019-05-24 14:00:01', 0, 0, '2019-01-18 14:18:00', 0, 1, '2019-06-14 08:51:49', 1, NULL),
(130, 11, 41, 'Best company ever', 'The only one, that\'s it!', 9, 8, 10, 9, 7, '8.600000', 0, 0, NULL, NULL, 0, '2019-03-04 14:38:48', '2019-03-04 14:38:48', 0, 0, '2019-03-04 17:38:48', 0, 1, '2019-06-14 08:51:49', 1, NULL),
(131, 11, 41, 'Test Cool-Off', 'this my review', 5, 6, 7, 8, 9, '7.000000', 0, 0, NULL, NULL, 0, '2019-03-05 11:47:27', '2019-03-05 11:47:27', 0, 0, '2019-03-05 14:47:26', 0, 1, '2019-06-14 08:51:49', 1, NULL),
(137, 11, 41, 'Test flagged', 'hello tout le monde fuck! that shit', 0, 0, 0, 0, 0, '0.000000', 0, 1, NULL, NULL, 0, '2019-03-07 14:36:35', '2019-03-07 14:36:35', 1, 0, '2019-03-07 17:36:34', 0, 1, '2019-06-14 08:51:49', 1, NULL),
(138, 10, 3, 'No score', 'review without any score', NULL, NULL, NULL, NULL, NULL, NULL, 0, 1, NULL, NULL, 0, '2019-03-21 14:22:08', '2019-03-21 14:22:08', 0, 0, '2019-03-21 17:22:07', 1, 1, '2019-06-14 08:51:49', 1, NULL),
(139, 11, 3, NULL, NULL, 10, 10, 10, 10, 10, '10.000000', 0, 1, NULL, NULL, 0, '2019-03-22 08:47:57', '2019-03-22 08:47:57', 0, 0, '2019-03-22 11:47:55', 0, 1, '2019-06-14 08:51:49', 1, NULL),
(141, 11, 43, 'adding score', 'test', 4, 4, 4, 4, 4, '4.000000', 0, 1, NULL, NULL, 0, '2019-03-22 10:01:37', '2019-03-22 10:10:23', 0, 0, '2019-03-22 13:01:36', 0, 1, '2019-06-14 08:51:49', 1, NULL),
(142, 11, 43, 'Removing score', 'Titles + scores', NULL, NULL, NULL, NULL, NULL, NULL, 0, 1, NULL, NULL, 0, '2019-03-22 10:02:11', '2019-03-22 10:06:09', 0, 0, '2019-03-22 13:02:11', 1, 1, '2019-06-14 08:51:49', 1, NULL),
(143, 11, 43, 'add a title', 'test', 10, 9, 10, 10, 10, '9.800000', 0, 0, NULL, NULL, 0, '2019-03-22 10:03:54', '2019-03-22 10:05:39', 0, 0, '2019-03-22 13:03:54', 0, 1, '2019-06-14 08:51:49', 1, NULL);
INSERT INTO `review` (`id`, `company_id`, `user_id`, `title`, `content`, `diversity_across_organization`, `diversity_in_leadership`, `work_like_balance`, `overall_inclusiveness`, `benefits_and_resources`, `average`, `nb_likes`, `is_anonymous`, `company_answer`, `company_answer_at`, `nb_shares`, `created_at`, `updated_at`, `flagged`, `blocked`, `published_at`, `not_rated`, `notified`, `verified_at`, `verified`, `company_not_existing`) VALUES
(144, 11, 43, NULL, NULL, 1, 5, 10, 4, 5, '5.000000', 0, 1, 'coucou', NULL, 0, '2019-03-22 14:51:09', '2019-05-24 15:12:30', 1, 0, '2019-03-22 17:51:09', 0, 1, '2019-06-14 08:51:49', 1, NULL),
(145, 10, 43, 'dsds', 'qsd', 5, 5, 5, 5, 7, '5.400000', 0, 1, NULL, NULL, 0, '2019-06-14 10:01:06', '2019-06-14 10:49:47', 0, 0, '2019-06-14 13:01:03', 0, 0, '2019-06-14 10:49:47', 1, NULL),
(146, 10, 43, 'test already verified', 'test', NULL, NULL, NULL, NULL, NULL, NULL, 0, 1, NULL, NULL, 0, '2019-06-14 10:51:00', '2019-06-14 10:51:06', 0, 0, '2019-06-14 13:51:00', 1, 0, '2019-06-14 10:51:06', 1, NULL),
(147, 10, 43, 'test', 'test', 5, 5, 5, 5, 5, '5.000000', 0, 1, NULL, NULL, 0, '2019-06-14 11:04:14', '2019-06-14 11:06:19', 0, 0, '2019-06-14 14:04:14', 0, 0, '2019-06-14 11:06:19', 1, NULL),
(148, 9, 43, 'test', 'test', 5, 5, 5, 5, 5, '5.000000', 0, 1, NULL, NULL, 0, '2019-06-14 07:14:23', '2019-06-14 11:30:27', 0, 0, '2019-06-14 14:14:22', 0, 1, '2019-06-14 11:30:27', 1, NULL),
(149, NULL, 43, 'test', 'test', 6, 6, 6, 6, 6, '6.000000', 0, 1, NULL, NULL, 0, '2019-07-04 09:10:37', '2019-10-17 10:04:56', 0, 0, '2019-07-04 12:10:37', 0, 1, NULL, 0, NULL),
(150, 11, 43, 'Test Par BO', 'test submit par bo', 5, 5, 5, 5, 5, '5.000000', 0, 1, 'test<br />\n<br />\nnew line', NULL, 0, '2019-07-04 09:30:56', '2019-07-08 10:18:50', 0, 0, '2019-07-04 10:30:55', 0, 1, '2019-07-04 09:30:56', 1, NULL),
(151, 11, 43, 'Test Par BO2', 'Test Par BO2', NULL, NULL, NULL, NULL, NULL, NULL, 0, 1, 'test', NULL, 0, '2019-07-04 10:55:19', '2019-07-08 10:17:46', 0, 0, '2019-07-04 10:55:18', 1, 1, NULL, 1, NULL),
(152, 10, 43, 'test', 'test', 5, 5, 5, 5, 5, '5.000000', 0, 1, NULL, NULL, 0, '2019-07-08 16:17:18', '2019-07-08 16:17:22', 0, 0, '2019-07-08 19:17:18', 0, 0, '2019-07-08 16:17:22', 1, NULL),
(153, 9, 43, 'test', 'test', 5, 5, 5, 5, 5, '5.000000', 0, 1, NULL, NULL, 0, '2019-07-08 16:18:09', '2019-07-08 16:18:13', 0, 0, '2019-07-08 19:18:09', 0, 0, '2019-07-08 16:18:13', 1, NULL),
(154, 128, 43, 'test not verified', 'test not verified', NULL, NULL, NULL, NULL, NULL, NULL, 0, 1, NULL, NULL, 0, '2019-07-09 10:16:09', '2019-10-17 10:04:56', 0, 0, '2019-07-09 13:16:09', 1, 1, NULL, 0, NULL),
(155, 11, 54, 'test auto verify', 'my user email matchs one of company\'s domains', NULL, NULL, NULL, NULL, NULL, NULL, 0, 1, NULL, NULL, 0, '2019-07-09 10:41:48', '2019-07-09 10:52:49', 0, 0, '2019-07-09 13:41:47', 1, 0, '2019-07-09 10:52:49', 1, NULL),
(156, 11, 43, 'My test review', 'for an unexisting company!', 7, 7, 7, 7, 7, '7.000000', 0, 1, NULL, NULL, 1, '2019-07-12 08:58:14', '2019-11-27 11:23:03', 1, 0, '2019-07-12 11:58:12', 0, 1, NULL, 0, NULL),
(157, NULL, 43, 'test', 'test', NULL, NULL, NULL, NULL, NULL, NULL, 0, 1, NULL, NULL, 0, '2019-07-16 07:51:55', '2019-10-17 10:04:56', 0, 0, '2019-07-16 10:51:54', 1, 1, NULL, 0, 'Unexisting Company\nAirlines\nhttp://test-unexisting.com'),
(158, 11, 54, 'test', 'timed out', 6, 6, 6, 6, 6, '6.000000', 0, 1, NULL, NULL, 1, '2019-08-13 15:12:32', '2019-08-26 14:34:22', 0, 0, '2019-08-13 18:12:31', 0, 0, '2019-08-13 15:12:43', 1, NULL),
(159, 11, 68, 'test', 'red', 5, 5, 5, 5, 5, '5.000000', 0, 1, NULL, NULL, 1, '2019-09-10 21:39:06', '2019-11-13 14:48:33', 0, 0, '2019-09-10 00:39:05', 0, 1, NULL, 0, NULL),
(160, 10, 68, 'test', 'test', NULL, NULL, NULL, NULL, NULL, NULL, 0, 1, NULL, NULL, 0, '2019-10-17 09:57:45', '2019-10-17 09:57:49', 0, 0, '2019-10-17 12:57:45', 1, 0, '2019-10-17 09:57:49', 1, NULL),
(161, 131, 68, 'test', 'test', NULL, NULL, NULL, NULL, NULL, NULL, 0, 1, NULL, NULL, 0, '2019-10-17 10:02:40', '2019-10-17 10:08:48', 0, 0, '2019-10-17 13:02:40', 1, 0, '2019-10-17 10:08:48', 1, NULL),
(162, 131, 68, 'test verified', 'test 2', NULL, NULL, NULL, NULL, NULL, NULL, 0, 1, NULL, NULL, 0, '2019-10-17 10:09:35', '2019-10-17 10:25:01', 0, 0, '2019-10-17 13:09:35', 1, 0, '2019-10-17 10:25:01', 1, NULL),
(163, 11, 54, 'test', 'test', NULL, NULL, NULL, NULL, NULL, NULL, 1, 1, 'thanks', NULL, 0, '2019-11-26 14:43:59', '2019-11-27 11:22:46', 0, 0, '2019-11-26 17:43:59', 1, 0, '2019-11-26 14:44:03', 1, NULL),
(164, 11, 54, 'sf4.4', 'sf4.4', 5, 5, 5, 5, 5, '5.000000', 0, 1, NULL, NULL, 0, '2019-11-27 10:28:46', '2019-11-27 10:28:52', 0, 0, '2019-11-27 13:28:46', 0, 0, '2019-11-27 10:28:52', 1, NULL),
(165, 11, 54, 'test full review - edited', 'lorem ipsum dolor sit amet\r\n\r\ndfdfs la vie est belle', 2, 2, 2, 2, 2, '2.000000', 0, 1, NULL, NULL, 0, '2019-12-10 16:36:07', '2019-12-13 16:01:07', 1, 0, '2019-12-10 19:36:07', 0, 0, '2019-12-10 16:36:14', 1, NULL),
(166, 11, 54, 'test text review', 'lorem ipsum', NULL, NULL, NULL, NULL, NULL, NULL, 0, 1, NULL, NULL, 0, '2019-12-10 16:55:12', '2019-12-10 16:55:16', 0, 0, '2019-12-10 19:55:12', 1, 0, '2019-12-10 16:55:16', 1, NULL),
(167, 11, 54, NULL, NULL, 10, 10, 10, 10, 10, '10.000000', 1, 1, NULL, NULL, 0, '2019-12-10 16:57:33', '2019-12-13 16:01:02', 0, 0, '2019-12-10 19:57:33', 0, 0, '2019-12-10 16:57:36', 1, NULL),
(168, NULL, 54, 'test', 'test', 4, 6, 3, 5, 5, '4.600000', 0, 1, NULL, NULL, 0, '2019-12-10 17:02:02', '2019-12-10 17:02:02', 0, 0, '2019-12-10 20:02:02', 0, 0, NULL, 0, 'Testbook.com\nEntertainment\nhttp://testbook.com'),
(169, 11, 54, 'test textual', 'test textual', NULL, NULL, NULL, NULL, NULL, NULL, 1, 1, 'yoyo', NULL, 1, '2019-12-10 17:10:11', '2019-12-16 16:20:08', 0, 0, '2019-12-10 20:10:11', 1, 0, '2019-12-10 17:10:15', 1, NULL),
(170, 11, 54, 'test', 'test', 9, 9, 9, 9, 9, '9.000000', 0, 1, NULL, NULL, 0, '2019-12-13 16:32:31', '2019-12-13 16:39:15', 0, 0, '2019-12-13 19:32:31', 0, 0, '2019-12-13 16:32:35', 1, NULL),
(171, 11, 54, 'test', 'qdsqsd', NULL, NULL, NULL, NULL, NULL, NULL, 0, 1, NULL, NULL, 0, '2019-12-19 21:56:42', '2019-12-20 17:06:22', 1, 0, '2019-12-20 00:56:42', 1, 0, '2019-12-19 21:56:46', 1, NULL);

CREATE TABLE `review_review_tag` (
  `review_id` int(11) NOT NULL,
  `review_tag_id` int(11) NOT NULL
) ENGINE=InnoDB DEFAULT CHARSET=utf8mb4 COLLATE=utf8mb4_unicode_ci;

INSERT INTO `review_review_tag` (`review_id`, `review_tag_id`) VALUES
(1, 1),
(1, 4),
(2, 2),
(2, 3),
(2, 11),
(2, 12),
(3, 1),
(3, 2),
(3, 7),
(3, 8),
(3, 9),
(3, 10),
(4, 1),
(4, 4),
(4, 6),
(4, 9),
(4, 11),
(4, 12),
(5, 2),
(5, 3),
(5, 11),
(6, 5),
(6, 9),
(6, 11),
(7, 1),
(7, 3),
(7, 6),
(7, 7),
(7, 11),
(8, 1),
(8, 6),
(8, 12),
(9, 4),
(9, 7),
(10, 1),
(10, 3),
(10, 8),
(10, 11),
(10, 12),
(11, 3),
(11, 4),
(12, 2),
(12, 4),
(12, 7),
(12, 9),
(12, 11),
(13, 1),
(13, 3),
(13, 7),
(13, 8),
(14, 2),
(14, 3),
(14, 7),
(14, 9),
(15, 1),
(15, 5),
(15, 10),
(16, 2),
(16, 6),
(16, 7),
(16, 8),
(16, 11),
(17, 2),
(17, 9),
(17, 11),
(17, 12),
(18, 2),
(18, 3),
(18, 5),
(18, 6),
(18, 8),
(18, 9),
(18, 11),
(19, 3),
(19, 4),
(19, 6),
(20, 3),
(20, 9),
(21, 4),
(21, 7),
(21, 10),
(21, 11),
(22, 1),
(22, 2),
(23, 1),
(23, 4),
(23, 9),
(23, 12),
(24, 1),
(24, 2),
(24, 9),
(25, 4),
(25, 7),
(25, 9),
(26, 3),
(26, 4),
(26, 7),
(26, 11),
(28, 2),
(28, 5),
(28, 11),
(29, 7),
(30, 1),
(30, 2),
(30, 4),
(30, 6),
(31, 1),
(31, 2),
(31, 4),
(31, 8),
(31, 10),
(31, 12),
(32, 6),
(32, 9),
(32, 12),
(33, 2),
(33, 8),
(33, 9),
(33, 10),
(34, 5),
(34, 10),
(35, 2),
(35, 8),
(35, 10),
(35, 12),
(36, 3),
(36, 4),
(36, 6),
(36, 8),
(37, 2),
(37, 8),
(37, 9),
(37, 10),
(38, 2),
(39, 2),
(40, 1),
(40, 4),
(40, 6),
(40, 10),
(40, 11),
(41, 1),
(41, 2),
(41, 4),
(42, 7),
(42, 11),
(43, 6),
(43, 7),
(43, 11),
(44, 6),
(45, 3),
(45, 4),
(45, 7),
(45, 9),
(45, 11),
(46, 2),
(46, 6),
(46, 7),
(46, 9),
(46, 10),
(47, 2),
(47, 3),
(47, 10),
(48, 3),
(48, 8),
(48, 11),
(49, 2),
(49, 3),
(49, 6),
(49, 9),
(49, 11),
(50, 2),
(50, 8),
(51, 10),
(52, 3),
(52, 6),
(52, 9),
(53, 1),
(53, 9),
(54, 5),
(54, 7),
(54, 8),
(54, 9),
(55, 1),
(55, 4),
(55, 12),
(56, 4),
(56, 5),
(56, 10),
(57, 1),
(57, 5),
(57, 7),
(57, 8),
(57, 9),
(58, 1),
(58, 3),
(58, 5),
(58, 6),
(58, 8),
(58, 9),
(58, 11),
(58, 12),
(59, 4),
(60, 1),
(60, 6),
(60, 9),
(61, 8),
(61, 9),
(62, 3),
(62, 4),
(62, 5),
(62, 9),
(63, 6),
(63, 9),
(63, 10),
(64, 1),
(64, 2),
(64, 3),
(64, 4),
(64, 8),
(65, 7),
(65, 8),
(66, 11),
(67, 1),
(67, 3),
(67, 4),
(67, 5),
(67, 9),
(68, 1),
(68, 2),
(68, 7),
(68, 8),
(68, 9),
(69, 3),
(69, 4),
(69, 6),
(69, 11),
(70, 5),
(71, 6),
(71, 7),
(72, 1),
(72, 3),
(72, 8),
(72, 10),
(73, 6),
(73, 12),
(74, 1),
(74, 5),
(74, 7),
(74, 9),
(74, 10),
(75, 2),
(75, 3),
(75, 6),
(75, 8),
(76, 1),
(76, 5),
(76, 7),
(77, 3),
(77, 8),
(77, 9),
(77, 11),
(78, 3),
(79, 7),
(79, 8),
(80, 2),
(80, 3),
(80, 5),
(81, 3),
(81, 6),
(81, 9),
(81, 11),
(82, 2),
(82, 4),
(82, 7),
(82, 10),
(83, 1),
(83, 4),
(83, 5),
(83, 8),
(83, 10),
(83, 12),
(84, 1),
(84, 5),
(84, 8),
(84, 12),
(85, 1),
(85, 4),
(86, 1),
(86, 5),
(87, 11),
(88, 2),
(88, 8),
(88, 9),
(89, 1),
(89, 3),
(90, 1),
(91, 1),
(91, 3),
(91, 4),
(91, 9),
(91, 12),
(92, 2),
(92, 4),
(92, 5),
(92, 9),
(93, 3),
(93, 8),
(95, 1),
(96, 3),
(96, 4),
(96, 7),
(96, 9),
(96, 10),
(97, 1),
(97, 4),
(97, 7),
(97, 8),
(98, 2),
(98, 3),
(98, 7),
(99, 1),
(99, 3),
(99, 4),
(99, 7),
(99, 9),
(99, 11),
(99, 12),
(100, 1),
(100, 5),
(100, 9),
(100, 10),
(101, 9),
(102, 2),
(102, 4),
(102, 12),
(103, 3),
(103, 8),
(104, 4),
(104, 7),
(104, 8),
(105, 5),
(105, 12),
(106, 3),
(106, 4),
(106, 6),
(106, 7),
(106, 11),
(107, 5),
(107, 6),
(108, 1),
(109, 1),
(109, 5),
(109, 7),
(110, 9),
(111, 1),
(111, 3),
(112, 3),
(113, 3),
(113, 4),
(113, 6),
(113, 7),
(113, 10),
(114, 4),
(114, 6),
(114, 7),
(114, 10),
(114, 12),
(115, 5),
(116, 1),
(116, 4),
(116, 6),
(116, 9),
(117, 3),
(117, 5),
(117, 9),
(117, 12),
(118, 2),
(118, 6),
(119, 1),
(120, 2),
(120, 5),
(120, 8),
(121, 2),
(121, 6),
(121, 7),
(121, 9),
(122, 2),
(122, 8),
(122, 11),
(123, 2),
(123, 5),
(123, 7),
(123, 9),
(123, 11),
(123, 12),
(124, 1),
(124, 2),
(124, 5),
(130, 5),
(130, 7),
(130, 9),
(130, 10),
(130, 11),
(137, 1),
(138, 1),
(138, 3),
(141, 1),
(141, 3),
(141, 5),
(142, 3),
(149, 2),
(149, 4),
(150, 2),
(150, 4),
(156, 1),
(156, 4),
(158, 1),
(158, 4),
(158, 5),
(165, 1),
(165, 3),
(165, 4),
(165, 9),
(165, 10),
(168, 1),
(168, 2),
(170, 1),
(170, 2);

CREATE TABLE `review_tag` (
  `id` int(11) NOT NULL,
  `label` varchar(128) COLLATE utf8mb4_unicode_ci NOT NULL,
  `slug` varchar(128) COLLATE utf8mb4_unicode_ci NOT NULL,
  `enable` tinyint(1) NOT NULL,
  `official` tinyint(1) NOT NULL,
  `created_at` datetime NOT NULL,
  `updated_at` datetime NOT NULL,
  `explanation` varchar(255) COLLATE utf8mb4_unicode_ci NOT NULL
) ENGINE=InnoDB DEFAULT CHARSET=utf8mb4 COLLATE=utf8mb4_unicode_ci;

INSERT INTO `review_tag` (`id`, `label`, `slug`, `enable`, `official`, `created_at`, `updated_at`, `explanation`) VALUES
(1, 'Affinity Groups', 'affinity-groups', 1, 1, '2018-12-14 14:56:50', '2018-12-14 14:56:50', 'Affinity Groups'),
(2, 'Childcare', 'childcare', 1, 1, '2018-12-14 14:56:50', '2018-12-14 14:56:50', 'Childcare'),
(3, 'Discrimination', 'discrimination', 1, 1, '2018-12-14 14:56:50', '2018-12-14 14:56:50', 'Discrimination'),
(4, 'Diversity in Management', 'diversity-in-management', 1, 1, '2018-12-14 14:56:50', '2018-12-14 14:56:50', 'Diversity in Management'),
(5, 'Flextime', 'flextime', 1, 1, '2018-12-14 14:56:50', '2018-12-14 14:56:50', 'Flextime'),
(6, 'Gender Parity', 'gender-parity', 1, 1, '2018-12-14 14:56:50', '2018-12-14 14:56:50', 'Gender Parity'),
(7, 'Health Care', 'health-care', 1, 1, '2018-12-14 14:56:50', '2018-12-14 14:56:50', 'Health Care'),
(8, 'Inclusiveness', 'inclusiveness', 1, 1, '2018-12-14 14:56:50', '2018-12-14 14:56:50', 'Fairness and respect in the work environment'),
(9, 'Paid Time Off', 'paid-time-off', 1, 1, '2018-12-14 14:56:50', '2018-12-14 14:56:50', 'Including vacation, holiday, sick leave'),
(10, 'Parental Benefits', 'parental-benefits', 1, 1, '2018-12-14 14:56:50', '2018-12-14 14:56:50', 'The shared behaviors and beliefs of the company'),
(11, 'Parental Leave', 'parental-leave', 1, 1, '2018-12-14 14:56:50', '2018-12-14 14:56:50', 'Time off provided for the welcoming of a new family member'),
(12, 'Work/Life Balance', 'work-life-balance', 1, 1, '2018-12-14 14:56:50', '2018-12-14 14:56:50', 'The understanding of life outside of work');

CREATE TABLE `salary_range` (
  `id` int(11) NOT NULL,
  `value` varchar(255) COLLATE utf8mb4_unicode_ci NOT NULL,
  `position` int(11) NOT NULL
) ENGINE=InnoDB DEFAULT CHARSET=utf8mb4 COLLATE=utf8mb4_unicode_ci;

INSERT INTO `salary_range` (`id`, `value`, `position`) VALUES
(1, '$40,000<=', 0),
(2, '$40,001-$75,000', 1),
(3, '$75,001-$100,000', 2),
(4, '$100,001-$125,000', 3),
(5, '$125,001-$165,000', 4),
(6, '$165,001-$200,000', 5),
(7, '$200,001-$250,000', 6),
(8, '$250,001-$425,000', 7),
(9, '$425,000+', 8);

CREATE TABLE `seo` (
  `id` int(11) NOT NULL,
  `route` varchar(128) COLLATE utf8mb4_unicode_ci NOT NULL,
  `title` varchar(128) COLLATE utf8mb4_unicode_ci DEFAULT NULL,
  `description` longtext COLLATE utf8mb4_unicode_ci,
  `robots` varchar(128) COLLATE utf8mb4_unicode_ci DEFAULT NULL,
  `tw_title` varchar(128) COLLATE utf8mb4_unicode_ci DEFAULT NULL,
  `tw_description` longtext COLLATE utf8mb4_unicode_ci,
  `tw_image` varchar(255) COLLATE utf8mb4_unicode_ci DEFAULT NULL,
  `gg_title` varchar(128) COLLATE utf8mb4_unicode_ci DEFAULT NULL,
  `gg_description` longtext COLLATE utf8mb4_unicode_ci,
  `gg_image` varchar(255) COLLATE utf8mb4_unicode_ci DEFAULT NULL,
  `fb_title` varchar(128) COLLATE utf8mb4_unicode_ci DEFAULT NULL,
  `fb_description` longtext COLLATE utf8mb4_unicode_ci,
  `fb_image` varchar(255) COLLATE utf8mb4_unicode_ci DEFAULT NULL,
  `fb_type` varchar(128) COLLATE utf8mb4_unicode_ci DEFAULT NULL,
  `created_at` datetime NOT NULL,
  `updated_at` datetime NOT NULL,
  `path` varchar(255) COLLATE utf8mb4_unicode_ci NOT NULL,
  `keywords` longtext COLLATE utf8mb4_unicode_ci
) ENGINE=InnoDB DEFAULT CHARSET=utf8mb4 COLLATE=utf8mb4_unicode_ci;

INSERT INTO `seo` (`id`, `route`, `title`, `description`, `robots`, `tw_title`, `tw_description`, `tw_image`, `gg_title`, `gg_description`, `gg_image`, `fb_title`, `fb_description`, `fb_image`, `fb_type`, `created_at`, `updated_at`, `path`, `keywords`) VALUES
(1, 'corporate_home', 'Kanarys - Find Workplaces Where You Belong', NULL, NULL, 'Kanarys - Find Workplaces Where You Belong', NULL, NULL, 'Kanarys - Find Workplaces Where You Belong', NULL, NULL, 'Kanarys - Find Workplaces Where You Belong', NULL, NULL, NULL, '2019-07-19 10:49:22', '2019-09-30 13:41:32', 'http://www.kanarys.local/', NULL),
(2, 'corporate_contact', 'Kanarys - Contact', 'See contact information and details about Kanarys.', NULL, 'Kanarys - Contact', 'See contact information and details about Kanarys.', NULL, 'Kanarys - Contact', 'See contact information and details about Kanarys.', NULL, 'Kanarys - Contact', 'See contact information and details about Kanarys.', NULL, NULL, '2019-07-19 10:49:23', '2019-09-30 13:41:32', 'http://www.kanarys.local/contact', NULL),
(3, 'corporate_about', 'Kanarys - About', 'FInd Diversity, Equity, Inclusion Ratings for Companies', NULL, 'Kanarys - About', 'FInd Diversity, Equity, Inclusion Ratings for Companies', NULL, 'Kanarys - About', 'FInd Diversity, Equity, Inclusion Ratings for Companies', NULL, 'Kanarys - About', 'FInd Diversity, Equity, Inclusion Ratings for Companies', NULL, NULL, '2019-07-19 10:49:23', '2019-09-30 13:41:32', 'http://www.kanarys.local/about', NULL),
(4, 'corporate_page_terms_of_use', 'Kanarys - Terms of Use', 'See Terms of Use for Kanarys', NULL, 'Kanarys - Terms of Use', 'See Terms of Use for Kanarys', NULL, 'Kanarys - Terms of Use', 'See Terms of Use for Kanarys', NULL, 'Kanarys - Terms of Use', 'See Terms of Use for Kanarys', NULL, NULL, '2019-07-19 10:49:23', '2019-09-30 13:41:32', 'http://www.kanarys.local/page/terms-of-use', NULL),
(5, 'corporate_page_terms_of_use_organizations', 'Kanarys - Terms of Use', 'See Terms of Use for Kanarys', NULL, 'Kanarys - Terms of Use', 'See Terms of Use for Kanarys', NULL, 'Kanarys - Terms of Use', 'See Terms of Use for Kanarys', NULL, 'Kanarys - Terms of Use', 'See Terms of Use for Kanarys', NULL, NULL, '2019-07-19 10:49:23', '2019-09-30 13:41:32', 'http://www.kanarys.local/page/terms-of-use-organizations', NULL),
(6, 'corporate_page_privacy_policy', 'Kanarys - Privacy Policy', 'See Privacy Policy for Kanarys', NULL, 'Kanarys - Privacy Policy', 'See Privacy Policy for Kanarys', NULL, 'Kanarys - Privacy Policy', 'See Privacy Policy for Kanarys', NULL, 'Kanarys - Privacy Policy', 'See Privacy Policy for Kanarys', NULL, NULL, '2019-07-19 10:49:23', '2019-09-30 13:41:32', 'http://www.kanarys.local/page/privacy-policy', NULL),
(7, 'corporate_page_faq', 'Kanarys - FAQ', 'Frequently asked questions', NULL, 'Kanarys - FAQ', 'Frequently asked questions', NULL, 'Kanarys - FAQ', 'Frequently asked questions', NULL, 'Kanarys - FAQ', 'Frequently asked questions', NULL, NULL, '2019-07-19 10:49:23', '2019-09-30 13:41:32', 'http://www.kanarys.local/page/faq', NULL),
(8, 'app_user_registration_register', 'Create your account', NULL, NULL, 'Create your account', NULL, NULL, 'Create your account', NULL, NULL, 'Create your account', NULL, NULL, NULL, '2019-07-19 10:49:23', '2019-09-30 13:41:32', 'http://kanarys.local/registration', NULL),
(9, 'app_user_registration_confirm', 'Confirm my account', NULL, NULL, NULL, NULL, NULL, NULL, NULL, NULL, NULL, NULL, NULL, NULL, '2019-07-19 10:49:23', '2019-09-30 13:41:32', 'http://kanarys.local/registration/confirm/{token}', NULL),
(10, 'app_user_resetting_request', 'Reset my password', NULL, NULL, NULL, NULL, NULL, NULL, NULL, NULL, NULL, NULL, NULL, NULL, '2019-07-19 10:49:23', '2019-09-30 13:41:32', 'http://kanarys.local/resetting', NULL),
(11, 'app_user_resetting_reset', 'Reset my password', NULL, NULL, NULL, NULL, NULL, NULL, NULL, NULL, NULL, NULL, NULL, NULL, '2019-07-19 10:49:23', '2019-09-30 13:41:32', 'http://kanarys.local/resetting/{token}', NULL),
(12, 'app_user_security_login', 'Login', NULL, NULL, 'Login', NULL, NULL, 'Login', NULL, NULL, 'Login', NULL, NULL, NULL, '2019-07-19 10:49:23', '2019-09-30 13:41:32', 'http://kanarys.local/login', NULL),
(13, 'app_user_security_logout', 'Logout', NULL, NULL, NULL, NULL, NULL, NULL, NULL, NULL, NULL, NULL, NULL, NULL, '2019-07-19 10:49:23', '2019-09-30 13:41:32', 'http://kanarys.local/logout', NULL),
(14, 'app_user_security_logout_redirect', NULL, NULL, NULL, NULL, NULL, NULL, NULL, NULL, NULL, NULL, NULL, NULL, NULL, '2019-07-19 10:49:23', '2019-09-30 13:41:32', 'http://kanarys.local/logout/redirect', NULL),
(15, 'app_article_show', 'D&I News - Article %article.title%', '%article.excerpt%', NULL, '%article.title%', '%article.excerpt%', '%article.image%', '%article.title%', '%article.excerpt%', '%article.image%', '%article.title%', '%article.excerpt%', '%article.image%', 'article', '2019-07-19 10:49:23', '2019-09-30 13:41:32', 'http://kanarys.local/article/{slug}', NULL),
(16, 'app_article_index', 'D&I News', NULL, NULL, 'D&I News', NULL, NULL, 'D&I News', NULL, NULL, 'D&I News', NULL, NULL, NULL, '2019-07-19 10:49:23', '2019-09-30 13:41:32', 'http://kanarys.local/articles/{page}', NULL),
(17, 'app_search', 'Search Kanarys', NULL, NULL, 'Search Kanarys', NULL, NULL, 'Search Kanarys', NULL, NULL, 'Search Kanarys', NULL, NULL, NULL, '2019-07-19 10:49:23', '2019-09-30 13:41:32', 'http://kanarys.local/search', NULL),
(18, 'app_company_compare_browse', 'Compare Profiles', NULL, NULL, 'Compare Profiles', NULL, NULL, 'Compare Profiles', NULL, NULL, 'Compare Profiles', NULL, NULL, NULL, '2019-07-19 10:49:23', '2019-09-30 13:41:32', 'http://kanarys.local/company-compare/browse', NULL),
(19, 'app_company_compare_result', 'Compare Profiles', NULL, NULL, 'Compare Profiles', NULL, NULL, 'Compare Profiles', NULL, NULL, 'Compare Profiles', NULL, NULL, NULL, '2019-07-19 10:49:23', '2019-09-30 13:41:32', 'http://kanarys.local/company-compare/result', NULL),
(20, 'app_user_feed_index', 'Activity Feed', NULL, NULL, NULL, NULL, NULL, NULL, NULL, NULL, NULL, NULL, NULL, NULL, '2019-07-19 10:49:23', '2019-09-30 13:41:32', 'http://kanarys.local/user/', NULL),
(21, 'app_user_personalization_settings_index', 'Personalization Settings - Companies Followed', NULL, NULL, NULL, NULL, NULL, NULL, NULL, NULL, NULL, NULL, NULL, NULL, '2019-07-19 10:49:23', '2019-09-30 13:41:32', 'http://kanarys.local/user/personalization-settings', NULL),
(22, 'app_user_personalization_settings_interests', 'Personalization Settings - My Interests', NULL, NULL, NULL, NULL, NULL, NULL, NULL, NULL, NULL, NULL, NULL, NULL, '2019-07-19 10:49:23', '2019-09-30 13:41:32', 'http://kanarys.local/user/personalization-settings/my-interests', NULL),
(23, 'app_user_account_settings_index', 'Update my account', NULL, NULL, NULL, NULL, NULL, NULL, NULL, NULL, NULL, NULL, NULL, NULL, '2019-07-19 10:49:23', '2019-09-30 13:41:32', 'http://kanarys.local/user/account-settings', NULL),
(24, 'app_user_account_settings_change_password', 'Change my password', NULL, NULL, NULL, NULL, NULL, NULL, NULL, NULL, NULL, NULL, NULL, NULL, '2019-07-19 10:49:23', '2019-09-30 13:41:32', 'http://kanarys.local/user/account-settings/change-password', NULL),
(25, 'app_user_create_company_index', 'Create your company', NULL, NULL, 'Create your company', NULL, NULL, 'Create your company', NULL, NULL, 'Create your company', NULL, NULL, NULL, '2019-07-19 10:49:23', '2019-09-30 13:41:32', 'http://kanarys.local/user/create-company', NULL),
(26, 'app_notification', 'My notifications', NULL, NULL, NULL, NULL, NULL, NULL, NULL, NULL, NULL, NULL, NULL, NULL, '2019-07-19 10:49:23', '2019-09-30 13:41:32', 'http://kanarys.local/user/notification', NULL),
(27, 'app_user_survey_complete', 'Complete your survey contribution', NULL, NULL, NULL, NULL, NULL, NULL, NULL, NULL, NULL, NULL, NULL, NULL, '2019-07-19 10:49:23', '2019-09-30 13:41:32', 'http://kanarys.local/user/workplace-survey/complete', NULL),
(28, 'app_user_company_verify', NULL, NULL, NULL, NULL, NULL, NULL, NULL, NULL, NULL, NULL, NULL, NULL, NULL, '2019-07-19 10:49:23', '2019-09-30 13:41:32', 'http://kanarys.local/user/company/verify/{slug}', NULL),
(29, 'app_user_company_form', NULL, NULL, NULL, NULL, NULL, NULL, NULL, NULL, NULL, NULL, NULL, NULL, NULL, '2019-07-19 10:49:23', '2019-09-30 13:41:32', 'http://kanarys.local/user/company/form/{slug}', NULL),
(30, 'app_user_company_confirm', NULL, NULL, NULL, NULL, NULL, NULL, NULL, NULL, NULL, NULL, NULL, NULL, NULL, '2019-07-19 10:49:23', '2019-09-30 13:41:32', 'http://kanarys.local/user/company/confirm/{token}', NULL),
(31, 'app_user_review_add', 'Add a review', NULL, NULL, 'Add a review', NULL, NULL, 'Add a review', NULL, NULL, 'Add a review', NULL, NULL, NULL, '2019-07-19 10:49:23', '2019-09-30 13:41:32', 'http://kanarys.local/user/reviews/add', NULL),
(32, 'app_company_overview_index', 'Overview | %company.name%', NULL, NULL, 'Overview | %company.name%', NULL, '%company.cover%', 'Overview | %company.name%', NULL, '%company.cover%', 'Overview | %company.name%', NULL, '%company.cover%', NULL, '2019-07-19 10:49:23', '2019-09-30 13:41:32', 'http://kanarys.local/{companySlug}/', NULL),
(33, 'app_company_article_item', 'Article %article.title% | %company.name%', '%article.excerpt%', NULL, '%article.title% | %company.name%', '%article.excerpt%', '%article.image%', '%article.title% | %company.name%', '%article.excerpt%', '%article.image%', '%article.title% | %company.name%', '%article.excerpt%', '%article.image%', 'article', '2019-07-19 10:49:23', '2019-09-30 13:41:32', 'http://kanarys.local/{companySlug}/article/{articleSlug}', NULL),
(34, 'app_company_demographics_index', 'Gender & Race in the Workplace | %company.name%', NULL, NULL, 'Gender & Race in the Workplace | %company.name%', NULL, '%company.cover%', 'Gender & Race in the Workplace | %company.name%', NULL, '%company.cover%', 'Gender & Race in the Workplace | %company.name%', NULL, '%company.cover%', NULL, '2019-07-19 10:49:23', '2019-09-30 13:41:32', 'http://kanarys.local/{companySlug}/demographics', NULL),
(35, 'app_company_information_index', 'Benefits & Policies | %company.name%', NULL, NULL, 'Benefits & Policies | %company.name%', NULL, '%company.cover%', 'Benefits & Policies | %company.name%', NULL, '%company.cover%', 'Benefits & Policies | %company.name%', NULL, '%company.cover%', NULL, '2019-07-19 10:49:23', '2019-09-30 13:41:32', 'http://kanarys.local/{companySlug}/benefits-and-policies', NULL),
(36, 'app_company_information_item', 'Benefits & Policies %formPage.label% | %company.name%', NULL, NULL, 'Benefits & Policies %formPage.label% | %company.name%', NULL, '%company.cover%', 'Benefits & Policies %formPage.label% | %company.name%', NULL, '%company.cover%', 'Benefits & Policies %formPage.label% | %company.name%', NULL, '%company.cover%', NULL, '2019-07-19 10:49:23', '2019-09-30 13:41:32', 'http://kanarys.local/{companySlug}/benefits-and-policies/{companyFormPageSlug}', NULL),
(37, 'app_company_information_contribution', 'Contribute to %company.name% %formPage.label%', NULL, NULL, 'Contribute to %company.name% %formPage.label%', NULL, '%company.cover%', 'Contribute to %company.name% %formPage.label%', NULL, '%company.cover%', 'Contribute to %company.name% %formPage.label%', NULL, '%company.cover%', NULL, '2019-07-19 10:49:23', '2019-09-30 13:41:32', 'http://kanarys.local/{companySlug}/benefits-and-policies/{companyFormPageSlug}/contribution', NULL),
(38, 'app_company_survey_index', 'Workplace Surveys | %company.name%', NULL, NULL, 'Workplace Surveys | %company.name%', NULL, '%company.cover%', 'Workplace Surveys | %company.name%', NULL, '%company.cover%', 'Workplace Surveys | %company.name%', NULL, '%company.cover%', NULL, '2019-07-19 10:49:23', '2019-09-30 13:41:32', 'http://kanarys.local/{companySlug}/workplace-survey', NULL),
(39, 'app_company_survey_contribution', 'Contribute to survey | %company.name%', NULL, NULL, 'Contribute to survey | %company.name%', NULL, '%company.cover%', 'Contribute to survey | %company.name%', NULL, '%company.cover%', 'Contribute to survey | %company.name%', NULL, '%company.cover%', NULL, '2019-07-19 10:49:23', '2019-09-30 13:41:32', 'http://kanarys.local/{companySlug}/workplace-survey/{surveyFormSlug}/contribution', NULL),
(40, 'app_company_review_index', 'All reviews | %company.name%', NULL, NULL, 'All reviews | %company.name%', NULL, '%company.cover%', 'All reviews | %company.name%', NULL, '%company.cover%', 'All reviews | %company.name%', NULL, '%company.cover%', NULL, '2019-07-19 10:49:23', '2019-09-30 13:41:32', 'http://kanarys.local/{companySlug}/reviews', NULL),
(41, 'app_company_review_item', 'Review | %company.name%', NULL, NULL, 'Review | %company.name%', NULL, '%company.cover%', 'Review | %company.name%', NULL, '%company.cover%', 'Review | %company.name%', NULL, '%company.cover%', NULL, '2019-07-19 10:49:23', '2019-09-30 13:41:32', 'http://kanarys.local/{companySlug}/reviews/{id}', NULL),
(42, 'app_company_review_add', 'Add a review | %company.name%', NULL, NULL, 'Add a review | %company.name%', NULL, '%company.cover%', 'Add a review | %company.name%', NULL, '%company.cover%', 'Add a review | %company.name%', NULL, '%company.cover%', NULL, '2019-07-19 10:49:23', '2019-09-30 13:41:32', 'http://kanarys.local/{companySlug}/reviews/add', NULL),
(43, 'app_company_review_edit', 'Edit your review for %company.name%', NULL, NULL, 'Edit your review for %company.name%', NULL, '%company.cover%', 'Edit your review for %company.name%', NULL, '%company.cover%', 'Edit your review for %company.name%', NULL, '%company.cover%', NULL, '2019-07-19 10:49:23', '2019-09-30 13:41:32', 'http://kanarys.local/{companySlug}/reviews/edit/{id}', NULL),
(44, 'app_company_review_delete', NULL, NULL, NULL, NULL, NULL, NULL, NULL, NULL, NULL, NULL, NULL, NULL, NULL, '2019-07-19 10:49:23', '2019-09-30 13:41:32', 'http://kanarys.local/{companySlug}/reviews/delete/{id}', NULL),
(45, 'app_company_admin_feed_index', '%company.name% Feed', NULL, NULL, NULL, NULL, NULL, NULL, NULL, NULL, NULL, NULL, NULL, NULL, '2019-07-19 10:49:23', '2019-09-30 13:41:32', 'http://kanarys.local/{companySlug}/admin/', NULL),
(46, 'app_company_admin_settings_index', 'View %company.name% profile', NULL, NULL, NULL, NULL, NULL, NULL, NULL, NULL, NULL, NULL, NULL, NULL, '2019-07-19 10:49:23', '2019-09-30 13:41:32', 'http://kanarys.local/{companySlug}/admin/settings', NULL),
(47, 'app_company_admin_profile_edit', 'Update your %company.name% profile', NULL, NULL, NULL, NULL, NULL, NULL, NULL, NULL, NULL, NULL, NULL, NULL, '2019-07-19 10:49:23', '2019-09-30 13:41:32', 'http://kanarys.local/{companySlug}/admin/profile/edit', NULL),
(48, 'app_company_admin_article_index', 'Manage Articles', NULL, NULL, NULL, NULL, NULL, NULL, NULL, NULL, NULL, NULL, NULL, NULL, '2019-07-19 10:49:23', '2019-09-30 13:41:32', 'http://kanarys.local/{companySlug}/admin/article', NULL),
(49, 'app_company_admin_article_create', 'Create a new article', NULL, NULL, NULL, NULL, NULL, NULL, NULL, NULL, NULL, NULL, NULL, NULL, '2019-07-19 10:49:23', '2019-09-30 13:41:32', 'http://kanarys.local/{companySlug}/admin/article/add', NULL),
(50, 'app_company_admin_article_update', 'Update article %article.title%', NULL, NULL, NULL, NULL, NULL, NULL, NULL, NULL, NULL, NULL, NULL, NULL, '2019-07-19 10:49:23', '2019-09-30 13:41:32', 'http://kanarys.local/{companySlug}/admin/article/edit/{articleSlug}', NULL),
(51, 'app_company_admin_article_delete', 'Delete an article', NULL, NULL, NULL, NULL, NULL, NULL, NULL, NULL, NULL, NULL, NULL, NULL, '2019-07-19 10:49:23', '2019-09-30 13:41:32', 'http://kanarys.local/{companySlug}/admin/article/delete/{articleSlug}', NULL),
(52, 'app_company_admin_information_index', 'Manage Benefits & Policies', NULL, NULL, NULL, NULL, NULL, NULL, NULL, NULL, NULL, NULL, NULL, NULL, '2019-07-19 10:49:23', '2019-09-30 13:41:32', 'http://kanarys.local/{companySlug}/admin/benefits-and-policies', NULL),
(53, 'app_company_admin_information_edit', 'Update Benefits & Policies %formPage.label%', NULL, NULL, NULL, NULL, NULL, NULL, NULL, NULL, NULL, NULL, NULL, NULL, '2019-07-19 10:49:23', '2019-09-30 13:41:32', 'http://kanarys.local/{companySlug}/admin/benefits-and-policies/{companyFormPageSlug}', NULL),
(54, 'app_company_admin_demographics_index', 'Manage Demographics', NULL, NULL, NULL, NULL, NULL, NULL, NULL, NULL, NULL, NULL, NULL, NULL, '2019-07-19 10:49:23', '2019-09-30 13:41:32', 'http://kanarys.local/{companySlug}/admin/demographics', NULL),
(55, 'app_company_admin_demographics_edit', 'Edit annual report', NULL, NULL, NULL, NULL, NULL, NULL, NULL, NULL, NULL, NULL, NULL, NULL, '2019-07-19 10:49:23', '2019-09-30 13:41:32', 'http://kanarys.local/{companySlug}/admin/demographics/edit/{year}', NULL),
(56, 'app_company_admin_demographics_cancel', NULL, NULL, NULL, NULL, NULL, NULL, NULL, NULL, NULL, NULL, NULL, NULL, NULL, '2019-07-19 10:49:23', '2019-09-30 13:41:32', 'http://kanarys.local/{companySlug}/admin/demographics/cancel/{year}', NULL),
(57, 'app_company_admin_demographics_remove', 'Delete annual report', NULL, NULL, NULL, NULL, NULL, NULL, NULL, NULL, NULL, NULL, NULL, NULL, '2019-07-19 10:49:23', '2019-09-30 13:41:32', 'http://kanarys.local/{companySlug}/admin/demographics/remove/{year}', NULL),
(58, 'app_company_admin_data_and_analytics_traffic', 'Data & Analytics - Traffic', NULL, NULL, NULL, NULL, NULL, NULL, NULL, NULL, NULL, NULL, NULL, NULL, '2019-07-19 10:49:23', '2019-09-30 13:41:32', 'http://kanarys.local/{companySlug}/admin/data-and-analytics/traffic', NULL),
(59, 'app_company_admin_data_and_analytics_user_behavior', 'Data & Analytics - User Behavior', NULL, NULL, NULL, NULL, NULL, NULL, NULL, NULL, NULL, NULL, NULL, NULL, '2019-07-19 10:49:23', '2019-09-30 13:41:32', 'http://kanarys.local/{companySlug}/admin/data-and-analytics/user-behavior', NULL),
(60, 'app_company_admin_data_and_analytics_audience', 'Data & Analytics - Audience', NULL, NULL, NULL, NULL, NULL, NULL, NULL, NULL, NULL, NULL, NULL, NULL, '2019-07-19 10:49:23', '2019-09-30 13:41:32', 'http://kanarys.local/{companySlug}/admin/data-and-analytics/audience', NULL),
(61, 'app_company_admin_data_and_analytics_surveys', 'Data & Analytics - Surveys', NULL, NULL, NULL, NULL, NULL, NULL, NULL, NULL, NULL, NULL, NULL, NULL, '2019-07-19 10:49:23', '2019-09-30 13:41:32', 'http://kanarys.local/{companySlug}/admin/data-and-analytics/surveys', NULL),
(62, 'app_company_admin_review_answer_create', NULL, NULL, NULL, NULL, NULL, NULL, NULL, NULL, NULL, NULL, NULL, NULL, NULL, '2019-07-19 10:49:23', '2019-09-30 13:41:32', 'http://kanarys.local/{companySlug}/admin/review-answer', NULL),
(63, 'app_company_admin_account_settings_index', 'Upgrade your account %company.name%', NULL, NULL, NULL, NULL, NULL, NULL, NULL, NULL, NULL, NULL, NULL, NULL, '2019-07-19 10:49:23', '2019-09-30 13:41:32', 'http://kanarys.local/{companySlug}/admin/account-settings', NULL),
(64, 'app_company_compare_result_benefits', 'Compare Profiles', NULL, NULL, 'Compare Profiles', NULL, NULL, 'Compare Profiles', NULL, NULL, 'Compare Profiles', NULL, NULL, NULL, '2019-11-12 10:49:23', '2019-11-12 13:41:32', 'https://app.kanarys.com/company-compare/result/benefits', NULL);

CREATE TABLE `sexual_orientation` (
  `id` int(11) NOT NULL,
  `name` varchar(128) COLLATE utf8mb4_unicode_ci NOT NULL,
  `slug` varchar(128) COLLATE utf8mb4_unicode_ci NOT NULL,
  `other` tinyint(1) NOT NULL
) ENGINE=InnoDB DEFAULT CHARSET=utf8mb4 COLLATE=utf8mb4_unicode_ci;

INSERT INTO `sexual_orientation` (`id`, `name`, `slug`, `other`) VALUES
(1, 'Gay', 'gay', 0),
(2, 'Lesbian', 'lesbian', 0),
(3, 'Bisexual', 'bisexual', 0),
(4, 'Asexual', 'asexual', 0),
(5, 'Queer', 'queer', 0),
(6, 'Pansexual', 'pansexual', 0),
(7, 'Heterosexual', 'heterosexual', 0),
(8, 'Prefer to self-describe', 'prefer-to-self-describe', 1);

CREATE TABLE `social_group_issue` (
  `id` int(11) NOT NULL,
  `name` varchar(128) COLLATE utf8mb4_unicode_ci NOT NULL
) ENGINE=InnoDB DEFAULT CHARSET=utf8mb4 COLLATE=utf8mb4_unicode_ci;

INSERT INTO `social_group_issue` (`id`, `name`) VALUES
(1, 'Disabilities'),
(2, 'Discrimination '),
(3, 'Gender Equity/Diversity'),
(4, 'LGBTQIA+'),
(5, 'Labor Unions'),
(6, 'Pay Gap/Parity Issues'),
(7, 'Racial Equity/Diversity '),
(8, 'Sexual Harassment'),
(9, 'Veterans'),
(10, '​Unconscious Bias');

CREATE TABLE `survey_contribution` (
  `id` int(11) NOT NULL,
  `user_id` int(11) NOT NULL,
  `form_id` int(11) NOT NULL,
  `company_id` int(11) NOT NULL,
  `rating` decimal(8,6) DEFAULT NULL,
  `created_at` datetime NOT NULL,
  `updated_at` datetime NOT NULL,
  `notified` tinyint(1) NOT NULL,
  `status` varchar(255) COLLATE utf8mb4_unicode_ci NOT NULL,
  `verified_at` datetime DEFAULT NULL COMMENT '(DC2Type:datetimetz_immutable)'
) ENGINE=InnoDB DEFAULT CHARSET=utf8mb4 COLLATE=utf8mb4_unicode_ci;

INSERT INTO `survey_contribution` (`id`, `user_id`, `form_id`, `company_id`, `rating`, `created_at`, `updated_at`, `notified`, `status`, `verified_at`) VALUES
(1, 43, 3, 11, '6.000000', '2019-03-29 17:06:30', '2019-04-10 10:26:07', 0, 'created', NULL),
(2, 43, 1, 11, '5.300000', '2019-04-01 15:09:01', '2019-04-10 10:26:07', 0, 'created', NULL),
(3, 43, 2, 11, '4.200000', '2019-04-01 15:29:53', '2019-10-17 10:04:54', 1, 'completed', NULL),
(4, 43, 5, 11, '0.300000', '2019-04-01 15:39:31', '2019-04-10 10:26:07', 0, 'created', NULL),
(5, 43, 1, 10, '5.500000', '2019-04-18 08:23:41', '2019-06-14 11:07:35', 0, 'verified', '2019-06-14 11:07:35'),
(6, 43, 2, 10, '1.000000', '2019-05-17 13:53:38', '2019-05-17 13:53:38', 0, 'created', NULL),
(7, 54, 1, 11, '0.600000', '2019-08-01 14:12:51', '2019-08-07 09:23:16', 0, 'verified', '2019-08-07 09:23:16'),
(8, 54, 2, 11, NULL, '2019-08-07 09:29:12', '2019-11-27 11:19:12', 0, 'verified', '2019-11-27 11:19:12'),
(9, 54, 6, 11, '5.200000', '2019-08-07 16:05:51', '2019-08-13 15:09:49', 0, 'verified', '2019-08-13 15:09:49');

CREATE TABLE `survey_contribution_question` (
  `id` int(11) NOT NULL,
  `contribution_step_id` int(11) NOT NULL,
  `form_question_id` int(11) NOT NULL,
  `form_answer_id` int(11) DEFAULT NULL,
  `value` varchar(255) COLLATE utf8mb4_unicode_ci DEFAULT NULL,
  `rating` double DEFAULT NULL,
  `other` varchar(255) COLLATE utf8mb4_unicode_ci DEFAULT NULL
) ENGINE=InnoDB DEFAULT CHARSET=utf8mb4 COLLATE=utf8mb4_unicode_ci;

INSERT INTO `survey_contribution_question` (`id`, `contribution_step_id`, `form_question_id`, `form_answer_id`, `value`, `rating`, `other`) VALUES
(1, 1, 47, 209, NULL, 0.3, NULL),
(2, 1, 48, 213, NULL, 0.1, NULL),
(3, 1, 50, 218, NULL, 0.3, NULL),
(4, 1, 51, 221, NULL, 0.1, NULL),
(5, 1, 52, 229, NULL, 0.2, NULL),
(6, 1, 53, 231, NULL, 1, NULL),
(7, 1, 54, 239, NULL, 0.8, NULL),
(8, 1, 55, 243, NULL, 0.5, NULL),
(9, 1, 56, 246, NULL, 1, NULL),
(10, 1, 58, 258, NULL, 0.5, NULL),
(11, 1, 59, 265, NULL, 0.5, NULL),
(12, 1, 60, 266, NULL, 0.1, NULL),
(13, 1, 61, 272, NULL, 0.5, NULL),
(14, 1, 49, 214, NULL, 0.1, NULL),
(15, 1, 63, NULL, 'test lo', NULL, NULL),
(16, 2, 1, 1, NULL, NULL, NULL),
(17, 2, 2, 459, NULL, NULL, NULL),
(18, 2, 3, 7, NULL, NULL, NULL),
(19, 2, 4, 11, NULL, NULL, NULL),
(20, 2, 5, 18, NULL, 0.3, NULL),
(21, 2, 6, 24, NULL, 0.3, NULL),
(22, 2, 7, NULL, '1', 0.2, NULL),
(23, 2, 8, NULL, '3', 0.4, NULL),
(24, 2, 9, NULL, '1', 0.2, NULL),
(25, 2, 10, 29, NULL, 0.3, NULL),
(26, 2, 11, NULL, '2', 0.3, NULL),
(27, 2, 12, 32, NULL, 0.1, NULL),
(28, 2, 13, 36, NULL, 0, NULL),
(29, 2, 14, 43, NULL, 0.2, NULL),
(30, 2, 15, 48, NULL, 0.3, NULL),
(31, 2, 16, 53, NULL, 0.3, NULL),
(32, 2, 17, 56, NULL, 0.1, NULL),
(33, 2, 18, 65, NULL, 0.5, NULL),
(34, 2, 19, 66, NULL, 0.1, NULL),
(35, 2, 20, 74, NULL, 0.4, NULL),
(36, 2, 21, 77, NULL, 0.2, NULL),
(37, 2, 22, 82, NULL, 0.2, NULL),
(38, 2, 23, 89, NULL, 0.4, NULL),
(39, 2, 24, 91, NULL, 0.1, NULL),
(40, 2, 25, 97, NULL, 0.4, NULL),
(41, 2, 26, 102, NULL, NULL, NULL),
(47, 2, 32, NULL, 'test lo2', NULL, NULL),
(48, 3, 33, 133, NULL, 0.2, NULL),
(49, 3, 34, 139, NULL, 0.4, NULL),
(50, 3, 35, NULL, NULL, NULL, NULL),
(51, 3, 36, 149, NULL, 0.4, NULL),
(52, 3, 37, 155, NULL, 0.6, NULL),
(53, 3, 38, NULL, NULL, NULL, NULL),
(54, 3, 39, NULL, NULL, NULL, NULL),
(55, 3, 40, 170, NULL, 0.2, NULL),
(56, 3, 41, 178, NULL, 0.8, NULL),
(57, 3, 42, NULL, NULL, NULL, NULL),
(58, 3, 43, 188, NULL, 0.4, NULL),
(59, 3, 44, 192, NULL, 0.2, NULL),
(60, 3, 45, 200, NULL, 0.8, NULL),
(61, 3, 46, 202, NULL, 0.2, NULL),
(62, 4, 79, NULL, NULL, NULL, NULL),
(63, 4, 80, 344, NULL, 0.2, NULL),
(64, 4, 81, NULL, NULL, NULL, NULL),
(65, 4, 82, NULL, NULL, NULL, NULL),
(66, 4, 83, NULL, NULL, NULL, NULL),
(67, 4, 84, NULL, NULL, NULL, NULL),
(68, 4, 85, NULL, NULL, NULL, NULL),
(69, 4, 86, NULL, NULL, NULL, NULL),
(70, 4, 87, NULL, NULL, NULL, NULL),
(71, 4, 88, NULL, NULL, NULL, NULL),
(72, 4, 89, 383, NULL, 0.1, NULL),
(73, 4, 90, NULL, NULL, NULL, NULL),
(74, 4, 91, NULL, NULL, NULL, NULL),
(75, 4, 92, NULL, NULL, NULL, NULL),
(76, 4, 93, NULL, NULL, NULL, NULL),
(77, 4, 94, NULL, NULL, NULL, NULL),
(78, 4, 95, NULL, 'Hello,\r\n\r\nTest new line!\r\n\r\nAnd blank answers...', NULL, NULL),
(79, 5, 1, 1, NULL, NULL, NULL),
(80, 5, 2, 3, NULL, NULL, NULL),
(81, 5, 3, 7, NULL, NULL, NULL),
(82, 5, 4, 11, NULL, NULL, NULL),
(83, 5, 5, 17, NULL, 0.2, NULL),
(84, 5, 6, 22, NULL, 0.1, NULL),
(85, 5, 7, NULL, '1', 0.2, NULL),
(86, 5, 8, NULL, '2', 0.3, NULL),
(87, 5, 9, NULL, '1', 0.2, NULL),
(88, 5, 10, 27, NULL, 0.1, NULL),
(89, 5, 11, NULL, '3', 0.4, NULL),
(90, 5, 12, 32, NULL, 0.1, NULL),
(91, 5, 13, 39, NULL, 0.3, NULL),
(92, 5, 14, 45, NULL, 0.4, NULL),
(93, 5, 15, 47, NULL, 0.2, NULL),
(94, 5, 16, 53, NULL, 0.3, NULL),
(95, 5, 17, 57, NULL, 0.2, NULL),
(96, 5, 18, 63, NULL, 0.3, NULL),
(97, 5, 19, 67, NULL, 0.2, NULL),
(98, 5, 20, 73, NULL, 0.3, NULL),
(99, 5, 21, 77, NULL, 0.2, NULL),
(100, 5, 22, 84, NULL, 0.4, NULL),
(101, 5, 23, 87, NULL, 0.2, NULL),
(102, 5, 24, 95, NULL, 0.5, NULL),
(103, 5, 25, 97, NULL, 0.4, NULL),
(104, 5, 26, 105, NULL, NULL, NULL),
(105, 5, 114, NULL, NULL, NULL, NULL),
(106, 5, 32, NULL, 'lorem ipsum', NULL, NULL),
(107, 6, 33, 137, NULL, 1, NULL),
(108, 6, 34, NULL, NULL, NULL, NULL),
(109, 6, 35, NULL, NULL, NULL, NULL),
(110, 6, 36, NULL, NULL, NULL, NULL),
(111, 6, 37, NULL, NULL, NULL, NULL),
(112, 6, 38, NULL, NULL, NULL, NULL),
(113, 6, 39, NULL, NULL, NULL, NULL),
(114, 6, 40, NULL, NULL, NULL, NULL),
(115, 6, 41, NULL, NULL, NULL, NULL),
(116, 6, 42, NULL, NULL, NULL, NULL),
(117, 6, 43, NULL, NULL, NULL, NULL),
(118, 6, 44, NULL, NULL, NULL, NULL),
(119, 6, 45, NULL, NULL, NULL, NULL),
(120, 6, 46, NULL, NULL, NULL, NULL),
(121, 7, 1, 1, NULL, NULL, NULL),
(122, 7, 2, NULL, NULL, NULL, NULL),
(123, 7, 3, NULL, NULL, NULL, NULL),
(124, 7, 4, NULL, NULL, NULL, NULL),
(125, 7, 5, NULL, NULL, NULL, NULL),
(126, 7, 6, NULL, NULL, NULL, NULL),
(127, 7, 7, NULL, '1', 0.2, NULL),
(128, 7, 8, NULL, '3', 0.4, NULL),
(129, 7, 9, NULL, NULL, NULL, NULL),
(130, 7, 10, NULL, NULL, NULL, NULL),
(131, 7, 11, NULL, NULL, NULL, NULL),
(132, 7, 12, NULL, NULL, NULL, NULL),
(133, 7, 13, NULL, NULL, NULL, NULL),
(134, 7, 14, NULL, NULL, NULL, NULL),
(135, 7, 15, NULL, NULL, NULL, NULL),
(136, 7, 16, NULL, NULL, NULL, NULL),
(137, 7, 17, NULL, NULL, NULL, NULL),
(138, 7, 18, NULL, NULL, NULL, NULL),
(139, 7, 19, NULL, NULL, NULL, NULL),
(140, 7, 20, NULL, NULL, NULL, NULL),
(141, 7, 21, NULL, NULL, NULL, NULL),
(142, 7, 22, NULL, NULL, NULL, NULL),
(143, 7, 23, NULL, NULL, NULL, NULL),
(144, 7, 24, NULL, NULL, NULL, NULL),
(145, 7, 25, NULL, NULL, NULL, NULL),
(146, 7, 26, NULL, NULL, NULL, NULL),
(147, 7, 114, NULL, NULL, NULL, NULL),
(148, 7, 32, NULL, NULL, NULL, NULL),
(149, 8, 33, NULL, NULL, NULL, NULL),
(150, 8, 34, NULL, NULL, NULL, NULL),
(151, 8, 35, NULL, NULL, NULL, NULL),
(152, 8, 36, NULL, NULL, NULL, NULL),
(153, 8, 37, NULL, NULL, NULL, NULL),
(154, 8, 38, NULL, NULL, NULL, NULL),
(155, 8, 39, NULL, NULL, NULL, NULL),
(156, 8, 40, NULL, NULL, NULL, NULL),
(157, 8, 41, NULL, NULL, NULL, NULL),
(158, 8, 42, NULL, NULL, NULL, NULL),
(159, 8, 43, NULL, NULL, NULL, NULL),
(160, 8, 44, NULL, NULL, NULL, NULL),
(161, 8, 45, NULL, NULL, NULL, NULL),
(162, 8, 46, NULL, NULL, NULL, NULL),
(163, 9, 96, 412, NULL, 0.1, NULL),
(164, 9, 97, 415, NULL, 0.1, NULL),
(165, 9, 98, 418, NULL, 0.1, NULL),
(166, 9, 99, 421, NULL, 0.1, NULL),
(167, 9, 100, 424, NULL, 0.1, NULL),
(168, 9, 101, 427, NULL, 0.1, NULL),
(169, 9, 102, 429, NULL, NULL, NULL),
(170, 9, 111, 462, NULL, 0.5, NULL),
(171, 9, 103, 430, NULL, 0.1, NULL),
(172, 9, 105, 441, NULL, 1, NULL),
(173, 9, 106, 442, NULL, 0.1, NULL),
(174, 9, 107, 447, NULL, 0.2, NULL),
(175, 9, 108, 452, NULL, 0.2, NULL),
(176, 9, 109, 457, NULL, 1, NULL),
(177, 9, 113, 466, NULL, 0.5, NULL),
(178, 9, 104, 436, NULL, 0.5, NULL),
(179, 9, 112, 464, NULL, 0.5, NULL),
(180, 9, 110, NULL, NULL, NULL, NULL);

CREATE TABLE `survey_contribution_question_survey_form_answer` (
  `survey_contribution_question_id` int(11) NOT NULL,
  `survey_form_answer_id` int(11) NOT NULL
) ENGINE=InnoDB DEFAULT CHARSET=utf8mb4 COLLATE=utf8mb4_unicode_ci;

INSERT INTO `survey_contribution_question_survey_form_answer` (`survey_contribution_question_id`, `survey_form_answer_id`) VALUES
(50, 143),
(50, 145),
(50, 146),
(53, 158),
(53, 161),
(53, 162),
(54, 166),
(54, 168),
(57, 180),
(57, 183),
(57, 185),
(151, 143),
(151, 145);

CREATE TABLE `survey_contribution_ranking_answer` (
  `id` int(11) NOT NULL,
  `contribution_question_id` int(11) NOT NULL,
  `form_answer_id` int(11) NOT NULL,
  `position` int(11) NOT NULL
) ENGINE=InnoDB DEFAULT CHARSET=utf8mb4 COLLATE=utf8mb4_unicode_ci;

INSERT INTO `survey_contribution_ranking_answer` (`id`, `contribution_question_id`, `form_answer_id`, `position`) VALUES
(1, 105, 473, 3),
(2, 105, 474, 2),
(3, 105, 475, 1),
(4, 105, 476, 4),
(5, 105, 477, 0),
(6, 147, 473, 0),
(7, 147, 474, 1),
(8, 147, 475, 2),
(9, 147, 476, 3),
(10, 147, 477, 4);

CREATE TABLE `survey_contribution_step` (
  `id` int(11) NOT NULL,
  `contribution_id` int(11) NOT NULL,
  `form_step_id` int(11) NOT NULL
) ENGINE=InnoDB DEFAULT CHARSET=utf8mb4 COLLATE=utf8mb4_unicode_ci;

INSERT INTO `survey_contribution_step` (`id`, `contribution_id`, `form_step_id`) VALUES
(1, 1, 3),
(2, 2, 1),
(3, 3, 2),
(4, 4, 5),
(5, 5, 1),
(6, 6, 2),
(7, 7, 1),
(8, 8, 2),
(9, 9, 6);

CREATE TABLE `survey_form` (
  `id` int(11) NOT NULL,
  `company_id` int(11) DEFAULT NULL,
  `title` varchar(128) COLLATE utf8mb4_unicode_ci NOT NULL,
  `slug` varchar(128) COLLATE utf8mb4_unicode_ci NOT NULL,
  `type` varchar(64) COLLATE utf8mb4_unicode_ci NOT NULL,
  `created_at` datetime NOT NULL,
  `updated_at` datetime NOT NULL
) ENGINE=InnoDB DEFAULT CHARSET=utf8mb4 COLLATE=utf8mb4_unicode_ci;

INSERT INTO `survey_form` (`id`, `company_id`, `title`, `slug`, `type`, `created_at`, `updated_at`) VALUES
(1, NULL, 'Overall Inclusion', 'overall-inclusion', 'general', '2018-12-17 17:51:47', '2019-01-15 16:23:34'),
(2, NULL, 'Diversity Initiatives', 'diversity-initiatives', 'general', '2018-12-17 17:51:47', '2018-12-17 17:51:47'),
(3, NULL, 'Gender Equity', 'gender-equity', 'genders', '2018-12-17 17:51:47', '2019-01-15 16:23:34'),
(4, NULL, 'LGBTQIA+ Inclusion', 'lgbtqia-plus-inclusion', 'sexual_orientations', '2018-12-17 17:51:47', '2019-01-15 16:23:34'),
(5, NULL, 'Racial Equity & Inclusion', 'racial-equity-and-inclusion', 'races', '2018-12-17 17:51:47', '2019-01-15 16:23:34'),
(6, NULL, 'Religious Freedom and Expression', 'religious-freedom-and-expression', 'religions', '2018-12-17 17:51:47', '2019-01-15 16:23:34');

CREATE TABLE `survey_form_answer` (
  `id` int(11) NOT NULL,
  `form_question_id` int(11) NOT NULL,
  `value` varchar(255) COLLATE utf8mb4_unicode_ci NOT NULL,
  `position` int(11) NOT NULL,
  `rating` decimal(8,6) DEFAULT NULL,
  `other` tinyint(1) NOT NULL
) ENGINE=InnoDB DEFAULT CHARSET=utf8mb4 COLLATE=utf8mb4_unicode_ci;

INSERT INTO `survey_form_answer` (`id`, `form_question_id`, `value`, `position`, `rating`, `other`) VALUES
(1, 1, 'Yes', 0, NULL, 0),
(2, 1, 'No', 1, NULL, 0),
(3, 2, 'They met my salary demands', 1, NULL, 0),
(4, 2, 'They upped my offer', 2, NULL, 0),
(5, 2, 'Their offer did not change', 3, NULL, 0),
(6, 3, '2 Years or Less', 0, NULL, 0),
(7, 3, '3-5 Years', 1, NULL, 0),
(8, 3, '6-10 Years', 2, NULL, 0),
(9, 3, '11-15 Years', 3, NULL, 0),
(10, 3, '15+ Years', 4, NULL, 0),
(11, 4, '2 Years or Less', 0, NULL, 0),
(12, 4, '3-5 Years', 1, NULL, 0),
(13, 4, '6-10 Years', 2, NULL, 0),
(14, 4, '11-15 Years', 3, NULL, 0),
(15, 4, '15+ Years', 4, NULL, 0),
(16, 5, 'Strongly disagree', 0, '0.100000', 0),
(17, 5, 'Disagree', 1, '0.200000', 0),
(18, 5, 'Neutral', 2, '0.300000', 0),
(19, 5, 'Agree', 3, '0.400000', 0),
(20, 5, 'Strongly agree', 4, '0.500000', 0),
(21, 6, 'Strongly disagree', 0, '0.000000', 0),
(22, 6, 'Disagree', 1, '0.100000', 0),
(23, 6, 'Neutral', 2, '0.200000', 0),
(24, 6, 'Agree', 3, '0.300000', 0),
(25, 6, 'Strongly agree', 4, '0.400000', 0),
(26, 10, 'Strongly disagree', 0, '0.000000', 0),
(27, 10, 'Disagree', 1, '0.100000', 0),
(28, 10, 'Neutral', 2, '0.200000', 0),
(29, 10, 'Agree', 3, '0.300000', 0),
(30, 10, 'Strongly agree', 4, '0.400000', 0),
(31, 12, 'Never', 0, '0.000000', 0),
(32, 12, 'Occasionally', 1, '0.100000', 0),
(33, 12, 'Sometimes', 2, '0.200000', 0),
(34, 12, 'Frequently', 3, '0.300000', 0),
(35, 12, 'Constantly', 4, '0.400000', 0),
(36, 13, 'Never', 0, '0.000000', 0),
(37, 13, 'Occasionally', 1, '0.100000', 0),
(38, 13, 'Sometimes', 2, '0.200000', 0),
(39, 13, 'Frequently', 3, '0.300000', 0),
(40, 13, 'Constantly', 4, '0.400000', 0),
(41, 14, 'Never', 0, '0.000000', 0),
(42, 14, 'Occasionally', 1, '0.100000', 0),
(43, 14, 'Sometimes', 2, '0.200000', 0),
(44, 14, 'Frequently', 3, '0.300000', 0),
(45, 14, 'Constantly', 4, '0.400000', 0),
(46, 15, 'Strongly disagree', 0, '0.100000', 0),
(47, 15, 'Disagree', 1, '0.200000', 0),
(48, 15, 'Neutral', 2, '0.300000', 0),
(49, 15, 'Agree', 3, '0.400000', 0),
(50, 15, 'Strongly agree', 4, '0.500000', 0),
(51, 16, 'Strongly disagree', 0, '0.100000', 0),
(52, 16, 'Disagree', 1, '0.200000', 0),
(53, 16, 'Neutral', 2, '0.300000', 0),
(54, 16, 'Agree', 3, '0.400000', 0),
(55, 16, 'Strongly agree', 4, '0.500000', 0),
(56, 17, 'Strongly disagree', 0, '0.100000', 0),
(57, 17, 'Disagree', 1, '0.200000', 0),
(58, 17, 'Neutral', 2, '0.300000', 0),
(59, 17, 'Agree', 3, '0.400000', 0),
(60, 17, 'Strongly agree', 4, '0.500000', 0),
(61, 18, 'Strongly disagree', 0, '0.100000', 0),
(62, 18, 'Disagree', 1, '0.200000', 0),
(63, 18, 'Neutral', 2, '0.300000', 0),
(64, 18, 'Agree', 3, '0.400000', 0),
(65, 18, 'Strongly agree', 4, '0.500000', 0),
(66, 19, 'Never', 0, '0.100000', 0),
(67, 19, 'Occasionally', 1, '0.200000', 0),
(68, 19, 'Sometimes', 2, '0.300000', 0),
(69, 19, 'Frequently', 3, '0.400000', 0),
(70, 19, 'Constantly', 4, '0.500000', 0),
(71, 20, 'Strongly disagree', 0, '0.100000', 0),
(72, 20, 'Disagree', 1, '0.200000', 0),
(73, 20, 'Neutral', 2, '0.300000', 0),
(74, 20, 'Agree', 3, '0.400000', 0),
(75, 20, 'Strongly agree', 4, '0.500000', 0),
(76, 21, 'Strongly disagree', 0, '0.100000', 0),
(77, 21, 'Disagree', 1, '0.200000', 0),
(78, 21, 'Neutral', 2, '0.300000', 0),
(79, 21, 'Agree', 3, '0.400000', 0),
(80, 21, 'Strongly agree', 4, '0.500000', 0),
(81, 22, 'Never', 0, '0.100000', 0),
(82, 22, 'Occasionally', 1, '0.200000', 0),
(83, 22, 'Sometimes', 2, '0.300000', 0),
(84, 22, 'Frequently', 3, '0.400000', 0),
(85, 22, 'Constantly', 4, '0.500000', 0),
(86, 23, 'Never', 0, '0.100000', 0),
(87, 23, 'Occasionally', 1, '0.200000', 0),
(88, 23, 'Sometimes', 2, '0.300000', 0),
(89, 23, 'Frequently', 3, '0.400000', 0),
(90, 23, 'Constantly', 4, '0.500000', 0),
(91, 24, 'Never', 0, '0.100000', 0),
(92, 24, 'Occasionally', 1, '0.200000', 0),
(93, 24, 'Sometimes', 2, '0.300000', 0),
(94, 24, 'Frequently', 3, '0.400000', 0),
(95, 24, 'Constantly', 4, '0.500000', 0),
(96, 25, 'Strongly disagree', 0, '0.500000', 0),
(97, 25, 'Disagree', 1, '0.400000', 0),
(98, 25, 'Neutral', 2, '0.300000', 0),
(99, 25, 'Agree', 3, '0.200000', 0),
(100, 25, 'Strongly agree', 4, '0.100000', 0),
(101, 26, '10%', 0, NULL, 0),
(102, 26, '20%', 1, NULL, 0),
(103, 26, '30%', 2, NULL, 0),
(104, 26, '40%', 3, NULL, 0),
(105, 26, '50%', 4, NULL, 0),
(106, 26, 'I would not switch to a competitor', 5, NULL, 0),
(107, 26, 'Enter percentage', 6, NULL, 1),
(133, 33, 'Strongly disagree', 0, '0.200000', 0),
(134, 33, 'Disagree', 1, '0.400000', 0),
(135, 33, 'Neutral', 2, '0.600000', 0),
(136, 33, 'Agree', 3, '0.800000', 0),
(137, 33, 'Strongly agree', 4, '1.000000', 0),
(138, 34, 'Not at all', 0, '0.200000', 0),
(139, 34, 'Very infrequently', 1, '0.400000', 0),
(140, 34, 'On an ad hoc basis', 2, '0.600000', 0),
(141, 34, 'In regular communications that focus on diversity & inclusion', 3, '0.800000', 0),
(142, 34, 'Whenever discussing the organization\'s business strategy and goals', 4, '1.000000', 0),
(143, 35, 'Comply with legal requirements', 0, NULL, 0),
(144, 35, 'Enhance external reputation', 1, NULL, 0),
(145, 35, 'Respond to customer expectations', 2, NULL, 0),
(146, 35, 'Attract and retain talent', 3, NULL, 0),
(147, 35, 'Achieve business results', 4, NULL, 0),
(148, 36, 'Im not aware', 0, '0.200000', 0),
(149, 36, 'Progress towards meeting diversity & inclusion goals influences performance evaluation and compensation outcomes for all employees', 1, '0.400000', 0),
(150, 36, 'Progress towards meeting diversity & inclusion goals influences performance evaluation and compensation outcomes for leaders', 2, '0.600000', 0),
(151, 36, 'Leaders’ progress toward meeting their diversity & inclusion goals is measured', 3, '0.800000', 0),
(152, 36, 'Leaders are tasked with specific diversity & inclusion goals', 4, '1.000000', 0),
(153, 37, 'I don\'t know', 0, '0.200000', 0),
(154, 37, 'My organization does not have a clear leader for diversity & inclusion efforts', 1, '0.400000', 0),
(155, 37, 'A staff member who has a variety of other non-diversity related responsibilities and priorities', 2, '0.600000', 0),
(156, 37, 'A dedicated program leader who reports under other senior executives', 3, '0.800000', 0),
(157, 37, 'A dedicated program leader who is considered a peer to other C-Suite executives', 4, '1.000000', 0),
(158, 38, 'Non-discrimination and regulatory compliance', 0, NULL, 0),
(159, 38, 'Embracing differences in the workplace', 1, NULL, 0),
(160, 38, 'Overcoming unconscious bias', 2, NULL, 0),
(161, 38, 'Teaching leaders how to manage diverse populations', 3, NULL, 0),
(162, 38, 'How inclusive behaviours can be embedded into my everyday job activities and responsibilities (such as product design, customer service, etc.)', 4, NULL, 0),
(163, 38, 'None of the above', 5, NULL, 0),
(164, 38, 'I don’t know', 6, NULL, 0),
(165, 39, 'My organization does not have affinity groups', 0, NULL, 0),
(166, 39, 'Connect people from different backgrounds or experiences', 1, NULL, 0),
(167, 39, 'Provide support and mentorship to employees of similar backgrounds or experiences', 2, NULL, 0),
(168, 39, 'Execute programs – such as celebrations or speaker series – that raise awareness about diversity & inclusion within the organization', 3, NULL, 0),
(169, 39, 'Are leveraged by the business to drive strategic priorities', 4, NULL, 0),
(170, 40, 'Does not consider supplier diversity', 0, '0.200000', 0),
(171, 40, 'Considers supplier diversity on an ad hoc basis or when requested to do so', 1, '0.400000', 0),
(172, 40, 'Consistently considers supplier diversity', 2, '0.600000', 0),
(173, 40, 'Proactively solicits proposals from and contracts with diverse suppliers as part of the organization’s overarching supply chain strategy', 3, '0.800000', 0),
(174, 40, 'Works exclusively with diverse suppliers', 4, '1.000000', 0),
(175, 41, 'Strongly disagree', 0, '0.200000', 0),
(176, 41, 'Disagree', 1, '0.400000', 0),
(177, 41, 'Neutral', 2, '0.600000', 0),
(178, 41, 'Agree', 3, '0.800000', 0),
(179, 41, 'Strongly agree', 4, '1.000000', 0),
(180, 42, 'Employee demographics, compensation, or other data required to comply with regulatory requirements', 0, NULL, 0),
(181, 42, 'Discrepancies in performance rankings by gender, race, and/or other dimensions of diversity', 1, NULL, 0),
(182, 42, 'Discrepancies in compensation by gender, race, and/or other dimensions of diversity', 2, NULL, 0),
(183, 42, 'Discrepancies in promotions by gender, race, and/or other dimensions of diversity', 3, NULL, 0),
(184, 42, 'Feedback from customers on our diversity practices', 4, NULL, 0),
(185, 42, 'None of the above', 5, NULL, 0),
(186, 42, 'I don’t know', 6, NULL, 0),
(187, 43, 'Strongly disagree', 0, '0.200000', 0),
(188, 43, 'Disagree', 1, '0.400000', 0),
(189, 43, 'Neutral', 2, '0.600000', 0),
(190, 43, 'Agree', 3, '0.800000', 0),
(191, 43, 'Strongly agree', 4, '1.000000', 0),
(192, 44, 'Strongly agree', 0, '0.200000', 0),
(193, 44, 'Agree', 1, '0.400000', 0),
(194, 44, 'Neutral', 2, '0.600000', 0),
(195, 44, 'Disagree', 3, '0.800000', 0),
(196, 44, 'Strongly disagree', 4, '1.000000', 0),
(197, 45, 'Strongly disagree', 0, '0.200000', 0),
(198, 45, 'Disagree', 1, '0.400000', 0),
(199, 45, 'Neutral', 2, '0.600000', 0),
(200, 45, 'Agree', 3, '0.800000', 0),
(201, 45, 'Strongly agree', 4, '1.000000', 0),
(202, 46, 'Strongly disagree', 0, '0.200000', 0),
(203, 46, 'Disagree', 1, '0.400000', 0),
(204, 46, 'Neutral', 2, '0.600000', 0),
(205, 46, 'Agree', 3, '0.800000', 0),
(206, 46, 'Strongly agree', 4, '1.000000', 0),
(207, 47, 'None', 0, '0.100000', 0),
(208, 47, 'A Few', 1, '0.200000', 0),
(209, 47, 'Some', 2, '0.300000', 0),
(210, 47, 'Enough', 3, '0.400000', 0),
(211, 47, 'An Abundance', 4, '0.500000', 0),
(212, 48, 'Yes', 0, '0.500000', 0),
(213, 48, 'No', 1, '0.100000', 0),
(214, 49, 'Yes', 0, '0.100000', 0),
(215, 49, 'No', 1, '0.500000', 0),
(216, 50, 'Constantly', 0, '0.100000', 0),
(217, 50, 'Frequently', 1, '0.200000', 0),
(218, 50, 'Sometimes', 2, '0.300000', 0),
(219, 50, 'Occasionally', 3, '0.400000', 0),
(220, 50, 'Never', 4, '0.500000', 0),
(221, 51, 'Constantly', 0, '0.100000', 0),
(222, 51, 'Frequently', 1, '0.200000', 0),
(223, 51, 'Sometimes', 2, '0.300000', 0),
(224, 51, 'Occasionally', 3, '0.400000', 0),
(225, 51, 'Never', 4, '0.500000', 0),
(226, 52, 'Never', 0, '0.500000', 0),
(227, 52, 'Occasionally', 1, '0.400000', 0),
(228, 52, 'Sometimes', 2, '0.300000', 0),
(229, 52, 'Frequently', 3, '0.200000', 0),
(230, 52, 'Constantly', 4, '0.100000', 0),
(231, 53, 'Never', 0, '1.000000', 0),
(232, 53, 'Occasionally', 1, '0.800000', 0),
(233, 53, 'Sometimes', 2, '0.500000', 0),
(234, 53, 'Frequently', 3, '0.200000', 0),
(235, 53, 'Constantly', 4, '0.100000', 0),
(236, 54, 'Never', 0, '0.100000', 0),
(237, 54, 'Occasionally', 1, '0.200000', 0),
(238, 54, 'Sometimes', 2, '0.500000', 0),
(239, 54, 'Frequently', 3, '0.800000', 0),
(240, 54, 'Constantly', 4, '1.000000', 0),
(241, 55, 'Strongly disagree', 0, '1.000000', 0),
(242, 55, 'Disagree', 1, '0.800000', 0),
(243, 55, 'Neutral', 2, '0.500000', 0),
(244, 55, 'Agree', 3, '0.200000', 0),
(245, 55, 'Strongly agree', 4, '0.100000', 0),
(246, 56, 'Strongly agree', 0, '1.000000', 0),
(247, 56, 'Agree', 1, '0.800000', 0),
(248, 56, 'Somewhat agree', 2, '0.500000', 0),
(249, 56, 'Disagree', 3, '0.200000', 0),
(250, 56, 'Strongly disagree', 4, '0.100000', 0),
(256, 58, 'Never', 0, '0.100000', 0),
(257, 58, 'Not likely', 1, '0.200000', 0),
(258, 58, 'Somewhat likely', 2, '0.500000', 0),
(259, 58, 'Likely', 3, '0.800000', 0),
(260, 58, 'Very likely', 4, '1.000000', 0),
(261, 59, 'Strongly agree', 0, '0.100000', 0),
(262, 59, 'Agree', 1, '0.200000', 0),
(263, 59, 'Neutral', 2, '0.300000', 0),
(264, 59, 'Disagree', 3, '0.400000', 0),
(265, 59, 'Strongly disagree', 4, '0.500000', 0),
(266, 60, 'Strongly agree', 0, '0.100000', 0),
(267, 60, 'Agree', 1, '0.200000', 0),
(268, 60, 'Neutral', 2, '0.500000', 0),
(269, 60, 'Disagree', 3, '0.800000', 0),
(270, 60, 'Strongly disagree', 4, '1.000000', 0),
(271, 61, 'Yes', 0, '0.000000', 0),
(272, 61, 'No', 1, '0.500000', 0),
(273, 61, 'Not applicable', 2, NULL, 0),
(278, 64, 'None', 0, '0.100000', 0),
(279, 64, 'A Few', 1, '0.200000', 0),
(280, 64, 'Some', 2, '0.300000', 0),
(281, 64, 'Enough', 3, '0.400000', 0),
(282, 64, 'An Abundance', 4, '0.500000', 0),
(283, 65, 'Yes', 0, NULL, 0),
(284, 65, 'No', 1, NULL, 0),
(285, 66, 'Constantly', 0, '0.100000', 0),
(286, 66, 'Frequently', 1, '0.200000', 0),
(287, 66, 'Sometimes', 2, '0.300000', 0),
(288, 66, 'Occasionally', 3, '0.400000', 0),
(289, 66, 'Never', 4, '0.500000', 0),
(290, 67, 'Never', 0, '0.500000', 0),
(291, 67, 'Occasionally', 1, '0.400000', 0),
(292, 67, 'Sometimes', 2, '0.300000', 0),
(293, 67, 'Frequently', 3, '0.200000', 0),
(294, 67, 'Constantly', 4, '0.100000', 0),
(295, 68, 'Constantly', 0, '0.200000', 0),
(296, 68, 'Frequently', 1, '0.400000', 0),
(297, 68, 'Sometimes', 2, '0.600000', 0),
(298, 68, 'Occasionally', 3, '0.800000', 0),
(299, 68, 'Never', 4, '1.000000', 0),
(300, 69, 'Yes', 0, '0.500000', 0),
(301, 69, 'No', 1, '0.100000', 0),
(302, 70, 'Never', 0, '0.200000', 0),
(303, 70, 'Occasionally', 1, '0.400000', 0),
(304, 70, 'Sometimes', 2, '0.600000', 0),
(305, 70, 'Frequently', 3, '0.800000', 0),
(306, 70, 'Constantly', 4, '1.000000', 0),
(307, 71, 'Strongly disagree', 0, '0.200000', 0),
(308, 71, 'Disagree', 1, '0.400000', 0),
(309, 71, 'Somewhat agree', 2, '0.600000', 0),
(310, 71, 'Agree', 3, '0.800000', 0),
(311, 71, 'Strongly agree', 4, '1.000000', 0),
(312, 72, 'Strongly agree', 0, '0.200000', 0),
(313, 72, 'Agree', 1, '0.400000', 0),
(314, 72, 'Somewhat agree', 2, '0.600000', 0),
(315, 72, 'Disagree', 3, '0.800000', 0),
(316, 72, 'Strongly disagree', 4, '1.000000', 0),
(317, 73, 'Strongly agree', 0, '0.100000', 0),
(318, 73, 'Agree', 1, '0.200000', 0),
(319, 73, 'Somewhat agree', 2, '0.300000', 0),
(320, 73, 'Disagree', 3, '0.400000', 0),
(321, 73, 'Strongly disagree', 4, '0.500000', 0),
(322, 74, 'Strongly disagree', 0, '0.100000', 0),
(323, 74, 'Disagree', 1, '0.200000', 0),
(324, 74, 'Somewhat agree', 2, '0.300000', 0),
(325, 74, 'Agree', 3, '0.400000', 0),
(326, 74, 'Strongly agree', 4, '0.500000', 0),
(327, 75, 'Never', 0, '0.200000', 0),
(328, 75, 'Not likely', 1, '0.400000', 0),
(329, 75, 'Somewhat likely', 2, '0.600000', 0),
(330, 75, 'Likely', 3, '0.800000', 0),
(331, 75, 'Very likely', 4, '1.000000', 0),
(332, 76, 'Strongly disagree', 0, '1.000000', 0),
(333, 76, 'Disagree', 1, '0.800000', 0),
(334, 77, 'Extremely uncomfortable', 0, '0.200000', 0),
(335, 77, 'Uncomfortable', 1, '0.400000', 0),
(336, 77, 'Neutral', 2, '0.600000', 0),
(337, 77, 'Comfortable', 3, '0.800000', 0),
(338, 77, 'Extremely comfortable', 4, '1.000000', 0),
(339, 79, 'None', 0, '0.100000', 0),
(340, 79, 'A Few', 1, '0.200000', 0),
(341, 79, 'Some', 2, '0.300000', 0),
(342, 79, 'Enough', 3, '0.400000', 0),
(343, 79, 'An Abundance', 4, '0.500000', 0),
(344, 80, 'Yes', 0, '0.200000', 0),
(345, 80, 'No', 1, '0.100000', 0),
(346, 81, 'No', 0, '0.100000', 0),
(347, 81, 'Yes, but it is non existent', 1, '0.200000', 0),
(348, 81, 'Yes, but we rarely meet', 2, '0.300000', 0),
(349, 81, 'Yes', 3, '0.400000', 0),
(350, 81, 'Yes, and it is a very powerful group', 4, '0.500000', 0),
(351, 82, 'Yes', 0, '0.200000', 0),
(352, 82, 'No', 1, '0.300000', 0),
(353, 83, 'Constantly', 0, '0.100000', 0),
(354, 83, 'Frequently', 1, '0.200000', 0),
(355, 83, 'Sometimes', 2, '0.300000', 0),
(356, 83, 'Occasionally', 3, '0.400000', 0),
(357, 83, 'Never', 4, '0.500000', 0),
(358, 84, 'Constantly', 0, '0.200000', 0),
(359, 84, 'Frequently', 1, '0.400000', 0),
(360, 84, 'Sometimes', 2, '0.600000', 0),
(361, 84, 'Occasionally', 3, '0.800000', 0),
(362, 84, 'Never', 4, '1.000000', 0),
(363, 85, 'Constantly', 0, '0.100000', 0),
(364, 85, 'Frequently', 1, '0.200000', 0),
(365, 85, 'Sometimes', 2, '0.300000', 0),
(366, 85, 'Occasionally', 3, '0.400000', 0),
(367, 85, 'Never', 4, '0.500000', 0),
(368, 86, 'Constantly', 0, '0.200000', 0),
(369, 86, 'Frequently', 1, '0.400000', 0),
(370, 86, 'Sometimes', 2, '0.600000', 0),
(371, 86, 'Occasionally', 3, '0.800000', 0),
(372, 86, 'Never', 4, '1.000000', 0),
(373, 87, 'Never', 0, '0.100000', 0),
(374, 87, 'Occasionally', 1, '0.200000', 0),
(375, 87, 'Sometimes', 2, '0.300000', 0),
(376, 87, 'Frequently', 3, '0.400000', 0),
(377, 87, 'Constantly', 4, '0.500000', 0),
(378, 88, 'Strongly disagree', 0, '0.500000', 0),
(379, 88, 'Disagree', 1, '0.400000', 0),
(380, 88, 'Somewhat agree', 2, '0.300000', 0),
(381, 88, 'Agree', 3, '0.200000', 0),
(382, 88, 'Strongly agree', 4, '0.100000', 0),
(383, 89, 'Strongly agree', 0, '0.100000', 0),
(384, 89, 'Agree', 1, '0.200000', 0),
(385, 89, 'Somewhat agree', 2, '0.300000', 0),
(386, 89, 'Disagree', 3, '0.400000', 0),
(387, 89, 'Strongly disagree', 4, '0.500000', 0),
(388, 90, 'Strongly disagree', 0, '0.200000', 0),
(389, 90, 'Disagree', 1, '0.400000', 0),
(390, 90, 'Neutral', 2, '0.600000', 0),
(391, 90, 'Agree', 3, '0.800000', 0),
(392, 90, 'Strongly agree', 4, '1.000000', 0),
(393, 91, 'Strongly disagree', 0, '0.100000', 0),
(394, 91, 'Disagree', 1, '0.200000', 0),
(395, 91, 'Neutral', 2, '0.300000', 0),
(396, 91, 'Agree', 3, '0.400000', 0),
(397, 91, 'Strongly agree', 4, '0.500000', 0),
(398, 92, 'Never', 0, '0.200000', 0),
(399, 92, 'Not likely', 1, '0.400000', 0),
(400, 92, 'Somewhat likely', 2, '0.600000', 0),
(401, 92, 'Likely', 3, '0.800000', 0),
(402, 92, 'Very likely', 4, '1.000000', 0),
(403, 93, 'Constantly', 0, '0.200000', 0),
(404, 93, 'Frequently', 1, '0.400000', 0),
(405, 93, 'Sometimes', 2, '0.600000', 0),
(406, 93, 'Occasionally', 3, '0.800000', 0),
(407, 93, 'Never', 4, '1.000000', 0),
(408, 94, 'Yes', 0, '0.100000', 0),
(409, 94, 'No', 1, '0.500000', 0),
(410, 96, 'Not applicable', 0, NULL, 0),
(411, 96, 'Yes', 1, '0.500000', 0),
(412, 96, 'No', 2, '0.100000', 0),
(413, 97, 'Not applicable', 0, NULL, 0),
(414, 97, 'Yes', 1, '0.500000', 0),
(415, 97, 'No', 2, '0.100000', 0),
(416, 98, 'Not applicable', 0, NULL, 0),
(417, 98, 'Yes', 1, '0.500000', 0),
(418, 98, 'No', 2, '0.100000', 0),
(419, 99, 'Not applicable', 0, NULL, 0),
(420, 99, 'Yes', 1, '0.500000', 0),
(421, 99, 'No', 2, '0.100000', 0),
(422, 100, 'Not applicable', 0, NULL, 0),
(423, 100, 'Yes', 1, '0.500000', 0),
(424, 100, 'No', 2, '0.100000', 0),
(425, 101, 'Not applicable', 0, NULL, 0),
(426, 101, 'Yes', 1, '0.500000', 0),
(427, 101, 'No', 2, '0.100000', 0),
(428, 102, 'Yes', 0, NULL, 0),
(429, 102, 'No', 1, NULL, 0),
(430, 103, 'No', 0, '0.100000', 0),
(431, 103, 'Yes, but it is non existent', 1, '0.200000', 0),
(432, 103, 'Yes, but we rarely meet', 2, '0.300000', 0),
(433, 103, 'Yes', 3, '0.400000', 0),
(434, 103, 'Yes, and it is a very powerful group', 4, '0.500000', 0),
(435, 104, 'Yes', 0, '0.100000', 0),
(436, 104, 'No', 1, '0.500000', 0),
(437, 105, 'Constantly', 0, '0.200000', 0),
(438, 105, 'Frequently', 1, '0.400000', 0),
(439, 105, 'Sometimes', 2, '0.600000', 0),
(440, 105, 'Occasionally', 3, '0.800000', 0),
(441, 105, 'Never', 4, '1.000000', 0),
(442, 106, 'None', 0, '0.100000', 0),
(443, 106, 'A Few', 1, '0.200000', 0),
(444, 106, 'Some', 2, '0.300000', 0),
(445, 106, 'Enough', 3, '0.400000', 0),
(446, 106, 'An Abundance', 4, '0.500000', 0),
(447, 107, 'Strongly disagree', 0, '0.200000', 0),
(448, 107, 'Disagree', 1, '0.400000', 0),
(449, 107, 'Neutral', 2, '0.600000', 0),
(450, 107, 'Agree', 3, '0.800000', 0),
(451, 107, 'Strongly agree', 4, '1.000000', 0),
(452, 108, 'Never', 0, '0.200000', 0),
(453, 108, 'Not likely', 1, '0.400000', 0),
(454, 108, 'Somewhat likely', 2, '0.600000', 0),
(455, 108, 'Likely', 3, '0.800000', 0),
(456, 108, 'Very likely', 4, '1.000000', 0),
(457, 109, 'Strongly disagree', 0, '1.000000', 0),
(458, 109, 'Disagree', 1, '0.800000', 0),
(459, 2, 'Not applicable', 0, NULL, 0),
(460, 111, 'Not applicable', 0, NULL, 0),
(461, 111, 'Yes', 1, '0.100000', 0),
(462, 111, 'No', 2, '0.500000', 0),
(463, 112, 'Yes', 0, '0.100000', 0),
(464, 112, 'No', 1, '0.500000', 0),
(465, 113, 'Yes', 0, '0.100000', 0),
(466, 113, 'No', 1, '0.500000', 0),
(467, 76, 'Somewhat agree', 2, '0.600000', 0),
(468, 76, 'Agree', 3, '0.400000', 0),
(469, 76, 'Strongly agree', 4, '0.200000', 0),
(470, 109, 'Neutral', 2, '0.600000', 0),
(471, 109, 'Agree', 3, '0.400000', 0),
(472, 109, 'Strongly agree', 4, '0.200000', 0),
(473, 114, 'Short Commute', 0, NULL, 0),
(474, 114, 'Company Mission', 1, NULL, 0),
(475, 114, 'Salary', 2, NULL, 0),
(476, 114, 'Diversity throughout the company', 3, NULL, 0),
(477, 114, 'Benefits', 4, NULL, 0);

CREATE TABLE `survey_form_gender` (
  `survey_form_id` int(11) NOT NULL,
  `gender_id` int(11) NOT NULL
) ENGINE=InnoDB DEFAULT CHARSET=utf8mb4 COLLATE=utf8mb4_unicode_ci;

INSERT INTO `survey_form_gender` (`survey_form_id`, `gender_id`) VALUES
(3, 1),
(3, 2),
(3, 3);

CREATE TABLE `survey_form_question` (
  `id` int(11) NOT NULL,
  `form_step_id` int(11) NOT NULL,
  `type` varchar(64) COLLATE utf8mb4_unicode_ci NOT NULL,
  `rating_activated` tinyint(1) NOT NULL,
  `label` longtext COLLATE utf8mb4_unicode_ci NOT NULL,
  `placeholder` varchar(128) COLLATE utf8mb4_unicode_ci DEFAULT NULL,
  `slider_label_min` varchar(128) COLLATE utf8mb4_unicode_ci DEFAULT NULL,
  `slider_label_max` varchar(128) COLLATE utf8mb4_unicode_ci DEFAULT NULL,
  `position` int(11) NOT NULL,
  `created_at` datetime NOT NULL,
  `updated_at` datetime NOT NULL
) ENGINE=InnoDB DEFAULT CHARSET=utf8mb4 COLLATE=utf8mb4_unicode_ci;

INSERT INTO `survey_form_question` (`id`, `form_step_id`, `type`, `rating_activated`, `label`, `placeholder`, `slider_label_min`, `slider_label_max`, `position`, `created_at`, `updated_at`) VALUES
(1, 1, 'choice-unique-expanded', 0, 'Did you try to negotiate your salary?', NULL, NULL, NULL, 0, '2018-12-17 17:51:47', '2018-12-17 17:51:47'),
(2, 1, 'choice-unique-collapsed', 0, 'If yes, what was the result of those negotiations? ', NULL, NULL, NULL, 1, '2018-12-17 17:51:47', '2018-12-17 17:51:47'),
(3, 1, 'choice-unique-collapsed', 0, 'How long have you been working at <COMPANY>?', NULL, NULL, NULL, 2, '2018-12-17 17:51:47', '2018-12-17 17:51:47'),
(4, 1, 'choice-unique-collapsed', 0, 'How long have you been working in your current industry?', NULL, NULL, NULL, 3, '2018-12-17 17:51:47', '2018-12-17 17:51:47'),
(5, 1, 'choice-unique-collapsed', 1, 'I am proud to be an employee of <COMPANY>:', NULL, NULL, NULL, 4, '2018-12-17 17:51:47', '2018-12-17 17:51:47'),
(6, 1, 'choice-unique-collapsed', 1, 'The process of making pay decisions are fair at <COMPANY>?', NULL, NULL, NULL, 5, '2018-12-17 17:51:47', '2018-12-17 17:51:47'),
(7, 1, 'slider', 1, 'Is stress in y️our workplace affecting your life outside of work?', NULL, 'Extremely', 'Not at all', 6, '2018-12-17 17:51:47', '2018-12-17 17:51:47'),
(8, 1, 'slider', 1, 'Do you feel respected at <COMPANY>?', NULL, 'Not at all', 'Extremely', 7, '2018-12-17 17:51:47', '2018-12-17 17:51:47'),
(9, 1, 'slider', 1, 'How are you coping with the workload assigned to you?', NULL, 'It is overwhelming', 'Not an issue', 8, '2018-12-17 17:51:47', '2018-12-17 17:51:47'),
(10, 1, 'choice-unique-collapsed', 1, 'I can have an even work/life balance and still advance in my career at <COMPANY>:', NULL, NULL, NULL, 9, '2018-12-17 17:51:47', '2018-12-17 17:51:47'),
(11, 1, 'slider', 1, 'Do you feel connected to <COMPANY> and its people?', NULL, 'Not at all', 'Extremely', 10, '2018-12-17 17:51:47', '2018-12-17 17:51:47'),
(12, 1, 'choice-unique-collapsed', 1, 'I know what is expected of me at work:', NULL, NULL, NULL, 11, '2018-12-17 17:51:47', '2018-12-17 17:51:47'),
(13, 1, 'choice-unique-collapsed', 1, 'I have the materials and equipment I need to do my work right:', NULL, NULL, NULL, 12, '2018-12-17 17:51:47', '2018-12-17 17:51:47'),
(14, 1, 'choice-unique-collapsed', 1, 'My supervisor, or someone at work, seems to care about me as a person:', NULL, NULL, NULL, 13, '2018-12-17 17:51:47', '2018-12-17 17:51:47'),
(15, 1, 'choice-unique-collapsed', 1, 'I feel comfortable giving a supervisor negative-constructive feedback:', NULL, NULL, NULL, 14, '2018-12-17 17:51:47', '2018-12-17 17:51:47'),
(16, 1, 'choice-unique-collapsed', 1, 'Would you be treated fair if you tried to solve a dispute at work?', NULL, NULL, NULL, 15, '2018-12-17 17:51:47', '2018-12-17 17:51:47'),
(17, 1, 'choice-unique-collapsed', 1, '<COMPANY> treats all employees fairly:', NULL, NULL, NULL, 16, '2018-12-17 17:51:47', '2018-12-17 17:51:47'),
(18, 1, 'choice-unique-collapsed', 1, 'The way people are identified for advancement at <COMPANY> is fair: ', NULL, NULL, NULL, 17, '2018-12-17 17:51:47', '2018-12-17 17:51:47'),
(19, 1, 'choice-unique-collapsed', 1, 'There is someone at <COMPANY> who encourages my development:', NULL, NULL, NULL, 18, '2018-12-17 17:51:47', '2018-12-17 17:51:47'),
(20, 1, 'choice-unique-collapsed', 1, 'At <COMPANY>, my opinions seem to count:', NULL, NULL, NULL, 19, '2018-12-17 17:51:47', '2018-12-17 17:51:47'),
(21, 1, 'choice-unique-collapsed', 1, 'The mission or purpose of <COMPANY> makes me feel my job is meaningful:', NULL, NULL, NULL, 20, '2018-12-17 17:51:47', '2018-12-17 17:51:47'),
(22, 1, 'choice-unique-collapsed', 1, 'My associates or fellow employees are committed to doing quality work:', NULL, NULL, NULL, 21, '2018-12-17 17:51:47', '2018-12-17 17:51:47'),
(23, 1, 'choice-unique-collapsed', 1, 'In the last six months, someone at <COMPANY> has talked to me about my progress:', NULL, NULL, NULL, 22, '2018-12-17 17:51:47', '2018-12-17 17:51:47'),
(24, 1, 'choice-unique-collapsed', 1, 'This last year, I have had opportunities at work to learn and grow:', NULL, NULL, NULL, 23, '2018-12-17 17:51:47', '2018-12-17 17:51:47'),
(25, 1, 'choice-unique-collapsed', 1, 'I think becoming a parent holds people back in their careers at <COMPANY>: ', NULL, NULL, NULL, 24, '2018-12-17 17:51:47', '2018-12-17 17:51:47'),
(26, 1, 'choice-unique-collapsed', 0, 'How much of a salary increase would a competitor have to offer you to switch companies?', NULL, NULL, NULL, 25, '2018-12-17 17:51:47', '2018-12-17 17:51:47'),
(32, 1, 'textarea', 0, 'What suggestions do you have about <COMPANY> that can be improved? (Comment briefly below)', NULL, NULL, NULL, 27, '2018-12-17 17:51:47', '2018-12-17 17:51:47'),
(33, 2, 'choice-unique-collapsed', 1, 'Diversity & Inclusion is one of <COMPANY> stated values and priority areas:', NULL, NULL, NULL, 0, '2018-12-17 17:51:47', '2018-12-17 17:51:47'),
(34, 2, 'choice-unique-collapsed', 1, 'Leaders communicate that having a diverse, inclusive workforce is vital for <COMPANY> business success:', NULL, NULL, NULL, 1, '2018-12-17 17:51:47', '2018-12-17 17:51:47'),
(35, 2, 'choice-multiple-expanded', 0, 'The primary objective of <COMPANY> diversity & inclusion program is to: (Choose all that apply)', NULL, NULL, NULL, 2, '2018-12-17 17:51:47', '2018-12-17 17:51:47'),
(36, 2, 'choice-unique-collapsed', 1, 'The following statement best describes accountability for diversity & inclusion within <COMPANY>:', NULL, NULL, NULL, 3, '2018-12-17 17:51:47', '2018-12-17 17:51:47'),
(37, 2, 'choice-unique-collapsed', 1, 'The diversity and inclusion program leader is:', NULL, NULL, NULL, 4, '2018-12-17 17:51:47', '2018-12-17 17:51:47'),
(38, 2, 'choice-multiple-expanded', 0, '<COMPANY> offers training programs that focus on: (Choose all that apply)', NULL, NULL, NULL, 5, '2018-12-17 17:51:47', '2018-12-17 17:51:47'),
(39, 2, 'choice-multiple-expanded', 0, 'Affinity groups at <COMPANY>: (choose all that apply) Note: Affinity groups (sometimes called inclusion networks, people networks, or employee resource groups) are groups formed around a shared interest, experience, demographic, or goal. Examples include Women’s Leadership Networks, or Asian Affinity Networks.', NULL, NULL, NULL, 6, '2018-12-17 17:51:47', '2018-12-17 17:51:47'),
(40, 2, 'choice-unique-collapsed', 1, 'When selecting third party suppliers/vendors to work with, <COMPANY>:', NULL, NULL, NULL, 7, '2018-12-17 17:51:47', '2018-12-17 17:51:47'),
(41, 2, 'choice-unique-collapsed', 1, '<COMPANY> regularly makes available to me information about how diverse our employees and leadership team are:', NULL, NULL, NULL, 8, '2018-12-17 17:51:47', '2018-12-17 17:51:47'),
(42, 2, 'choice-multiple-expanded', 0, '<COMPANY> gathers and analyzes the following types of data: (Choose all that apply)', NULL, NULL, NULL, 9, '2018-12-17 17:51:47', '2018-12-17 17:51:47'),
(43, 2, 'choice-unique-collapsed', 1, 'My colleagues at <COMPANY> demonstrate a commitment to creating an inclusive environment:', NULL, NULL, NULL, 10, '2018-12-17 17:51:47', '2018-12-17 17:51:47'),
(44, 2, 'choice-unique-collapsed', 1, 'The lack of diversity is a barrier to progression at <COMPANY>:', NULL, NULL, NULL, 11, '2018-12-17 17:51:47', '2018-12-17 17:51:47'),
(45, 2, 'choice-unique-collapsed', 1, 'I believe career advancement opportunities at <COMPANY> go to the most qualified person:', NULL, NULL, NULL, 12, '2018-12-17 17:51:47', '2018-12-17 17:51:47'),
(46, 2, 'choice-unique-collapsed', 1, 'The diversity education program has helped me understand and respect the differences of others:', NULL, NULL, NULL, 13, '2018-12-17 17:51:47', '2018-12-17 17:51:47'),
(47, 3, 'choice-unique-collapsed', 1, 'How would you describe the number of <GENDER> role models that <COMPANY> has?', NULL, NULL, NULL, 0, '2018-12-17 17:51:47', '2018-12-17 17:51:47'),
(48, 3, 'choice-unique-expanded', 1, 'Do you have an influential sponsor/mentor that is <GENDER>?', NULL, NULL, NULL, 1, '2018-12-17 17:51:47', '2018-12-17 17:51:47'),
(49, 3, 'choice-unique-expanded', 1, 'Have you experienced discrimination at <COMPANY> based on being <GENDER>?', NULL, NULL, NULL, 13, '2018-12-17 17:51:47', '2018-12-17 17:51:47'),
(50, 3, 'choice-unique-collapsed', 1, 'Do you experience questioning of authority by persons with whom you interact?', NULL, NULL, NULL, 2, '2018-12-17 17:51:47', '2018-12-17 17:51:47'),
(51, 3, 'choice-unique-collapsed', 1, 'Do you experience colleagues questioning your credibility?', NULL, NULL, NULL, 3, '2018-12-17 17:51:47', '2018-12-17 17:51:47'),
(52, 3, 'choice-unique-collapsed', 1, 'Do you frequently have to deal with gender stereotypes at work?', NULL, NULL, NULL, 4, '2018-12-17 17:51:47', '2018-12-17 17:51:47'),
(53, 3, 'choice-unique-collapsed', 1, 'Do you experience exclusion from informal networks?', NULL, NULL, NULL, 5, '2018-12-17 17:51:47', '2018-12-17 17:51:47'),
(54, 3, 'choice-unique-collapsed', 1, 'I feel like I have the same opportunities for sponsorship/mentorship as your colleagues of a different gender:', NULL, NULL, NULL, 6, '2018-12-17 17:51:47', '2018-12-17 17:51:47'),
(55, 3, 'choice-unique-collapsed', 1, 'I am pigeonholed in a specific department or role because I am  a <GENDER>:', NULL, NULL, NULL, 7, '2018-12-17 17:51:47', '2018-12-17 17:51:47'),
(56, 3, 'choice-unique-collapsed', 1, 'Do you agree that you have the same access to high-visibility projects as your colleagues of a different gender?', NULL, NULL, NULL, 8, '2018-12-17 17:51:47', '2018-12-17 17:51:47'),
(58, 3, 'choice-unique-collapsed', 1, 'I would ______ recommend <COMPANY> as a place for employment to other <GENDER>: (fill in the blank)', NULL, NULL, NULL, 9, '2018-12-17 17:51:47', '2018-12-17 17:51:47'),
(59, 3, 'choice-unique-collapsed', 1, 'Implicit biases against <GENDER> have affected my career advancement at <COMPANY>:', NULL, NULL, NULL, 10, '2018-12-17 17:51:47', '2018-12-17 17:51:47'),
(60, 3, 'choice-unique-collapsed', 1, 'I have been passed over for promotion at <COMPANY> for reasons related to being <GENDER>:', NULL, NULL, NULL, 11, '2018-12-17 17:51:47', '2018-12-17 17:51:47'),
(61, 3, 'choice-unique-expanded', 1, 'Have promotional opportunities been delayed or has your employer penalized you for utilizing company benefits like taking parental leave?', NULL, NULL, NULL, 12, '2018-12-17 17:51:47', '2018-12-17 17:51:47'),
(63, 3, 'textarea', 0, 'Any additional comments about what it is like being <GENDER> at <COMPANY>?', NULL, NULL, NULL, 14, '2018-12-17 17:51:47', '2018-12-17 17:51:47'),
(64, 4, 'choice-unique-collapsed', 1, 'How would you describe the number of LGBTQIA+ role models that <COMPANY> has?', NULL, NULL, NULL, 0, '2018-12-17 17:51:47', '2018-12-17 17:51:47'),
(65, 4, 'choice-unique-expanded', 0, 'Is your employer aware of your sexual orientation?', NULL, NULL, NULL, 1, '2018-12-17 17:51:47', '2018-12-17 17:51:47'),
(66, 4, 'choice-unique-collapsed', 1, 'Do you experience questioning of authority by persons with whom you interact?', NULL, NULL, NULL, 2, '2018-12-17 17:51:47', '2018-12-17 17:51:47'),
(67, 4, 'choice-unique-collapsed', 1, 'Do you have to deal with LBGTQIA+ stereotypes at work?', NULL, NULL, NULL, 3, '2018-12-17 17:51:47', '2018-12-17 17:51:47'),
(68, 4, 'choice-unique-collapsed', 1, 'Do you experience exclusion from informal networks? ', NULL, NULL, NULL, 4, '2018-12-17 17:51:47', '2018-12-17 17:51:47'),
(69, 4, 'choice-unique-expanded', 1, 'Do you have an influential sponsor/mentor that is LGBTQIA+?', NULL, NULL, NULL, 5, '2018-12-17 17:51:47', '2018-12-17 17:51:47'),
(70, 4, 'choice-unique-collapsed', 1, 'Do you feel like you have the same opportunities for mentorship as non-LGBTQIA+ colleagues?', NULL, NULL, NULL, 6, '2018-12-17 17:51:47', '2018-12-17 17:51:47'),
(71, 4, 'choice-unique-collapsed', 1, 'Do you feel as if you have the same access to high-visibility projects as your other colleagues?', NULL, NULL, NULL, 7, '2018-12-17 17:51:47', '2018-12-17 17:51:47'),
(72, 4, 'choice-unique-collapsed', 1, 'Do you feel pigeonholed in a specific department or role due to LGBTQIA+ bias?', NULL, NULL, NULL, 8, '2018-12-17 17:51:47', '2018-12-17 17:51:47'),
(73, 4, 'choice-unique-collapsed', 1, 'My actions come under greater scrutiny when compared to your heterosexual colleagues:', NULL, NULL, NULL, 9, '2018-12-17 17:51:47', '2018-12-17 17:51:47'),
(74, 4, 'choice-unique-collapsed', 1, 'Do you feel that <COMPANY> diversity programs adequately address LGBTQIA+ bias?', NULL, NULL, NULL, 10, '2018-12-17 17:51:47', '2018-12-17 17:51:47'),
(75, 4, 'choice-unique-collapsed', 1, 'How likely are you to recommend your employer to other LGBTQIA+ individuals?', NULL, NULL, NULL, 11, '2018-12-17 17:51:47', '2018-12-17 17:51:47'),
(76, 4, 'choice-unique-expanded', 1, 'I  have been passed over for promotion for reasons related to my sexual orientation:', NULL, NULL, NULL, 12, '2018-12-17 17:51:47', '2018-12-17 17:51:47'),
(77, 4, 'choice-unique-collapsed', 1, 'How comfortable are you bringing your same-sex partner/spouse to company-sponsored events?', NULL, NULL, NULL, 13, '2018-12-17 17:51:47', '2018-12-17 17:51:47'),
(78, 4, 'textarea', 0, 'Any additional comments about what it is like being LGBTQIA+ at <COMPANY>?', NULL, NULL, NULL, 14, '2018-12-17 17:51:47', '2018-12-17 17:51:47'),
(79, 5, 'choice-unique-collapsed', 1, 'How would you describe the number of <RACE> role models that <COMPANY> has?', NULL, NULL, NULL, 0, '2018-12-17 17:51:47', '2018-12-17 17:51:47'),
(80, 5, 'choice-unique-expanded', 1, 'Do you have an influential sponsor/mentor that is <RACE>?', NULL, NULL, NULL, 1, '2018-12-17 17:51:47', '2018-12-17 17:51:47'),
(81, 5, 'choice-unique-collapsed', 1, 'Does <COMPANY> have an affinity group for <RACE> employees?', NULL, NULL, NULL, 2, '2018-12-17 17:51:47', '2018-12-17 17:51:47'),
(82, 5, 'choice-unique-expanded', 1, 'Have you experienced discrimination based on being <RACE>?', NULL, NULL, NULL, 3, '2018-12-17 17:51:47', '2018-12-17 17:51:47'),
(83, 5, 'choice-unique-collapsed', 1, 'Do you experience questioning of authority by persons with whom you interact that due to being <RACE>?', NULL, NULL, NULL, 4, '2018-12-17 17:51:47', '2018-12-17 17:51:47'),
(84, 5, 'choice-unique-collapsed', 1, 'Do you experience questioning of your credibility because you are <RACE>?', NULL, NULL, NULL, 5, '2018-12-17 17:51:47', '2018-12-17 17:51:47'),
(85, 5, 'choice-unique-collapsed', 1, 'Do you have to deal with racial stereotypes at work?', NULL, NULL, NULL, 6, '2018-12-17 17:51:47', '2018-12-17 17:51:47'),
(86, 5, 'choice-unique-collapsed', 1, 'Do you experience exclusion from informal networks?', NULL, NULL, NULL, 7, '2018-12-17 17:51:47', '2018-12-17 17:51:47'),
(87, 5, 'choice-unique-collapsed', 1, 'Do you feel like you have the same opportunities for mentorship as your colleagues of other ethnicities?', NULL, NULL, NULL, 8, '2018-12-17 17:51:47', '2018-12-17 17:51:47'),
(88, 5, 'choice-unique-collapsed', 1, 'I am pigeonholed in a specific department or role:', NULL, NULL, NULL, 9, '2018-12-17 17:51:47', '2018-12-17 17:51:47'),
(89, 5, 'choice-unique-collapsed', 1, 'Do you feel that your actions come under greater scrutiny when compared to other employees of a different ethnicity?', NULL, NULL, NULL, 10, '2018-12-17 17:51:47', '2018-12-17 17:51:47'),
(90, 5, 'choice-unique-collapsed', 1, 'I have the same access to high-visibility projects as your other colleagues of different ethnicities:', NULL, NULL, NULL, 11, '2018-12-17 17:51:47', '2018-12-17 17:51:47'),
(91, 5, 'choice-unique-collapsed', 1, 'Do you feel that <COMPANY> ’s diversity programs properly address racial bias?', NULL, NULL, NULL, 12, '2018-12-17 17:51:47', '2018-12-17 17:51:47'),
(92, 5, 'choice-unique-collapsed', 1, 'I would ______ recommend <COMPANY> to other <RACE> individuals: (fill in the blank)', NULL, NULL, NULL, 13, '2018-12-17 17:51:47', '2018-12-17 17:51:47'),
(93, 5, 'choice-unique-collapsed', 1, 'Have implicit biases affected your career advancement at <COMPANY>?', NULL, NULL, NULL, 14, '2018-12-17 17:51:47', '2018-12-17 17:51:47'),
(94, 5, 'choice-unique-expanded', 1, 'Do you think <COMPANY> has passed you over for promotion for reasons related to your ethnicity?', NULL, NULL, NULL, 15, '2018-12-17 17:51:47', '2018-12-17 17:51:47'),
(95, 5, 'textarea', 0, 'Any additional comments about what it is like being <RACE> at <COMPANY>?', NULL, NULL, NULL, 16, '2018-12-17 17:51:47', '2018-12-17 17:51:47'),
(96, 6, 'choice-unique-expanded', 1, 'If applicable, do you have the ability to maintain beards for religious purpose?', NULL, NULL, NULL, 0, '2018-12-17 17:51:47', '2018-12-17 17:51:47'),
(97, 6, 'choice-unique-expanded', 1, 'If applicable, do you have the ability to wear hijabs at work?', NULL, NULL, NULL, 1, '2018-12-17 17:51:47', '2018-12-17 17:51:47'),
(98, 6, 'choice-unique-expanded', 1, 'If applicable, do you have the ability to wear headscarves at work?', NULL, NULL, NULL, 2, '2018-12-17 17:51:47', '2018-12-17 17:51:47'),
(99, 6, 'choice-unique-expanded', 1, 'Do you have the ability to move your work break to after sunset during the holy month of Ramadan?', NULL, NULL, NULL, 3, '2018-12-17 17:51:47', '2018-12-17 17:51:47'),
(100, 6, 'choice-unique-expanded', 1, 'Do you have the ability to set aside time and space for daily prayer?', NULL, NULL, NULL, 4, '2018-12-17 17:51:47', '2018-12-17 17:51:47'),
(101, 6, 'choice-unique-expanded', 1, 'Do you have the ability to perform ablutions before prayers?', NULL, NULL, NULL, 5, '2018-12-17 17:51:47', '2018-12-17 17:51:47'),
(102, 6, 'choice-unique-expanded', 0, 'Is your employer aware of your religious classification?', NULL, NULL, NULL, 6, '2018-12-17 17:51:47', '2018-12-17 17:51:47'),
(103, 6, 'choice-unique-collapsed', 1, 'Does <COMPANY> have an affinity group for <RELIGION> employees?', NULL, NULL, NULL, 8, '2018-12-17 17:51:47', '2018-12-17 17:51:47'),
(104, 6, 'choice-unique-expanded', 1, 'Has a colleague ever confided with you about religious discrimination that they experienced at <COMPANY>?', NULL, NULL, NULL, 15, '2018-12-17 17:51:47', '2018-12-17 17:51:47'),
(105, 6, 'choice-unique-collapsed', 1, 'Do you have to deal with <RELIGION> stereotypes at <COMPANY>?', NULL, NULL, NULL, 9, '2018-12-17 17:51:47', '2018-12-17 17:51:47'),
(106, 6, 'choice-unique-collapsed', 1, 'How would you describe the number of <RELIGION> role models that <COMPANY> has?', NULL, NULL, NULL, 10, '2018-12-17 17:51:47', '2018-12-17 17:51:47'),
(107, 6, 'choice-unique-collapsed', 1, 'Do you feel that <COMPANY>’s diversity programs adequately address religious bias?', NULL, NULL, NULL, 11, '2018-12-17 17:51:47', '2018-12-17 17:51:47'),
(108, 6, 'choice-unique-collapsed', 1, 'I would _____ recommend your employer to other <RELIGION> individuals? (fill in the blank)', NULL, NULL, NULL, 12, '2018-12-17 17:51:47', '2018-12-17 17:51:47'),
(109, 6, 'choice-unique-expanded', 1, 'I feel like I have been passed over for promotion for reasons related to my religion?', NULL, NULL, NULL, 13, '2018-12-17 17:51:47', '2018-12-17 17:51:47'),
(110, 6, 'textarea', 0, 'Any additional comments about what it is like being <RELIGION> at <COMPANY>', NULL, NULL, NULL, 17, '2018-12-17 17:51:47', '2018-12-17 17:51:47'),
(111, 6, 'choice-unique-expanded', 1, 'If applicable, do you feel excluded from certain activities because you are a non-drinker', NULL, NULL, NULL, 7, '2019-03-26 15:08:24', '2019-03-26 15:08:24'),
(112, 6, 'choice-unique-expanded', 1, 'Have you experienced proselytizing (to induce someone to convert to one\'s faith) at <COMPANY>?', NULL, NULL, NULL, 16, '2019-03-26 15:08:24', '2019-03-26 15:08:24'),
(113, 6, 'choice-unique-expanded', 1, 'Do you feel like you have experienced religious discrimination at <COMPANY>?', NULL, NULL, NULL, 14, '2019-03-26 15:08:24', '2019-03-26 15:08:24'),
(114, 1, 'ranking', 0, 'Rate these from 1-5, with 1 being the most important about choosing a company to work for:', NULL, NULL, NULL, 26, '2019-04-18 08:17:39', '2019-04-18 08:17:39');

CREATE TABLE `survey_form_race` (
  `survey_form_id` int(11) NOT NULL,
  `race_id` int(11) NOT NULL
) ENGINE=InnoDB DEFAULT CHARSET=utf8mb4 COLLATE=utf8mb4_unicode_ci;

INSERT INTO `survey_form_race` (`survey_form_id`, `race_id`) VALUES
(5, 1),
(5, 2),
(5, 3),
(5, 4),
(5, 5),
(5, 6),
(5, 7);

CREATE TABLE `survey_form_religion` (
  `survey_form_id` int(11) NOT NULL,
  `religion_id` int(11) NOT NULL
) ENGINE=InnoDB DEFAULT CHARSET=utf8mb4 COLLATE=utf8mb4_unicode_ci;

INSERT INTO `survey_form_religion` (`survey_form_id`, `religion_id`) VALUES
(6, 1),
(6, 2),
(6, 3),
(6, 4),
(6, 5),
(6, 6),
(6, 7),
(6, 8);

CREATE TABLE `survey_form_sexual_orientation` (
  `survey_form_id` int(11) NOT NULL,
  `sexual_orientation_id` int(11) NOT NULL
) ENGINE=InnoDB DEFAULT CHARSET=utf8mb4 COLLATE=utf8mb4_unicode_ci;

INSERT INTO `survey_form_sexual_orientation` (`survey_form_id`, `sexual_orientation_id`) VALUES
(4, 1),
(4, 2),
(4, 3),
(4, 4),
(4, 5),
(4, 6);

CREATE TABLE `survey_form_step` (
  `id` int(11) NOT NULL,
  `form_id` int(11) NOT NULL,
  `title` varchar(128) COLLATE utf8mb4_unicode_ci NOT NULL,
  `position` int(11) NOT NULL
) ENGINE=InnoDB DEFAULT CHARSET=utf8mb4 COLLATE=utf8mb4_unicode_ci;

INSERT INTO `survey_form_step` (`id`, `form_id`, `title`, `position`) VALUES
(1, 1, 'Questions', 0),
(2, 2, 'Questions', 0),
(3, 3, 'Questions', 0),
(4, 4, 'Questions', 0),
(5, 5, 'Questions', 0),
(6, 6, 'Questions', 0);

CREATE TABLE `team_member` (
  `id` int(11) NOT NULL,
  `type` varchar(128) COLLATE utf8mb4_unicode_ci NOT NULL,
  `name` varchar(255) COLLATE utf8mb4_unicode_ci NOT NULL,
  `function` varchar(255) COLLATE utf8mb4_unicode_ci NOT NULL,
  `position` int(11) NOT NULL,
  `created_at` datetime NOT NULL,
  `updated_at` datetime NOT NULL,
  `image_name` varchar(255) COLLATE utf8mb4_unicode_ci DEFAULT NULL,
  `image_original_name` varchar(255) COLLATE utf8mb4_unicode_ci DEFAULT NULL,
  `image_mime_type` varchar(255) COLLATE utf8mb4_unicode_ci DEFAULT NULL,
  `image_size` int(11) DEFAULT NULL,
  `image_dimensions` longtext COLLATE utf8mb4_unicode_ci COMMENT '(DC2Type:simple_array)'
) ENGINE=InnoDB DEFAULT CHARSET=utf8mb4 COLLATE=utf8mb4_unicode_ci;

INSERT INTO `team_member` (`id`, `type`, `name`, `function`, `position`, `created_at`, `updated_at`, `image_name`, `image_original_name`, `image_mime_type`, `image_size`, `image_dimensions`) VALUES
(1, 'community-liaisons', 'Mrs. Ofelia Kautzer Jr.', 'Electrical Sales Representative', 0, '2018-12-14 14:56:49', '2018-12-14 14:56:49', '1OXT1JMO-image.jpg', 'ishan-seefromthesky-490967-unsplash.jpg', 'image/jpeg', 1722932, '2213,2766'),
(2, 'community-liaisons', 'Jesus Keebler', 'Human Resources Manager', 1, '2018-12-14 14:56:49', '2018-12-14 14:56:49', 'FLNwW99j-image.jpg', 'oleg-ivanov-1166308-unsplash.jpg', 'image/jpeg', 4724888, '5184,3456'),
(3, 'community-liaisons', 'Mercedes Lindgren', 'Obstetrician', 2, '2018-12-14 14:56:49', '2018-12-14 14:56:49', 'EruYEfBD-image.jpg', 'david-kristofer-1167802-unsplash.jpg', 'image/jpeg', 1167954, '3000,2001'),
(4, 'advisory-board', 'Rick Tremblay', 'Licensing Examiner and Inspector', 0, '2018-12-14 14:56:49', '2018-12-14 14:56:49', 'JiaU99WK-image.jpg', 'nicole-honeywill-1166278-unsplash.jpg', 'image/jpeg', 1074471, '3348,4464'),
(5, 'advisory-board', 'Hilma Mills', 'Business Teacher', 1, '2018-12-14 14:56:49', '2018-12-14 14:56:49', '6Il3UGwk-image.jpg', 'casey-horner-1168117-unsplash.jpg', 'image/jpeg', 3990123, '4016,6016'),
(6, 'founder', 'Mr. Tyshawn Sawayn', 'Motorboat Mechanic', 0, '2018-12-14 14:56:49', '2018-12-14 14:56:49', 'poAJpf9x-image.jpg', 'ivan-sanford-1168258-unsplash.jpg', 'image/jpeg', 6944564, '5472,3648'),
(7, 'advisory-board', 'Jimmie Wisozk', 'Pile-Driver Operator', 2, '2018-12-14 14:56:49', '2018-12-14 14:56:49', '8QfPRGhx-image.jpg', 'michael-daniels-1167770-unsplash.jpg', 'image/jpeg', 1927944, '3840,5760'),
(8, 'community-liaisons', 'Lauretta Wuckert', 'Radiologic Technologist and Technician', 3, '2018-12-14 14:56:49', '2018-12-14 14:56:49', 'ICsT7doD-image.jpg', 'julian-schropel-1165727-unsplash.jpg', 'image/jpeg', 2111939, '3648,5472'),
(9, 'community-liaisons', 'Yvette Hilpert', 'Gas Pumping Station Operator', 4, '2018-12-14 14:56:49', '2018-12-14 14:56:49', 'G4dEjvLl-image.jpg', 'ishan-seefromthesky-490967-unsplash.jpg', 'image/jpeg', 1722932, '2213,2766'),
(10, 'founder', 'Toy Wolff', 'System Administrator', 1, '2018-12-14 14:56:49', '2018-12-14 14:56:49', 'fwReUfAf-image.jpg', 'ishan-seefromthesky-490967-unsplash.jpg', 'image/jpeg', 1722932, '2213,2766'),
(11, 'founder', 'Brent Little', 'Social Scientists', 2, '2018-12-14 14:56:49', '2018-12-14 14:56:49', '6TrBiwIm-image.jpg', 'jeff-kepler-1166709-unsplash.jpg', 'image/jpeg', 2061050, '4000,6000'),
(12, 'advisory-board', 'Mr. Maxwell Smith', 'Electronics Engineering Technician', 3, '2018-12-14 14:56:49', '2018-12-14 14:56:49', 'ERfPDb0h-image.jpg', 'mateusz-majewski-1167507-unsplash.jpg', 'image/jpeg', 8006359, '4000,6000'),
(13, 'advisory-board', 'Nola Bartoletti', 'Personnel Recruiter', 4, '2018-12-14 14:56:49', '2018-12-14 14:56:49', 'JA6IyBXy-image.jpg', 'keith-champaco-1166869-unsplash.jpg', 'image/jpeg', 1312543, '2651,3976'),
(14, 'founder', 'Marlen Thiel', 'Airfield Operations Specialist', 3, '2018-12-14 14:56:49', '2018-12-14 14:56:49', 'GL0rrGY7-image.jpg', 'david-kristofer-1167785-unsplash.jpg', 'image/jpeg', 858550, '3000,2000'),
(15, 'community-liaisons', 'Marianne Satterfield', 'Credit Checkers Clerk', 5, '2018-12-14 14:56:49', '2018-12-14 14:56:50', 'lKJLn1yX-image.jpg', 'deva-darshan-1168222-unsplash.jpg', 'image/jpeg', 1556080, '3495,1966');

CREATE TABLE `testimony` (
  `id` int(11) NOT NULL,
  `content` longtext COLLATE utf8mb4_unicode_ci NOT NULL,
  `author_name` varchar(255) COLLATE utf8mb4_unicode_ci DEFAULT NULL,
  `author_function` varchar(255) COLLATE utf8mb4_unicode_ci DEFAULT NULL,
  `position` int(11) NOT NULL,
  `created_at` datetime NOT NULL,
  `updated_at` datetime NOT NULL,
  `author_image_name` varchar(255) COLLATE utf8mb4_unicode_ci DEFAULT NULL,
  `author_image_original_name` varchar(255) COLLATE utf8mb4_unicode_ci DEFAULT NULL,
  `author_image_mime_type` varchar(255) COLLATE utf8mb4_unicode_ci DEFAULT NULL,
  `author_image_size` int(11) DEFAULT NULL,
  `author_image_dimensions` longtext COLLATE utf8mb4_unicode_ci COMMENT '(DC2Type:simple_array)'
) ENGINE=InnoDB DEFAULT CHARSET=utf8mb4 COLLATE=utf8mb4_unicode_ci;

INSERT INTO `testimony` (`id`, `content`, `author_name`, `author_function`, `position`, `created_at`, `updated_at`, `author_image_name`, `author_image_original_name`, `author_image_mime_type`, `author_image_size`, `author_image_dimensions`) VALUES
(1, 'At cumque repellat repellat. Cum possimus dolorem consectetur vero est. Aut reiciendis quo quo quia.', NULL, NULL, 0, '2018-12-14 14:56:49', '2018-12-14 14:56:49', '4dUCnuqh-image.jpg', 'deva-darshan-1168222-unsplash.jpg', 'image/jpeg', 1556080, '3495,1966'),
(2, 'Et nemo iusto voluptatem. Ipsum numquam corrupti labore et explicabo est molestiae.', NULL, NULL, 1, '2018-12-14 14:56:49', '2018-12-14 14:56:49', 'uOuT1idt-image.jpg', 'david-kristofer-1167801-unsplash.jpg', 'image/jpeg', 1461052, '3000,2000'),
(3, 'Dolor optio qui voluptatem adipisci. Consequatur omnis nostrum sit.', 'Tillman Blick', 'Punching Machine Setters', 2, '2018-12-14 14:56:49', '2018-12-14 14:56:49', 'j3LQc0Rt-image.jpg', 'david-kristofer-1167802-unsplash.jpg', 'image/jpeg', 1167954, '3000,2001'),
(4, 'Aperiam eos rerum porro. Et quidem in cupiditate maiores ad et nam aliquid. Eaque aperiam in non dolore velit autem qui.', NULL, NULL, 3, '2018-12-14 14:56:49', '2018-12-14 14:56:49', 'D4BzDA9P-image.jpg', 'sara-johnston-1167658-unsplash.jpg', 'image/jpeg', 1084770, '2487,3730'),
(5, 'Eveniet sunt iusto quas enim. Omnis voluptatum non sint qui eveniet. Saepe eos praesentium expedita.', 'Duncan Prohaska', 'Order Clerk', 4, '2018-12-14 14:56:49', '2018-12-14 14:56:49', '77i0diy8-image.jpg', 'david-kristofer-1167802-unsplash.jpg', 'image/jpeg', 1167954, '3000,2001'),
(6, 'Excepturi veniam accusantium culpa odio. Est nulla dolores et. Molestiae sint delectus ex non cupiditate.', NULL, NULL, 5, '2018-12-14 14:56:49', '2018-12-14 14:56:49', 'L2hd8vWS-image.jpg', 'sara-johnston-1167658-unsplash.jpg', 'image/jpeg', 1084770, '2487,3730'),
(7, 'Magnam rerum alias unde aut. Dolore deserunt dignissimos ut dolores. Vel aliquam totam illum est. Et at ut quia ut.', 'Vicente Boyer', 'Urban Planner', 6, '2018-12-14 14:56:49', '2018-12-14 14:56:49', 'eNTujEIO-image.jpg', 'david-kristofer-1167785-unsplash.jpg', 'image/jpeg', 858550, '3000,2000'),
(8, 'Quia incidunt dolores commodi quidem. Culpa eum distinctio cupiditate fugiat. Velit sint unde sequi sint aut consequatur commodi.', NULL, NULL, 7, '2018-12-14 14:56:49', '2018-12-14 14:56:49', 'FfpHY7HC-image.jpg', 'ivan-sanford-1168258-unsplash.jpg', 'image/jpeg', 6944564, '5472,3648');

CREATE TABLE `tour` (
  `id` int(11) NOT NULL,
  `label` varchar(128) COLLATE utf8mb4_unicode_ci NOT NULL,
  `title` varchar(128) COLLATE utf8mb4_unicode_ci DEFAULT NULL,
  `route` varchar(128) COLLATE utf8mb4_unicode_ci NOT NULL,
  `description` longtext COLLATE utf8mb4_unicode_ci,
  `created_at` datetime NOT NULL,
  `updated_at` datetime NOT NULL,
  `end_title` varchar(128) COLLATE utf8mb4_unicode_ci DEFAULT NULL,
  `end_description` longtext COLLATE utf8mb4_unicode_ci,
  `css_selector` varchar(128) COLLATE utf8mb4_unicode_ci DEFAULT NULL
) ENGINE=InnoDB DEFAULT CHARSET=utf8mb4 COLLATE=utf8mb4_unicode_ci;

INSERT INTO `tour` (`id`, `label`, `title`, `route`, `description`, `created_at`, `updated_at`, `end_title`, `end_description`, `css_selector`) VALUES
(1, 'User Personalization Settings', 'Welcome %firstname%!', 'app_user_personalization_settings_index', 'Here\'s a quick tour to get you started on our platform!', '2019-04-18 14:30:35', '2019-05-08 22:30:12', NULL, NULL, NULL),
(2, 'User Activity Feed', NULL, 'app_user_feed_index', NULL, '2019-04-23 09:30:02', '2019-05-08 22:30:43', NULL, NULL, NULL),
(3, 'Company Overview', NULL, 'app_company_overview_index', NULL, '2019-04-23 09:33:12', '2019-05-08 22:32:45', 'Congratulations!', 'You arrived on a company profile! Explore demographic data, benefits & policies, workplace surveys and employee reviews.', NULL),
(4, 'Company Compare', NULL, 'app_company_compare_browse', NULL, '2019-04-23 09:43:24', '2019-04-24 14:41:20', NULL, NULL, NULL),
(5, 'Company Review Add', NULL, 'app_company_review_add', NULL, '2019-04-23 09:54:31', '2019-05-08 22:33:01', NULL, NULL, NULL),
(6, 'Company Review Add - Popin', NULL, 'app_company_review_add', NULL, '2019-04-23 09:54:32', '2019-04-23 10:24:46', NULL, NULL, '.js-review-form-validate'),
(7, 'Company Benefits & Policies', NULL, 'app_company_information_item', NULL, '2019-04-23 09:57:40', '2019-05-08 22:33:32', NULL, NULL, NULL),
(8, 'Company Workplace Surveys', 'You made it to the surveys page !', 'app_company_survey_index', 'Our workplace surveys give employees a safe place to voice their concerns. We use aggregate responses from respondents to identify systemic or potential issues within a company. We take privacy seriously and to protect your identity, survey response are never tied back to individuals.', '2019-04-23 09:59:45', '2019-05-08 22:23:27', NULL, NULL, NULL),
(9, 'User Account Settings', NULL, 'app_user_account_settings_index', NULL, '2019-04-23 10:01:35', '2019-05-08 22:33:58', NULL, NULL, NULL),
(10, 'Company Feed', NULL, 'app_company_admin_feed_index', NULL, '2019-04-23 10:29:59', '2019-05-08 22:34:10', NULL, NULL, NULL),
(11, 'Company Demographics Index', NULL, 'app_company_admin_demographics_index', NULL, '2019-04-23 12:59:26', '2019-05-08 22:34:18', NULL, NULL, NULL),
(12, 'Company Demographics Edit', NULL, 'app_company_admin_demographics_edit', NULL, '2019-04-23 13:02:47', '2019-05-08 22:34:27', NULL, NULL, NULL),
(13, 'Company Analytics Traffic', NULL, 'app_company_admin_data_and_analytics_traffic', NULL, '2019-04-23 13:07:06', '2019-05-08 22:34:42', NULL, NULL, NULL),
(14, 'Company Settings', NULL, 'app_company_admin_settings_index', NULL, '2019-04-23 13:15:32', '2019-05-08 22:34:56', NULL, NULL, NULL);

CREATE TABLE `tour_step` (
  `id` int(11) NOT NULL,
  `tour_id` int(11) DEFAULT NULL,
  `title` varchar(128) COLLATE utf8mb4_unicode_ci NOT NULL,
  `description` longtext COLLATE utf8mb4_unicode_ci NOT NULL,
  `position` int(11) NOT NULL,
  `created_at` datetime NOT NULL,
  `updated_at` datetime NOT NULL,
  `css_selector` varchar(128) COLLATE utf8mb4_unicode_ci NOT NULL,
  `admin` tinyint(1) NOT NULL
) ENGINE=InnoDB DEFAULT CHARSET=utf8mb4 COLLATE=utf8mb4_unicode_ci;

INSERT INTO `tour_step` (`id`, `tour_id`, `title`, `description`, `position`, `created_at`, `updated_at`, `css_selector`, `admin`) VALUES
(1, 1, 'Personalization', 'Search companies on the platform to follow them', 0, '2019-04-18 14:30:35', '2019-04-24 15:20:00', '#PersonalizationSearch', 0),
(2, 1, 'Personalization', 'Select industries and topics that you want to follow', 1, '2019-04-18 14:30:35', '2019-04-24 15:18:54', '#PersonalizationInterests', 0),
(3, 1, 'Navigation', 'Check out your activity feed to see your personalized settings at play.', 2, '2019-04-18 14:30:35', '2019-04-23 09:19:04', 'div.Header_feed.Row a.color-text', 0),
(4, 2, 'Settings', 'Access your personalization settings, account settings at anytime', 1, '2019-04-23 09:30:02', '2019-04-24 14:52:33', '.Dropdown--header', 0),
(5, 2, 'Notifications', 'You’ll receive alerts when you are mentioned...', 2, '2019-04-23 09:30:02', '2019-04-24 15:08:03', '#Notifications svg', 0),
(6, 2, 'Navigation', 'Leave the Activity Feed to explore companies and news on the platform here', 3, '2019-04-23 09:30:02', '2019-04-24 14:52:33', '.Header_feed', 0),
(7, 2, 'Search', 'Or, search anything on the platform here', 4, '2019-04-23 09:30:02', '2019-04-24 14:52:33', '.HeaderSearch .InputSearch', 0),
(8, 3, 'Navigate', 'Navigate and explore different sections of a company profile through these tabs.', 0, '2019-04-23 09:33:12', '2019-04-24 14:49:51', '#SubNav', 0),
(9, 4, 'Company Profile', 'You can select up to 4 profiles to compare stats side by side', 0, '2019-04-23 09:43:24', '2019-04-24 14:41:10', '.CompanyProfile_add', 0),
(10, 5, 'Leave a Review', 'Leave a written review, add tags for specific subjects.', 0, '2019-04-23 09:54:31', '2019-04-24 14:32:29', '#CompanyReviewBody', 0),
(11, 5, 'Rate the company', 'Rate the company’s workplace culture.', 1, '2019-04-23 09:54:31', '2019-04-24 14:32:29', '#CompanyReviewRate', 0),
(12, 5, 'Review without scoring', 'You can publish your review without scoring by clicking here.', 2, '2019-04-23 09:54:31', '2019-04-24 14:36:26', '#CompanyReviewNotRated .Input_checkbox', 0),
(13, 6, 'Anonymity', 'You can choose to post as anonymous or display your name & picture.', 0, '2019-04-23 09:54:31', '2019-04-23 09:54:31', '#review_anonymity', 0),
(14, 7, 'Contribute Data', 'Feel free to contribute data here. A Kanarys admin will review before publishing.', 0, '2019-04-23 09:57:41', '2019-04-24 14:20:46', '#CompanyContribute', 0),
(15, 8, 'Contribute', 'Take any survey to contribute to a company’s overall score.', 0, '2019-04-23 09:59:45', '2019-04-24 14:04:15', '#CompanySurveyList', 0),
(16, 9, 'Personal Information', 'Kanarys will never display your name or picture unless you unselect anonymity when leaving a review or commenting on reviews or news articles.', 0, '2019-04-23 10:01:35', '2019-04-24 13:59:05', '#UserPrivacy', 0),
(17, 9, 'Personal Information', 'Kanarys will never share this private information  with anyone.', 1, '2019-04-23 10:03:39', '2019-04-24 14:01:54', '#UserDemographics', 0),
(18, 2, 'Switch account', 'Switch between your account and the company account here!', 0, '2019-04-23 10:29:59', '2019-04-23 10:29:59', '.SwitchProfile', 1),
(19, 10, 'Navigate', 'Navigate and edit different sections of your profile through these tabs.', 0, '2019-04-23 10:35:09', '2019-04-23 10:35:09', 'ul.TabNavigation li.first.TabNavigation_item', 0),
(20, 10, 'Your reviews', 'Like or reply to user reviews and scores', 1, '2019-04-23 10:37:39', '2019-04-24 13:48:33', '.Feed_item', 0),
(21, 11, 'Manage your demographics', 'Demographic data is based on a company’s EEO-1 report. Create, edit or delete Annual Reports here.', 0, '2019-04-23 12:59:26', '2019-04-24 13:31:01', '#CompanyDemographicsOverview', 0),
(22, 12, 'Input all data', 'Refer to EEO-1 report.', 0, '2019-04-23 13:02:47', '2019-04-24 13:34:44', '#CompanyDemographicsTable', 0),
(23, 12, 'Save changes', 'Make sure to click to publish!', 1, '2019-04-23 13:02:47', '2019-04-24 13:34:44', '#CompanyDemographicsSubmit', 0),
(24, 13, 'Change data', 'Switch between Data & Analytics sections here', 0, '2019-04-23 13:07:06', '2019-04-24 12:49:51', '#CompanyAnalyticsMenu', 0),
(25, 13, 'Change period', 'Filter results by dates', 1, '2019-04-23 13:07:06', '2019-04-24 12:49:51', '#CompanyAnalyticsDate', 0),
(26, 13, 'Submit', 'Submit to change dates', 2, '2019-04-23 13:08:29', '2019-04-24 12:49:51', '#CompanyDateSubmit', 0),
(27, 14, 'Company Profile', 'Edit your company’s Overview here.', 0, '2019-04-23 13:15:32', '2019-04-24 12:36:53', '#CompanyOverviewEdit', 0),
(28, 14, 'Benefits & Policies', 'Edit your Benefits & Policies here.', 1, '2019-04-23 13:15:32', '2019-04-24 12:36:53', '#CompanyBenefitsEdit', 0),
(29, 14, 'News Articles', 'Post, edit or delete new articles here.', 2, '2019-04-23 13:15:32', '2019-04-24 12:36:53', '#CompanyArticles', 0),
(30, 8, 'Overall Culture', 'Explanation 1', 1, '2019-06-10 09:59:45', '2019-06-10 09:59:45', '#CompanySurveyList a.Button--survey#survey-1', 0),
(31, 8, 'Diversity Initiatives', 'Explanation 2', 2, '2019-06-10 09:59:45', '2019-06-10 09:59:45', '#CompanySurveyList a.Button--survey#survey-2', 0),
(32, 8, 'Gender Equity', 'Explanation 3', 3, '2019-06-10 09:59:45', '2019-06-10 09:59:45', '#CompanySurveyList a.Button--survey#survey-3', 0),
(33, 8, 'LGBTQIA+', 'Explanation 4', 4, '2019-06-10 09:59:45', '2019-06-10 09:59:45', '#CompanySurveyList a.Button--survey#survey-4', 0),
(34, 8, 'Workplace Fairness', 'Explanation 5', 5, '2019-06-10 09:59:45', '2019-06-10 09:59:45', '#CompanySurveyList a.Button--survey#survey-5', 0),
(35, 8, 'Religious Freedom and Expression', 'Explanation 6', 6, '2019-06-10 09:59:45', '2019-06-10 09:59:45', '#CompanySurveyList a.Button--survey#survey-6', 0),
(36, 8, 'Overall Culture', 'Explanation 1', 1, '2019-06-10 09:59:45', '2019-06-10 09:59:45', '#CompanySurveyList a.Button--survey#survey-1', 0),
(37, 8, 'Diversity Initiatives', 'Explanation 2', 2, '2019-06-10 09:59:45', '2019-06-10 09:59:45', '#CompanySurveyList a.Button--survey#survey-2', 0),
(38, 8, 'Gender Equity', 'Explanation 3', 3, '2019-06-10 09:59:45', '2019-06-10 09:59:45', '#CompanySurveyList a.Button--survey#survey-3', 0),
(39, 8, 'LGBTQIA+', 'Explanation 4', 4, '2019-06-10 09:59:45', '2019-06-10 09:59:45', '#CompanySurveyList a.Button--survey#survey-4', 0),
(40, 8, 'Workplace Fairness', 'Explanation 5', 5, '2019-06-10 09:59:45', '2019-06-10 09:59:45', '#CompanySurveyList a.Button--survey#survey-5', 0),
(41, 8, 'Religious Freedom and Expression', 'Explanation 6', 6, '2019-06-10 09:59:45', '2019-06-10 09:59:45', '#CompanySurveyList a.Button--survey#survey-6', 0);

CREATE TABLE `trusted_by` (
  `id` int(11) NOT NULL,
  `title` varchar(255) COLLATE utf8mb4_unicode_ci NOT NULL,
  `link` varchar(255) COLLATE utf8mb4_unicode_ci NOT NULL,
  `position` int(11) NOT NULL,
  `created_at` datetime NOT NULL,
  `updated_at` datetime NOT NULL,
  `image_name` varchar(255) COLLATE utf8mb4_unicode_ci DEFAULT NULL,
  `image_original_name` varchar(255) COLLATE utf8mb4_unicode_ci DEFAULT NULL,
  `image_mime_type` varchar(255) COLLATE utf8mb4_unicode_ci DEFAULT NULL,
  `image_size` int(11) DEFAULT NULL,
  `image_dimensions` longtext COLLATE utf8mb4_unicode_ci COMMENT '(DC2Type:simple_array)'
) ENGINE=InnoDB DEFAULT CHARSET=utf8mb4 COLLATE=utf8mb4_unicode_ci;

CREATE TABLE `user` (
  `id` int(11) NOT NULL,
  `gender_id` int(11) DEFAULT NULL,
  `race_id` int(11) DEFAULT NULL,
  `sexual_orientation_id` int(11) DEFAULT NULL,
  `religion_id` int(11) DEFAULT NULL,
  `education_level_id` int(11) DEFAULT NULL,
  `first_name` varchar(128) COLLATE utf8mb4_unicode_ci NOT NULL,
  `last_name` varchar(128) COLLATE utf8mb4_unicode_ci NOT NULL,
  `email` varchar(128) COLLATE utf8mb4_unicode_ci NOT NULL,
  `phone` varchar(64) COLLATE utf8mb4_unicode_ci DEFAULT NULL,
  `password` varchar(64) COLLATE utf8mb4_unicode_ci DEFAULT NULL,
  `privacy` varchar(64) COLLATE utf8mb4_unicode_ci NOT NULL,
  `birth_date` date DEFAULT NULL,
  `family_status` varchar(128) COLLATE utf8mb4_unicode_ci DEFAULT NULL,
  `native_language` varchar(128) COLLATE utf8mb4_unicode_ci DEFAULT NULL,
  `employee_status` varchar(128) COLLATE utf8mb4_unicode_ci DEFAULT NULL,
  `differently_abled` varchar(128) COLLATE utf8mb4_unicode_ci DEFAULT NULL,
  `enable` tinyint(1) NOT NULL,
  `password_requested_at` datetime DEFAULT NULL,
  `roles` json NOT NULL,
  `confirmationToken` varchar(255) COLLATE utf8mb4_unicode_ci DEFAULT NULL,
  `nb_reviews` int(11) DEFAULT NULL,
  `gender_other` varchar(128) COLLATE utf8mb4_unicode_ci DEFAULT NULL,
  `transgender_identification` varchar(128) COLLATE utf8mb4_unicode_ci DEFAULT NULL,
  `race_other` varchar(128) COLLATE utf8mb4_unicode_ci DEFAULT NULL,
  `sexual_orientation_other` varchar(128) COLLATE utf8mb4_unicode_ci DEFAULT NULL,
  `differently_abled_other` varchar(128) COLLATE utf8mb4_unicode_ci DEFAULT NULL,
  `religion_other` varchar(128) COLLATE utf8mb4_unicode_ci DEFAULT NULL,
  `last_login_at` datetime DEFAULT NULL,
  `see_notification_at` datetime DEFAULT NULL,
  `created_at` datetime NOT NULL,
  `updated_at` datetime NOT NULL,
  `address_request` varchar(255) COLLATE utf8mb4_unicode_ci DEFAULT NULL,
  `address_response` json DEFAULT NULL COMMENT '(DC2Type:json_array)',
  `address_number` varchar(255) COLLATE utf8mb4_unicode_ci DEFAULT NULL,
  `address_street` varchar(255) COLLATE utf8mb4_unicode_ci DEFAULT NULL,
  `address_city` varchar(255) COLLATE utf8mb4_unicode_ci DEFAULT NULL,
  `address_administrative_level1short` varchar(255) COLLATE utf8mb4_unicode_ci DEFAULT NULL,
  `address_administrative_level1long` varchar(255) COLLATE utf8mb4_unicode_ci DEFAULT NULL,
  `address_administrative_level2` varchar(255) COLLATE utf8mb4_unicode_ci DEFAULT NULL,
  `address_country_short` varchar(255) COLLATE utf8mb4_unicode_ci DEFAULT NULL,
  `address_country_long` varchar(255) COLLATE utf8mb4_unicode_ci DEFAULT NULL,
  `address_postal_code` varchar(255) COLLATE utf8mb4_unicode_ci DEFAULT NULL,
  `address_latitude` decimal(11,7) DEFAULT NULL,
  `address_longitude` decimal(11,7) DEFAULT NULL,
  `image_name` varchar(255) COLLATE utf8mb4_unicode_ci DEFAULT NULL,
  `image_original_name` varchar(255) COLLATE utf8mb4_unicode_ci DEFAULT NULL,
  `image_mime_type` varchar(255) COLLATE utf8mb4_unicode_ci DEFAULT NULL,
  `image_size` int(11) DEFAULT NULL,
  `image_dimensions` longtext COLLATE utf8mb4_unicode_ci COMMENT '(DC2Type:simple_array)',
  `badge_id` int(11) NOT NULL,
  `oauth_provider` varchar(64) COLLATE utf8mb4_unicode_ci DEFAULT NULL,
  `oauth_uid` varchar(128) COLLATE utf8mb4_unicode_ci DEFAULT NULL,
  `oauth_access_token` varchar(1024) COLLATE utf8mb4_unicode_ci DEFAULT NULL
) ENGINE=InnoDB DEFAULT CHARSET=utf8mb4 COLLATE=utf8mb4_unicode_ci;

INSERT INTO `user` (`id`, `gender_id`, `race_id`, `sexual_orientation_id`, `religion_id`, `education_level_id`, `first_name`, `last_name`, `email`, `phone`, `password`, `privacy`, `birth_date`, `family_status`, `native_language`, `employee_status`, `differently_abled`, `enable`, `password_requested_at`, `roles`, `confirmationToken`, `nb_reviews`, `gender_other`, `transgender_identification`, `race_other`, `sexual_orientation_other`, `differently_abled_other`, `religion_other`, `last_login_at`, `see_notification_at`, `created_at`, `updated_at`, `address_request`, `address_response`, `address_number`, `address_street`, `address_city`, `address_administrative_level1short`, `address_administrative_level1long`, `address_administrative_level2`, `address_country_short`, `address_country_long`, `address_postal_code`, `address_latitude`, `address_longitude`, `image_name`, `image_original_name`, `image_mime_type`, `image_size`, `image_dimensions`, `badge_id`, `oauth_provider`, `oauth_uid`, `oauth_access_token`) VALUES
(1, 4, 5, 4, 9, 5, 'Laura', 'Beatty', 'john.doe@wandi.fr', '1-510-340-6306 x4348', '$2y$13$31hboNjGcemLP/Npf3efxOPidlTpCYT.e/MTCIlWuI9owcOMG/FOm', 'full-name', '1991-07-03', 'partnered-parent', 'english', 'full-time', 'none', 1, NULL, '[]', NULL, 2, NULL, 'no', NULL, NULL, NULL, NULL, '2019-03-08 14:55:03', '2018-12-19 16:43:47', '2018-12-14 14:56:51', '2019-03-08 14:55:03', NULL, NULL, NULL, NULL, NULL, NULL, NULL, NULL, NULL, NULL, NULL, NULL, NULL, 'JRerjefN-image.jpg', 'ishan-seefromthesky-490967-unsplash.jpg', 'image/jpeg', 1722932, '2213,2766', 1, NULL, NULL, NULL),
(2, 1, 1, 8, 7, 7, 'Kariane', 'Mills', 'qullrich@konopelski.com', '1-348-297-2667 x50990', '$2y$13$31hboNjGcemLP/Npf3efxOPidlTpCYT.e/MTCIlWuI9owcOMG/FOm', 'full-name', '1985-10-21', 'single-parent', 'english', 'full-time', 'apparent', 1, NULL, '[]', NULL, 4, NULL, 'prefer-not-to-say', NULL, NULL, NULL, NULL, '2019-03-21 14:19:58', '2018-12-14 14:56:51', '2018-12-14 14:56:51', '2019-03-21 14:19:58', NULL, NULL, '622', 'Nienow Rapid', 'Reichelchester', NULL, NULL, NULL, 'WY', 'Illinois', '39020-3012', '-25.8101870', '89.7106810', 'oATEeqmK-image.jpg', 'casey-horner-1168117-unsplash.jpg', 'image/jpeg', 3990123, '4016,6016', 1, NULL, NULL, NULL),
(3, 1, 8, 4, 7, 3, 'Millie', 'Schinner', 'bode.kaci@gmail.com', '+1-446-217-7288', '$2y$13$31hboNjGcemLP/Npf3efxOPidlTpCYT.e/MTCIlWuI9owcOMG/FOm', 'anonymous', '1977-07-27', 'partnered-parent', 'no-english', 'full-time', 'none', 1, NULL, '[]', NULL, 4, NULL, 'yes', NULL, NULL, NULL, NULL, '2019-03-22 08:41:52', '2018-12-14 14:56:51', '2018-12-14 14:56:51', '2019-03-22 08:47:57', NULL, NULL, '837', 'Weimann Ramp', 'North Mariane', NULL, NULL, NULL, 'CO', 'Indiana', '41779-0186', '51.2006990', '15.0063560', 'XLVuvtYJ-image.jpg', 'david-kristofer-1167799-unsplash.jpg', 'image/jpeg', 893259, '3000,2000', 1, NULL, NULL, NULL),
(4, 1, 1, 8, 5, 6, 'Alize', 'Brekke', 'kling.lexus@yahoo.com', '(343) 372-3360 x84276', '$2y$13$31hboNjGcemLP/Npf3efxOPidlTpCYT.e/MTCIlWuI9owcOMG/FOm', 'full-name', '1991-02-28', 'no-children', 'english', 'full-time', 'self-describe', 1, NULL, '[]', NULL, 3, 'Illo laborum voluptatem quae.', 'no', 'Doloribus rerum qui deserunt et culpa.', NULL, NULL, 'Itaque neque soluta saepe provident.', NULL, '2018-12-14 14:56:51', '2018-12-14 14:56:51', '2018-12-14 14:57:05', NULL, NULL, '617', 'Schinner Lodge', 'North Gillianmouth', NULL, NULL, NULL, 'ID', 'Texas', '86681', '-49.1299330', '79.0949000', 'glfnh3uT-image.jpg', 'david-kristofer-1167799-unsplash.jpg', 'image/jpeg', 893259, '3000,2000', 1, NULL, NULL, NULL),
(5, 2, 2, 3, 2, 7, 'Chandler', 'Trantow', 'xlesch@watsica.com', '(951) 855-1578', '$2y$13$31hboNjGcemLP/Npf3efxOPidlTpCYT.e/MTCIlWuI9owcOMG/FOm', 'first-name', '1971-08-16', 'single-parent', 'no-english', 'full-time', 'apparent', 1, NULL, '[]', NULL, 1, 'Ducimus ut rerum et. Omnis modi excepturi sit vel.', 'no', 'Tempora dolorem sed commodi quis est deleniti.', 'Delectus sed recusandae ut.', 'Beatae quod in fugit pariatur enim ex amet.', 'Ipsam suscipit est impedit explicabo.', NULL, '2018-12-14 14:56:51', '2018-12-14 14:56:51', '2018-12-14 14:57:05', NULL, NULL, '193', 'Dawson Turnpike', 'East Urban', NULL, NULL, NULL, 'PA', 'Maryland', '24928-7623', '-41.6296870', '145.7851500', '6rGV2SGF-image.jpg', 'keith-champaco-1166869-unsplash.jpg', 'image/jpeg', 1312543, '2651,3976', 1, NULL, NULL, NULL),
(6, 1, 7, 8, 3, 5, 'Emily', 'Mann', 'oswaldo.waelchi@champlin.net', '865.538.7648 x3968', '$2y$13$31hboNjGcemLP/Npf3efxOPidlTpCYT.e/MTCIlWuI9owcOMG/FOm', 'anonymous', '2013-11-06', 'no-children', 'no-english', 'full-time', 'non-apparent', 1, NULL, '[]', NULL, 4, 'Omnis rerum amet non quod id praesentium.', 'no', 'Aut quidem facere ad illum ea nihil dolores.', NULL, 'Porro aut nesciunt provident sed asperiores rerum eveniet.', 'Ut eos accusamus ut consequatur dolorem sunt natus molestias.', NULL, '2018-12-14 14:56:52', '2018-12-14 14:56:52', '2018-12-14 14:57:05', NULL, NULL, '692', 'Hayden Mission', 'Lake Birdieberg', NULL, NULL, NULL, 'IN', 'Illinois', '43995', '78.5648330', '-141.3547110', 'jnT3l5Ay-image.jpg', 'jezael-melgoza-1167932-unsplash.jpg', 'image/jpeg', 2617175, '5000,3400', 1, NULL, NULL, NULL),
(7, 1, 6, 8, 2, 5, 'Clifford', 'Schmidt', 'bette.fritsch@gmail.com', '825.685.0769 x4090', '$2y$13$31hboNjGcemLP/Npf3efxOPidlTpCYT.e/MTCIlWuI9owcOMG/FOm', 'first-name', '2002-09-30', 'no-children', 'english', 'full-time', 'non-apparent', 1, NULL, '[]', NULL, 4, 'Quo sed sed adipisci neque. Qui blanditiis quisquam ut.', 'yes', 'Similique fugiat id voluptate aut et officiis quo.', NULL, 'Magni et cupiditate rem facilis harum.', 'Quas quia maiores molestiae cupiditate minima ea.', NULL, '2018-12-14 14:56:52', '2018-12-14 14:56:52', '2018-12-14 14:57:05', NULL, NULL, '702', 'Fahey Rapid', 'Lake Todstad', NULL, NULL, NULL, 'NE', 'Idaho', '13867-0208', '14.5864960', '-100.8876220', 'GoX8q2ay-image.jpg', 'michael-daniels-1167770-unsplash.jpg', 'image/jpeg', 1927944, '3840,5760', 1, NULL, NULL, NULL),
(8, 4, 6, 6, 6, 1, 'Ernesto', 'Morar', 'kade38@dietrich.info', '+1.798.383.7848', '$2y$13$31hboNjGcemLP/Npf3efxOPidlTpCYT.e/MTCIlWuI9owcOMG/FOm', 'anonymous', '1978-12-04', 'no-children', 'no-english', 'part-time', 'apparent', 1, NULL, '[]', NULL, 5, NULL, 'no', 'Fugit ipsam quia architecto minus odio ea vel.', 'Assumenda et quo a occaecati.', 'Dignissimos in id fuga molestiae non enim.', 'Placeat aut repudiandae nam dolores voluptas doloremque rerum.', NULL, '2018-12-14 14:56:52', '2018-12-14 14:56:52', '2018-12-14 14:57:05', NULL, NULL, '112', 'Matilda Mission', 'Smithamfort', NULL, NULL, NULL, 'TN', 'Colorado', '35339', '82.8240730', '-137.7205830', 'BFj8lWgg-image.jpg', 'mateusz-majewski-1167507-unsplash.jpg', 'image/jpeg', 8006359, '4000,6000', 1, NULL, NULL, NULL),
(9, 2, 7, 1, 3, 5, 'Keeley', 'Padberg', 'brakus.leonora@yahoo.com', '+1 (465) 494-4036', '$2y$13$31hboNjGcemLP/Npf3efxOPidlTpCYT.e/MTCIlWuI9owcOMG/FOm', 'first-name', '1974-10-01', 'no-children', 'no-english', 'Contractor', 'apparent', 1, NULL, '[]', NULL, 2, 'Eos in qui repellat et. Maiores et non dolores iure.', 'prefer-not-to-say', 'Debitis omnis rerum quas aut aut.', 'Est asperiores cum voluptas ut sint consequatur nostrum et.', 'Sunt magni nam ad hic rerum deserunt.', 'Sapiente mollitia eos voluptates officiis veniam vitae dolore.', NULL, '2018-12-14 14:56:52', '2018-12-14 14:56:52', '2018-12-14 14:57:05', NULL, NULL, '828', 'Huel Brooks', 'Waylonton', NULL, NULL, NULL, 'MS', 'Texas', '71860-7162', '-84.8328960', '-126.3745220', 't1YjAiHj-image.jpg', 'nicole-honeywill-1166278-unsplash.jpg', 'image/jpeg', 1074471, '3348,4464', 1, NULL, NULL, NULL),
(10, 3, 10, 3, 1, 1, 'Cassidy', 'Fadel', 'jlittle@stehr.com', '267-512-9128 x186', '$2y$13$31hboNjGcemLP/Npf3efxOPidlTpCYT.e/MTCIlWuI9owcOMG/FOm', 'anonymous', '1990-03-28', 'no-children', 'english', 'Contractor', 'apparent', 1, NULL, '[]', NULL, 3, 'Omnis alias soluta enim.', 'no', NULL, 'Explicabo et eveniet aut.', 'Ut nesciunt sed quia suscipit dolor saepe animi.', 'Voluptas quisquam odit eos. Qui esse ut et quo.', NULL, '2018-12-14 14:56:52', '2018-12-14 14:56:52', '2018-12-14 14:57:05', NULL, NULL, '123', 'Marcellus Expressway', 'Bustershire', NULL, NULL, NULL, 'OH', 'Nevada', '35571-6886', '-23.6567300', '133.2999380', 'Q7KYQaPy-image.jpg', 'casey-horner-1168117-unsplash.jpg', 'image/jpeg', 3990123, '4016,6016', 1, NULL, NULL, NULL),
(11, 1, 2, 5, 3, 1, 'Luella', 'Pagac', 'emily59@hotmail.com', '1-293-413-3514 x158', '$2y$13$31hboNjGcemLP/Npf3efxOPidlTpCYT.e/MTCIlWuI9owcOMG/FOm', 'anonymous', '1983-02-20', 'single-parent', 'no-english', 'part-time', 'self-describe', 1, NULL, '[]', NULL, 1, 'Sed ea adipisci eveniet quam ducimus vel.', 'prefer-not-to-say', 'Omnis voluptates omnis id dignissimos.', 'Enim aspernatur in id consequatur.', NULL, 'Neque nostrum deserunt voluptatem. Ut dolore eaque optio ut.', NULL, '2018-12-14 14:56:52', '2018-12-14 14:56:52', '2018-12-14 14:57:05', NULL, NULL, '525', 'Louisa Plain', 'West Betty', NULL, NULL, NULL, 'MN', 'Idaho', '09220', '28.2064060', '-74.2482460', 'AgyuvAm0-image.jpg', 'david-kristofer-1167802-unsplash.jpg', 'image/jpeg', 1167954, '3000,2001', 1, NULL, NULL, NULL),
(12, 4, 4, 2, 1, 3, 'Alvera', 'Kemmer', 'anabel.batz@bode.info', '+14197427795', '$2y$13$31hboNjGcemLP/Npf3efxOPidlTpCYT.e/MTCIlWuI9owcOMG/FOm', 'first-name', '1975-03-22', 'partnered-parent', 'english', 'Contractor', 'apparent', 1, NULL, '[]', NULL, 3, NULL, 'no', 'Atque est dolor numquam.', 'Unde repellendus autem dicta rerum.', 'Quisquam doloremque omnis non incidunt minus mollitia eligendi.', 'Et voluptate dolores excepturi temporibus repudiandae.', NULL, '2018-12-14 14:56:52', '2018-12-14 14:56:52', '2018-12-14 14:57:05', NULL, NULL, '635', 'Julie Valley', 'Russberg', NULL, NULL, NULL, 'SC', 'Wyoming', '47103-1016', '-20.7700200', '-148.6965480', 'zO4GyE7W-image.jpg', 'carles-rabada-1167253-unsplash.jpg', 'image/jpeg', 2820470, '2048,3388', 1, NULL, NULL, NULL),
(13, 2, 4, 7, 5, 2, 'Una', 'Beier', 'tmayert@koelpin.net', '337.450.2980 x0210', '$2y$13$31hboNjGcemLP/Npf3efxOPidlTpCYT.e/MTCIlWuI9owcOMG/FOm', 'anonymous', '1991-09-02', 'no-children', 'english', 'Contractor', 'apparent', 1, NULL, '[]', NULL, 3, 'Non ab cum accusamus perspiciatis quia.', 'yes', 'Est eaque doloribus qui sit similique est.', 'Consectetur voluptas doloribus consequatur id quis autem.', 'Dolor voluptatem incidunt voluptatum nulla.', 'Exercitationem hic rerum commodi voluptates est earum velit.', NULL, '2018-12-14 14:56:52', '2018-12-14 14:56:52', '2018-12-14 14:57:05', NULL, NULL, '920', 'Scot Crest', 'Schuppetown', NULL, NULL, NULL, 'MA', 'North Carolina', '22083', '52.6346320', '38.7630800', '12mW66Yd-image.jpg', 'david-kristofer-1167802-unsplash.jpg', 'image/jpeg', 1167954, '3000,2001', 1, NULL, NULL, NULL),
(14, 4, 8, 2, 1, 5, 'Rasheed', 'Miller', 'sryan@cremin.com', '(218) 268-9908 x224', '$2y$13$31hboNjGcemLP/Npf3efxOPidlTpCYT.e/MTCIlWuI9owcOMG/FOm', 'first-name', '2008-01-05', 'no-children', 'no-english', 'part-time', 'non-apparent', 1, NULL, '[]', NULL, 4, NULL, 'prefer-not-to-say', 'Totam corrupti et accusamus voluptatem nobis earum explicabo.', 'Pariatur animi consequuntur voluptatem doloribus.', 'Aut et est et consectetur qui doloremque ducimus.', 'Aut illum voluptatibus qui occaecati quia sunt commodi.', NULL, '2018-12-14 14:56:52', '2018-12-14 14:56:52', '2018-12-14 14:57:05', NULL, NULL, '511', 'Leonel Oval', 'Lessieport', NULL, NULL, NULL, 'SD', 'Alaska', '26991-0720', '58.1045460', '-87.9804360', 'jvBjxjfL-image.jpg', 'ivan-sanford-1168258-unsplash.jpg', 'image/jpeg', 6944564, '5472,3648', 1, NULL, NULL, NULL),
(15, 3, 5, 1, 8, 4, 'Loyce', 'Bahringer', 'okuhic@hotmail.com', '1-653-233-9516 x033', '$2y$13$31hboNjGcemLP/Npf3efxOPidlTpCYT.e/MTCIlWuI9owcOMG/FOm', 'first-name', '1999-10-06', 'partnered-parent', 'no-english', 'part-time', 'none', 1, NULL, '[]', NULL, 4, 'Quos autem aliquid aut atque exercitationem et non illo.', 'no', 'Mollitia delectus dolor id commodi repudiandae quia.', 'Soluta sed tenetur corrupti. Sed nisi et molestiae illo.', 'Perspiciatis quia earum vel molestiae est beatae velit.', 'Ut pariatur cumque excepturi sunt.', NULL, '2018-12-14 14:56:52', '2018-12-14 14:56:52', '2018-12-14 14:57:05', NULL, NULL, '759', 'Della Mall', 'North Larue', NULL, NULL, NULL, 'MA', 'Virginia', '71557', '-35.0679290', '106.0816590', '2uxdjvCS-image.jpg', 'jezael-melgoza-1167932-unsplash.jpg', 'image/jpeg', 2617175, '5000,3400', 1, NULL, NULL, NULL),
(16, 1, 1, 1, 4, 7, 'Duane', 'Volkman', 'rupert45@wintheiser.info', '1-342-322-3919 x5184', '$2y$13$31hboNjGcemLP/Npf3efxOPidlTpCYT.e/MTCIlWuI9owcOMG/FOm', 'first-name', '2011-03-27', 'partnered-parent', 'english', 'part-time', 'non-apparent', 1, NULL, '[]', NULL, 2, 'Amet dolorum officia et totam voluptate repellat a debitis.', 'no', 'Aperiam qui harum molestiae.', 'Iure nobis quia ullam ea ipsum.', 'Eaque occaecati ea nemo.', 'Quisquam quis dicta sit sed culpa a nam.', NULL, '2018-12-14 14:56:52', '2018-12-14 14:56:52', '2018-12-14 14:57:05', NULL, NULL, '333', 'Reta Harbors', 'Lake Creola', NULL, NULL, NULL, 'NV', 'Maryland', '58573-2575', '-67.5886840', '-142.9010140', 'QztaMR8I-image.jpg', 'carles-rabada-1167253-unsplash.jpg', 'image/jpeg', 2820470, '2048,3388', 1, NULL, NULL, NULL),
(17, 4, 7, 4, 3, 7, 'Clinton', 'Tromp', 'augustine.mckenzie@hotmail.com', '(597) 305-7650 x2893', '$2y$13$31hboNjGcemLP/Npf3efxOPidlTpCYT.e/MTCIlWuI9owcOMG/FOm', 'anonymous', '2017-10-25', 'partnered-parent', 'english', 'part-time', 'apparent', 1, NULL, '[]', NULL, 3, NULL, 'yes', 'Facilis minima quibusdam minima.', 'Minus dolores eaque libero aut nesciunt soluta.', 'Ratione qui officiis quo non.', 'Rerum expedita delectus maiores reiciendis assumenda.', NULL, '2018-12-14 14:56:52', '2018-12-14 14:56:52', '2018-12-14 14:57:05', NULL, NULL, '557', 'Jazmin Ferry', 'East Claudineside', NULL, NULL, NULL, 'NJ', 'New Jersey', '24777-0503', '-82.9338160', '98.8402820', 'iFplUHpq-image.jpg', 'viktor-theo-1167315-unsplash.jpg', 'image/jpeg', 3034544, '3456,5184', 1, NULL, NULL, NULL),
(18, 1, 7, 1, 5, 2, 'Rupert', 'Predovic', 'earl.williamson@hotmail.com', '927-283-3756', '$2y$13$31hboNjGcemLP/Npf3efxOPidlTpCYT.e/MTCIlWuI9owcOMG/FOm', 'full-name', '1998-05-17', 'single-parent', 'no-english', 'part-time', 'apparent', 1, NULL, '[]', NULL, 0, 'Reiciendis dolorem optio sunt voluptates.', 'prefer-not-to-say', 'Magnam saepe explicabo consequatur et et odio voluptatem.', 'Harum voluptas vel sint. Rem totam nostrum architecto deserunt.', 'In ducimus distinctio eaque facilis enim et quia.', 'Facilis voluptas error mollitia autem ut.', NULL, '2018-12-14 14:56:52', '2018-12-14 14:56:52', '2018-12-14 14:56:52', NULL, NULL, '727', 'Taryn Mountain', 'South Linneaside', NULL, NULL, NULL, 'MD', 'Alaska', '16920', '-67.3509480', '67.0545160', 'NHltZsIV-image.jpg', 'yohei-shimomae-1167270-unsplash.jpg', 'image/jpeg', 3092244, '3264,4896', 1, NULL, NULL, NULL),
(19, 3, 9, 2, 9, 5, 'Lucas', 'Romaguera', 'wwindler@metz.com', '474.963.8234 x294', '$2y$13$31hboNjGcemLP/Npf3efxOPidlTpCYT.e/MTCIlWuI9owcOMG/FOm', 'first-name', '1996-07-03', 'single-parent', 'no-english', 'part-time', 'none', 1, NULL, '[]', NULL, 3, 'Laudantium architecto soluta cupiditate aut.', 'yes', 'Rerum qui ea nulla doloribus provident soluta.', 'Ex nulla quia nisi impedit iure.', 'Quia nostrum ut inventore enim iusto quos optio iure.', NULL, NULL, '2018-12-14 14:56:52', '2018-12-14 14:56:52', '2018-12-14 14:57:06', NULL, NULL, '889', 'Osinski Field', 'Gleichnerbury', NULL, NULL, NULL, 'VT', 'Minnesota', '06929', '-56.9763580', '10.9257850', 'dNZa5Lkm-image.jpg', 'jeff-kepler-1166709-unsplash.jpg', 'image/jpeg', 2061050, '4000,6000', 1, NULL, NULL, NULL),
(20, 3, 1, 6, 2, 3, 'Name', 'Hill', 'delilah84@hotmail.com', '383-395-5360', '$2y$13$31hboNjGcemLP/Npf3efxOPidlTpCYT.e/MTCIlWuI9owcOMG/FOm', 'full-name', '1986-09-16', 'partnered-parent', 'no-english', 'part-time', 'none', 1, NULL, '[]', NULL, 2, 'Qui molestias enim eaque aliquid facere et et commodi.', 'prefer-not-to-say', 'Saepe expedita voluptatem eligendi.', 'Non ipsa molestiae expedita natus deleniti qui.', 'Doloribus voluptatem mollitia dicta quos aut non sit.', 'Qui molestiae voluptas voluptatum magnam praesentium et hic.', NULL, '2018-12-14 14:56:52', '2018-12-14 14:56:52', '2018-12-14 14:57:06', NULL, NULL, '540', 'Kemmer Summit', 'North Leanne', NULL, NULL, NULL, 'MD', 'Washington', '46032-4466', '-87.6747790', '124.6755540', 'b91VBI4N-image.jpg', 'yohei-shimomae-1167270-unsplash.jpg', 'image/jpeg', 3092244, '3264,4896', 1, NULL, NULL, NULL),
(21, 3, 5, 8, 7, 7, 'Nicholaus', 'Rodriguez', 'hharris@yahoo.com', '+1-318-525-8037', '$2y$13$31hboNjGcemLP/Npf3efxOPidlTpCYT.e/MTCIlWuI9owcOMG/FOm', 'first-name', '1971-11-28', 'partnered-parent', 'english', 'Contractor', 'self-describe', 1, NULL, '[]', NULL, 1, 'Ut dolore voluptas nesciunt laboriosam consectetur qui labore.', 'yes', 'Porro ut est non vel ullam.', NULL, NULL, 'Quos sed minima iusto amet laboriosam est.', NULL, '2018-12-14 14:56:52', '2018-12-14 14:56:52', '2018-12-14 14:57:06', NULL, NULL, '236', 'Michale Coves', 'New Eddie', NULL, NULL, NULL, 'SC', 'Ohio', '66594', '-1.2799950', '149.2434940', 'gAwN8KHe-image.jpg', 'jezael-melgoza-1167932-unsplash.jpg', 'image/jpeg', 2617175, '5000,3400', 1, NULL, NULL, NULL),
(22, 3, 10, 2, 1, 4, 'Cyrus', 'Legros', 'hilton.romaguera@yahoo.com', '1-589-713-1714 x4382', '$2y$13$31hboNjGcemLP/Npf3efxOPidlTpCYT.e/MTCIlWuI9owcOMG/FOm', 'anonymous', '1973-10-16', 'partnered-parent', 'no-english', 'Contractor', 'self-describe', 1, NULL, '[]', NULL, 2, 'Et aliquam delectus nam et.', 'no', NULL, 'Voluptatem corrupti unde non et eos quod accusamus ea.', NULL, 'Quo dolor sit rerum esse esse nesciunt repellat eos.', NULL, '2018-12-14 14:56:52', '2018-12-14 14:56:52', '2018-12-14 14:57:06', NULL, NULL, '172', 'Casey Tunnel', 'West Elisaland', NULL, NULL, NULL, 'MA', 'New Hampshire', '06464', '41.3958670', '-5.4129480', 'DIAPGfe5-image.jpg', 'david-kristofer-1167785-unsplash.jpg', 'image/jpeg', 858550, '3000,2000', 1, NULL, NULL, NULL),
(23, 3, 4, 8, 2, 7, 'Lucy', 'Fahey', 'hallie.shields@gmail.com', '762-577-2825 x031', '$2y$13$31hboNjGcemLP/Npf3efxOPidlTpCYT.e/MTCIlWuI9owcOMG/FOm', 'anonymous', '2014-09-16', 'single-parent', 'no-english', 'Contractor', 'apparent', 1, NULL, '[]', NULL, 5, 'At architecto et eos ut.', 'prefer-not-to-say', 'Alias veniam recusandae qui repellat incidunt quia atque.', NULL, 'Aut qui officiis et atque.', 'Itaque hic assumenda nisi deserunt vitae eligendi veniam.', NULL, '2018-12-14 14:56:52', '2018-12-14 14:56:52', '2018-12-14 14:57:06', NULL, NULL, '054', 'Kris Locks', 'Schoenfurt', NULL, NULL, NULL, 'AK', 'New Mexico', '79653-6474', '-3.4716140', '-153.4633480', 'sEJVk68p-image.jpg', 'jezael-melgoza-1167932-unsplash.jpg', 'image/jpeg', 2617175, '5000,3400', 1, NULL, NULL, NULL),
(24, 4, 6, 4, 9, 7, 'Andy', 'Osinski', 'nathaniel.pagac@hotmail.com', '1-341-945-5452 x22608', '$2y$13$31hboNjGcemLP/Npf3efxOPidlTpCYT.e/MTCIlWuI9owcOMG/FOm', 'first-name', '1975-01-04', 'single-parent', 'no-english', 'Contractor', 'apparent', 1, NULL, '[]', NULL, 4, NULL, 'yes', 'Excepturi aut possimus dolores ut quibusdam.', 'Accusamus ex qui sed ut inventore. Et aut temporibus qui.', 'Aut et et ut.', NULL, NULL, '2018-12-14 14:56:52', '2018-12-14 14:56:52', '2018-12-14 14:57:06', NULL, NULL, '365', 'General River', 'Savionhaven', NULL, NULL, NULL, 'NC', 'South Dakota', '44321-0194', '-66.7022570', '-114.5574600', 'hdNrbDEE-image.jpg', 'oleg-ivanov-1166308-unsplash.jpg', 'image/jpeg', 4724888, '5184,3456', 1, NULL, NULL, NULL),
(25, 3, 7, 4, 4, 5, 'Antwon', 'Ritchie', 'keven72@lemke.info', '1-316-553-4564 x0241', '$2y$13$31hboNjGcemLP/Npf3efxOPidlTpCYT.e/MTCIlWuI9owcOMG/FOm', 'full-name', '1987-11-08', 'partnered-parent', 'no-english', 'part-time', 'none', 1, NULL, '[]', NULL, 5, 'Itaque sit iure voluptatem autem fugit incidunt quo.', 'prefer-not-to-say', 'Autem ipsa rerum perspiciatis.', 'Nisi autem non ut minus non necessitatibus iure.', 'Quo id non deleniti iusto. Ea eius culpa quis quia iste aut.', 'Ut vel ducimus inventore illum.', NULL, '2018-12-14 14:56:52', '2018-12-14 14:56:52', '2018-12-14 14:57:06', NULL, NULL, '004', 'Candace Ranch', 'Leotown', NULL, NULL, NULL, 'WI', 'South Carolina', '50296', '-31.9839500', '-100.2731470', 't2lmQOwC-image.jpg', 'keith-champaco-1166869-unsplash.jpg', 'image/jpeg', 1312543, '2651,3976', 1, NULL, NULL, NULL),
(26, 1, 10, 2, 7, 1, 'Ubaldo', 'White', 'thansen@yahoo.com', '(591) 988-4564 x10218', '$2y$13$31hboNjGcemLP/Npf3efxOPidlTpCYT.e/MTCIlWuI9owcOMG/FOm', 'anonymous', '1990-04-28', 'single-parent', 'english', 'part-time', 'none', 1, NULL, '[]', NULL, 3, 'Sed nisi dolorem non facere natus amet earum.', 'no', NULL, 'Nostrum voluptates animi dolore est non odio.', 'Quia quos sit in quos sit.', 'Harum quasi nihil recusandae expedita.', NULL, '2018-12-14 14:56:52', '2018-12-14 14:56:52', '2018-12-14 14:57:06', NULL, NULL, '491', 'Bart Pine', 'Sipeston', NULL, NULL, NULL, 'OR', 'New Hampshire', '06684', '10.6074380', '-164.1361850', 'oHPv3XYi-image.jpg', 'julian-schropel-1165727-unsplash.jpg', 'image/jpeg', 2111939, '3648,5472', 1, NULL, NULL, NULL),
(27, 1, 1, 3, 2, 4, 'Ransom', 'Buckridge', 'trohan@gmail.com', '(924) 408-4681', '$2y$13$31hboNjGcemLP/Npf3efxOPidlTpCYT.e/MTCIlWuI9owcOMG/FOm', 'anonymous', '2005-03-27', 'no-children', 'no-english', 'full-time', 'non-apparent', 1, NULL, '[]', NULL, 3, 'Dolorem expedita magnam aliquid ut voluptatem dolorem.', 'yes', 'Vel blanditiis ut voluptas a rerum.', 'Consequatur nesciunt qui iure est.', 'Quasi repellendus sint excepturi sit id sit.', 'Modi ut laudantium ad.', NULL, '2018-12-14 14:56:52', '2018-12-14 14:56:52', '2018-12-14 14:57:06', NULL, NULL, '106', 'Torrey Drive', 'Lake Christina', NULL, NULL, NULL, 'MI', 'North Carolina', '23433-5726', '-66.9290910', '-3.8083880', 'gojzYfHo-image.jpg', 'deva-darshan-1168222-unsplash.jpg', 'image/jpeg', 1556080, '3495,1966', 1, NULL, NULL, NULL),
(28, 3, 3, 7, 5, 6, 'Ressie', 'Mayert', 'damore.andreanne@hotmail.com', '(779) 301-2061', '$2y$13$31hboNjGcemLP/Npf3efxOPidlTpCYT.e/MTCIlWuI9owcOMG/FOm', 'full-name', '2001-07-21', 'no-children', 'no-english', 'part-time', 'self-describe', 1, NULL, '[]', NULL, 3, 'Recusandae ut quod dignissimos.', 'yes', 'Cum perferendis delectus ratione et quae.', 'Repellat non voluptas recusandae et.', NULL, 'Et non enim quos sint.', NULL, '2018-12-14 14:56:52', '2018-12-14 14:56:52', '2018-12-14 14:57:06', NULL, NULL, '143', 'Fay Squares', 'Lake Carolinaland', NULL, NULL, NULL, 'WY', 'Indiana', '49892', '80.4493670', '-61.2439130', 'XHAsVNbp-image.jpg', 'jezael-melgoza-1167932-unsplash.jpg', 'image/jpeg', 2617175, '5000,3400', 1, NULL, NULL, NULL),
(29, 3, 4, 2, 9, 3, 'Mertie', 'Hoppe', 'darwin66@yahoo.com', '+1 (360) 626-8010', '$2y$13$31hboNjGcemLP/Npf3efxOPidlTpCYT.e/MTCIlWuI9owcOMG/FOm', 'first-name', '2017-12-06', 'partnered-parent', 'english', 'Contractor', 'self-describe', 1, NULL, '[]', NULL, 6, 'Nobis cupiditate deserunt at aut velit facere nobis.', 'prefer-not-to-say', 'Quo id aliquid eius eum optio.', 'Aliquid ut soluta possimus. Esse qui id doloremque dolores ut.', NULL, NULL, NULL, '2018-12-14 14:56:52', '2018-12-14 14:56:52', '2018-12-14 14:57:07', NULL, NULL, '612', 'Maggio Mall', 'West Jamirport', NULL, NULL, NULL, 'IL', 'Delaware', '56040', '-63.4532380', '-81.1837720', 'GdbfOMMh-image.jpg', 'keith-champaco-1166869-unsplash.jpg', 'image/jpeg', 1312543, '2651,3976', 1, NULL, NULL, NULL),
(30, 1, 10, 6, 8, 7, 'Arden', 'Wilkinson', 'scotty.zieme@stiedemann.net', '517-721-9895 x6819', '$2y$13$31hboNjGcemLP/Npf3efxOPidlTpCYT.e/MTCIlWuI9owcOMG/FOm', 'first-name', '1992-02-05', 'single-parent', 'no-english', 'Contractor', 'non-apparent', 1, NULL, '[]', NULL, 6, 'Est aliquid aut quibusdam sequi error qui.', 'yes', NULL, 'Dolor cum sit minima aut beatae. Reiciendis vel in maiores.', 'Ipsum qui fuga ab esse vel nisi.', 'Minus consequuntur aspernatur doloribus ut eligendi.', NULL, '2018-12-14 14:56:52', '2018-12-14 14:56:52', '2018-12-14 14:57:07', NULL, NULL, '745', 'Rose Valleys', 'New Ara', NULL, NULL, NULL, 'MI', 'Texas', '47667-5028', '-22.0774920', '177.5123630', 'oJZNRGVB-image.jpg', 'david-kristofer-1167799-unsplash.jpg', 'image/jpeg', 893259, '3000,2000', 1, NULL, NULL, NULL),
(31, 2, 5, 7, 6, 3, 'Erick', 'Mitchell', 'bartell.celia@gmail.com', '242-952-0789 x22357', '$2y$13$31hboNjGcemLP/Npf3efxOPidlTpCYT.e/MTCIlWuI9owcOMG/FOm', 'full-name', '1980-06-12', 'single-parent', 'english', 'full-time', 'apparent', 1, NULL, '[]', NULL, 5, 'Enim quaerat sed et sequi incidunt aut dolores.', 'prefer-not-to-say', 'Dolorem voluptas aut ut et ad.', 'Ipsam eum sed facilis harum voluptatem illo.', 'Optio inventore inventore ratione.', 'Quas omnis iusto cumque ut.', NULL, '2018-12-14 14:56:52', '2018-12-14 14:56:52', '2018-12-14 14:57:07', NULL, NULL, '366', 'Stanton Locks', 'Malindamouth', NULL, NULL, NULL, 'KY', 'Oklahoma', '54991', '-5.1975100', '46.9338950', 'bguS1O51-image.jpg', 'nicole-honeywill-1166278-unsplash.jpg', 'image/jpeg', 1074471, '3348,4464', 1, NULL, NULL, NULL),
(32, 3, 10, 8, 4, 6, 'Heber', 'Lynch', 'efren52@gmail.com', '209-550-7337', '$2y$13$31hboNjGcemLP/Npf3efxOPidlTpCYT.e/MTCIlWuI9owcOMG/FOm', 'full-name', '2015-02-26', 'single-parent', 'no-english', 'part-time', 'self-describe', 1, NULL, '[]', NULL, 2, 'Suscipit qui possimus quia optio vel aliquam molestias.', 'no', NULL, NULL, NULL, 'Dicta neque ipsa quod laudantium ut dolor.', NULL, '2018-12-14 14:56:52', '2018-12-14 14:56:52', '2018-12-14 14:57:07', NULL, NULL, '250', 'Langosh Estate', 'Port Jairo', NULL, NULL, NULL, 'KS', 'North Dakota', '15358', '57.4837270', '-164.9264280', 'zUPm16Cg-image.jpg', 'david-kristofer-1167802-unsplash.jpg', 'image/jpeg', 1167954, '3000,2001', 1, NULL, NULL, NULL),
(33, 3, 4, 6, 2, 5, 'Gaetano', 'Hettinger', 'gillian49@yahoo.com', '+1 (871) 789-7244', '$2y$13$31hboNjGcemLP/Npf3efxOPidlTpCYT.e/MTCIlWuI9owcOMG/FOm', 'full-name', '2005-01-07', 'no-children', 'no-english', 'part-time', 'non-apparent', 1, NULL, '[]', NULL, 2, 'Voluptas aliquam molestias maxime.', 'no', 'Odit culpa est et.', 'Quo magnam earum quam aut aut quod.', 'Impedit dolorem assumenda qui debitis est voluptatum harum.', 'Tempora laudantium exercitationem iste laboriosam.', NULL, '2018-12-14 14:56:52', '2018-12-14 14:56:52', '2018-12-14 14:57:07', NULL, NULL, '284', 'Koch Passage', 'Moniquebury', NULL, NULL, NULL, 'IN', 'Delaware', '11289', '0.0889480', '-27.3148300', 'AjBtfaxg-image.jpg', 'nicole-honeywill-1166278-unsplash.jpg', 'image/jpeg', 1074471, '3348,4464', 1, NULL, NULL, NULL),
(34, 3, 8, 2, 5, 2, 'Isabell', 'Bailey', 'danyka.oconner@harvey.com', '+19312265167', '$2y$13$31hboNjGcemLP/Npf3efxOPidlTpCYT.e/MTCIlWuI9owcOMG/FOm', 'first-name', '1994-11-22', 'single-parent', 'no-english', 'Contractor', 'self-describe', 1, NULL, '[]', NULL, 1, 'Voluptatem dolores rerum laboriosam voluptatem.', 'prefer-not-to-say', 'Saepe explicabo eaque magni officiis.', 'Magni ad est et eius neque sed.', NULL, 'Soluta odit ad placeat voluptatibus voluptas.', NULL, '2018-12-14 14:56:52', '2018-12-14 14:56:52', '2018-12-14 14:57:07', NULL, NULL, '886', 'Bernier Points', 'New Metaview', NULL, NULL, NULL, 'AK', 'Montana', '70447', '70.0881720', '-75.3079540', 'D90GeWjB-image.jpg', 'michael-daniels-1167770-unsplash.jpg', 'image/jpeg', 1927944, '3840,5760', 1, NULL, NULL, NULL),
(35, 2, 2, 2, 1, 6, 'Harley', 'Durgan', 'kaylah.bashirian@kihn.com', '920-410-9739', '$2y$13$31hboNjGcemLP/Npf3efxOPidlTpCYT.e/MTCIlWuI9owcOMG/FOm', 'anonymous', '1996-03-19', 'partnered-parent', 'english', 'Contractor', 'none', 1, NULL, '[]', NULL, 2, 'Non culpa quia dolorum neque odit reiciendis et.', 'prefer-not-to-say', 'Exercitationem facilis vel in et enim unde accusamus.', 'Numquam blanditiis autem alias enim.', 'Aspernatur suscipit qui est recusandae molestiae facere sit ad.', 'Non laboriosam natus voluptate odit dolore.', NULL, '2018-12-14 14:56:52', '2018-12-14 14:56:53', '2018-12-14 14:57:07', NULL, NULL, '002', 'Funk Canyon', 'Jerometown', NULL, NULL, NULL, 'CA', 'Arizona', '55191-6744', '-84.4872010', '130.7963030', 'q05z5KRC-image.jpg', 'oleg-ivanov-1166308-unsplash.jpg', 'image/jpeg', 4724888, '5184,3456', 1, NULL, NULL, NULL),
(36, 3, 7, 5, 4, 3, 'Jerrell', 'Kuphal', 'isobel38@boehm.com', '1-213-413-4864 x13430', '$2y$13$31hboNjGcemLP/Npf3efxOPidlTpCYT.e/MTCIlWuI9owcOMG/FOm', 'anonymous', '1977-09-19', 'no-children', 'english', 'full-time', 'none', 1, NULL, '[]', NULL, 3, 'Magnam eveniet omnis et quisquam explicabo.', 'yes', 'Velit quasi qui ut corporis.', 'Debitis voluptas magnam incidunt eligendi.', 'In nemo tenetur dolor rem rem. Cumque soluta repellendus omnis.', 'Repudiandae totam voluptatem debitis voluptas.', NULL, '2018-12-14 14:56:53', '2018-12-14 14:56:53', '2018-12-14 14:57:07', NULL, NULL, '816', 'Barton Station', 'Heidenreichmouth', NULL, NULL, NULL, 'IL', 'Washington', '92582-2377', '-33.7217710', '158.5819710', 'appl1SXl-image.jpg', 'jeff-kepler-1166709-unsplash.jpg', 'image/jpeg', 2061050, '4000,6000', 1, NULL, NULL, NULL),
(37, 4, 3, 2, 1, 5, 'Jess', 'Emard', 'adan.doyle@feil.com', '643-536-7580', '$2y$13$31hboNjGcemLP/Npf3efxOPidlTpCYT.e/MTCIlWuI9owcOMG/FOm', 'anonymous', '2000-02-08', 'no-children', 'english', 'full-time', 'non-apparent', 1, NULL, '[]', NULL, 3, NULL, 'no', 'Atque fugit quo perspiciatis.', 'Et sed incidunt omnis non dolorem porro vel.', 'Esse laudantium consequatur neque maiores.', 'Omnis nobis corrupti expedita nam tenetur molestiae.', NULL, '2018-12-14 14:56:53', '2018-12-14 14:56:53', '2018-12-14 14:57:07', NULL, NULL, '377', 'Labadie Cove', 'New Jeffside', NULL, NULL, NULL, 'WY', 'New Hampshire', '70039', '48.0704740', '167.8517090', 'zUkRniv0-image.jpg', 'deva-darshan-1168222-unsplash.jpg', 'image/jpeg', 1556080, '3495,1966', 1, NULL, NULL, NULL),
(38, 1, 1, 2, 7, 6, 'Nina', 'Gutmann', 'ghuel@hotmail.com', '445.222.2423 x564', '$2y$13$31hboNjGcemLP/Npf3efxOPidlTpCYT.e/MTCIlWuI9owcOMG/FOm', 'anonymous', '1985-11-03', 'partnered-parent', 'english', 'Contractor', 'self-describe', 1, NULL, '[]', NULL, 1, 'Expedita quae iure sapiente est et.', 'no', 'Doloribus qui illo assumenda sit qui.', 'Et earum consequatur blanditiis autem molestiae soluta tempore.', NULL, 'Voluptate est et pariatur sint fuga.', NULL, '2018-12-14 14:56:53', '2018-12-14 14:56:53', '2018-12-14 14:57:07', NULL, NULL, '087', 'Grover Trail', 'Theresechester', NULL, NULL, NULL, 'NE', 'Oregon', '15402-5601', '37.9471550', '170.0108420', 'mqmTnJtM-image.jpg', 'yohei-shimomae-1167268-unsplash.jpg', 'image/jpeg', 3596822, '3264,4896', 1, NULL, NULL, NULL),
(39, 4, 5, 7, 4, 4, 'Lauriane', 'Oberbrunner', 'weldon04@gmail.com', '352.309.1724', '$2y$13$31hboNjGcemLP/Npf3efxOPidlTpCYT.e/MTCIlWuI9owcOMG/FOm', 'anonymous', '2011-09-29', 'partnered-parent', 'no-english', 'full-time', 'none', 1, NULL, '[]', NULL, 4, NULL, 'prefer-not-to-say', 'Quia qui nobis quia veniam doloribus.', 'Incidunt aut laboriosam unde et non laborum sunt.', 'Illo unde et et animi quisquam et.', 'Consectetur quo culpa repellat nihil recusandae.', NULL, '2018-12-14 14:56:53', '2018-12-14 14:56:53', '2018-12-14 14:57:08', NULL, NULL, '441', 'Russel Passage', 'New Elviebury', NULL, NULL, NULL, 'AK', 'Kansas', '09307-1412', '47.9593280', '7.4867930', 'K1f3oCGz-image.jpg', 'mateusz-majewski-1167507-unsplash.jpg', 'image/jpeg', 8006359, '4000,6000', 1, NULL, NULL, NULL),
(40, 3, 9, 5, 8, 2, 'Ada', 'Barrows', 'celine.wuckert@tromp.com', '(901) 234-1419', '$2y$13$31hboNjGcemLP/Npf3efxOPidlTpCYT.e/MTCIlWuI9owcOMG/FOm', 'anonymous', '1975-03-11', 'partnered-parent', 'english', 'Contractor', 'none', 1, NULL, '[]', NULL, 2, NULL, 'prefer-not-to-say', NULL, NULL, NULL, NULL, NULL, '2018-12-14 14:56:53', '2018-12-14 14:56:53', '2019-01-04 15:24:06', NULL, NULL, '615', 'Pinkie Mountain', 'Lake Zackary', NULL, NULL, NULL, 'ND', 'Nebraska', '45549-9898', '44.1122380', '-26.6677360', 'W07hbkH0-image.jpg', 'oleg-ivanov-1166308-unsplash.jpg', 'image/jpeg', 4724888, '5184,3456', 1, NULL, NULL, NULL),
(41, 2, 7, 7, 9, 6, 'Laurent', 'Bientz', 'laurent.bientz@wandi.fr', '0688728334', '$2y$13$an8LQCPQHGccCXUmjI.vDu0AMVzlYtaH8FW.Mk0VM924zeIyqfcf2', 'anonymous', '1986-04-30', 'no-children', 'no-english', 'full-time', 'none', 1, '2019-11-25 16:50:39', '[]', 'lnXa9TvBwbtZF7vvF5ZClMHbxgCl8mdJZI08Np3Qark', 13, NULL, 'no', NULL, NULL, NULL, 'test', '2019-12-18 08:56:21', '2019-11-26 16:00:59', '2018-12-14 14:56:53', '2019-12-18 08:56:21', NULL, NULL, NULL, NULL, NULL, NULL, NULL, NULL, NULL, NULL, NULL, NULL, NULL, 'TemSpOhC-image.jpg', 'laurent.jpg', 'image/jpeg', 154086, '524,522', 1, NULL, NULL, NULL),
(42, 2, 1, 4, 6, 4, 'test', 'old', 'test_old@yopmail.com', '0688728334', '$2y$13$f9qX8TRxmYNL.3c4dp66kueFvZ5a8clvKT0qp4TQgvtpQjdK4n33q', 'anonymous', '1931-01-01', 'no-children', 'english', 'full-time', 'apparent', 1, NULL, '[]', NULL, 0, NULL, 'yes', NULL, NULL, NULL, NULL, '2019-04-23 09:00:50', '2019-01-16 10:37:23', '2019-01-16 10:37:30', '2019-04-23 09:00:50', '26 Rue du Chalet, Paris, France', '\"{\\\"address_components\\\":[{\\\"long_name\\\":\\\"26\\\",\\\"short_name\\\":\\\"26\\\",\\\"types\\\":[\\\"street_number\\\"]},{\\\"long_name\\\":\\\"Rue du Chalet\\\",\\\"short_name\\\":\\\"Rue du Chalet\\\",\\\"types\\\":[\\\"route\\\"]},{\\\"long_name\\\":\\\"Paris\\\",\\\"short_name\\\":\\\"Paris\\\",\\\"types\\\":[\\\"locality\\\",\\\"political\\\"]},{\\\"long_name\\\":\\\"Paris\\\",\\\"short_name\\\":\\\"Paris\\\",\\\"types\\\":[\\\"administrative_area_level_2\\\",\\\"political\\\"]},{\\\"long_name\\\":\\\"\\\\u00cele-de-France\\\",\\\"short_name\\\":\\\"\\\\u00cele-de-France\\\",\\\"types\\\":[\\\"administrative_area_level_1\\\",\\\"political\\\"]},{\\\"long_name\\\":\\\"France\\\",\\\"short_name\\\":\\\"FR\\\",\\\"types\\\":[\\\"country\\\",\\\"political\\\"]},{\\\"long_name\\\":\\\"75010\\\",\\\"short_name\\\":\\\"75010\\\",\\\"types\\\":[\\\"postal_code\\\"]}],\\\"formatted_address\\\":\\\"26 Rue du Chalet, 75010 Paris, France\\\",\\\"geometry\\\":{\\\"location\\\":{\\\"lat\\\":48.8741511,\\\"lng\\\":2.3728969},\\\"location_type\\\":\\\"ROOFTOP\\\",\\\"viewport\\\":{\\\"northeast\\\":{\\\"lat\\\":48.8755000802915,\\\"lng\\\":2.374245880291502},\\\"southwest\\\":{\\\"lat\\\":48.8728021197085,\\\"lng\\\":2.371547919708498}}},\\\"place_id\\\":\\\"ChIJU5bGw-Bt5kcRD_qRmo43mXs\\\",\\\"plus_code\\\":{\\\"compound_code\\\":\\\"V9FF+M5 Paris, France\\\",\\\"global_code\\\":\\\"8FW4V9FF+M5\\\"},\\\"types\\\":[\\\"street_address\\\"]}\"', '26', 'Rue du Chalet', 'Paris', 'Île-de-France', 'Île-de-France', 'Paris', 'FR', 'France', '75010', '48.8741511', '2.3728969', 'GBCKKcGr-image.JPG', 'P6010005 (2).JPG', 'image/jpeg', 1979902, '2740,3977', 1, NULL, NULL, NULL),
(43, 2, 1, 7, 9, 6, 'test', 'laurent', 'test_laurent@yopmail.com', '0688728334', '$2y$13$tI5/d45KrIXg/sfAbAgMb.3aV0ePB1u3hRKnWnX9ldUIVNqWKCprG', 'anonymous', '1986-04-30', 'no-children', 'no-english', 'full-time', 'non-apparent', 1, NULL, '[]', NULL, 16, NULL, 'no', NULL, NULL, NULL, 'none', '2019-10-30 10:59:25', '2019-07-19 13:24:18', '2019-03-22 09:12:04', '2019-10-30 10:59:25', '26 Rue du Chalet, Paris, France', '\"{\\\"address_components\\\":[{\\\"long_name\\\":\\\"26\\\",\\\"short_name\\\":\\\"26\\\",\\\"types\\\":[\\\"street_number\\\"]},{\\\"long_name\\\":\\\"Rue du Chalet\\\",\\\"short_name\\\":\\\"Rue du Chalet\\\",\\\"types\\\":[\\\"route\\\"]},{\\\"long_name\\\":\\\"Paris\\\",\\\"short_name\\\":\\\"Paris\\\",\\\"types\\\":[\\\"locality\\\",\\\"political\\\"]},{\\\"long_name\\\":\\\"Arrondissement de Paris\\\",\\\"short_name\\\":\\\"Arrondissement de Paris\\\",\\\"types\\\":[\\\"administrative_area_level_2\\\",\\\"political\\\"]},{\\\"long_name\\\":\\\"\\\\u00cele-de-France\\\",\\\"short_name\\\":\\\"\\\\u00cele-de-France\\\",\\\"types\\\":[\\\"administrative_area_level_1\\\",\\\"political\\\"]},{\\\"long_name\\\":\\\"France\\\",\\\"short_name\\\":\\\"FR\\\",\\\"types\\\":[\\\"country\\\",\\\"political\\\"]},{\\\"long_name\\\":\\\"75010\\\",\\\"short_name\\\":\\\"75010\\\",\\\"types\\\":[\\\"postal_code\\\"]}],\\\"formatted_address\\\":\\\"26 Rue du Chalet, 75010 Paris, France\\\",\\\"geometry\\\":{\\\"location\\\":{\\\"lat\\\":48.8741511,\\\"lng\\\":2.3728969},\\\"location_type\\\":\\\"ROOFTOP\\\",\\\"viewport\\\":{\\\"northeast\\\":{\\\"lat\\\":48.8755000802915,\\\"lng\\\":2.374245880291502},\\\"southwest\\\":{\\\"lat\\\":48.8728021197085,\\\"lng\\\":2.371547919708498}}},\\\"place_id\\\":\\\"ChIJU5bGw-Bt5kcRD_qRmo43mXs\\\",\\\"plus_code\\\":{\\\"compound_code\\\":\\\"V9FF+M5 Paris, France\\\",\\\"global_code\\\":\\\"8FW4V9FF+M5\\\"},\\\"types\\\":[\\\"street_address\\\"]}\"', '26', 'Rue du Chalet', 'Paris', 'Île-de-France', 'Île-de-France', 'Arrondissement de Paris', 'FR', 'France', '75010', '48.8741511', '2.3728969', 'ItroiZ6D-image.jpg', 'lo.jpg', 'image/jpeg', 183418, '470,460', 1, NULL, NULL, NULL),
(46, 1, 1, 4, 6, 4, 'Test', 'i18n', 'test_i18n@yopmail.com', '0688728334', '$2y$13$MCdxT.mX4U8ejcz.Zj4b4O7UdAstgYew6azf2nfFFGPctZWidBjfC', 'anonymous', '1899-01-01', 'no-children', 'english', 'full-time', 'apparent', 1, '2019-04-02 09:59:05', '[]', 'dWeJVK5HKXXeaHc7w41vYs1ZIeewJATdpFjH_6HsMls', 0, NULL, 'yes', NULL, NULL, NULL, NULL, '2019-06-03 08:37:51', '2019-04-05 10:17:49', '2019-04-02 09:38:51', '2019-06-03 08:37:51', '26 Rue du Chalet, Paris, France', '\"{\\\"address_components\\\":[{\\\"long_name\\\":\\\"26\\\",\\\"short_name\\\":\\\"26\\\",\\\"types\\\":[\\\"street_number\\\"]},{\\\"long_name\\\":\\\"Rue du Chalet\\\",\\\"short_name\\\":\\\"Rue du Chalet\\\",\\\"types\\\":[\\\"route\\\"]},{\\\"long_name\\\":\\\"Paris\\\",\\\"short_name\\\":\\\"Paris\\\",\\\"types\\\":[\\\"locality\\\",\\\"political\\\"]},{\\\"long_name\\\":\\\"Arrondissement de Paris\\\",\\\"short_name\\\":\\\"Arrondissement de Paris\\\",\\\"types\\\":[\\\"administrative_area_level_2\\\",\\\"political\\\"]},{\\\"long_name\\\":\\\"\\\\u00cele-de-France\\\",\\\"short_name\\\":\\\"\\\\u00cele-de-France\\\",\\\"types\\\":[\\\"administrative_area_level_1\\\",\\\"political\\\"]},{\\\"long_name\\\":\\\"France\\\",\\\"short_name\\\":\\\"FR\\\",\\\"types\\\":[\\\"country\\\",\\\"political\\\"]},{\\\"long_name\\\":\\\"75010\\\",\\\"short_name\\\":\\\"75010\\\",\\\"types\\\":[\\\"postal_code\\\"]}],\\\"formatted_address\\\":\\\"26 Rue du Chalet, 75010 Paris, France\\\",\\\"geometry\\\":{\\\"location\\\":{\\\"lat\\\":48.8741511,\\\"lng\\\":2.3728969},\\\"location_type\\\":\\\"ROOFTOP\\\",\\\"viewport\\\":{\\\"northeast\\\":{\\\"lat\\\":48.8755000802915,\\\"lng\\\":2.374245880291502},\\\"southwest\\\":{\\\"lat\\\":48.8728021197085,\\\"lng\\\":2.371547919708498}}},\\\"place_id\\\":\\\"ChIJU5bGw-Bt5kcRD_qRmo43mXs\\\",\\\"plus_code\\\":{\\\"compound_code\\\":\\\"V9FF+M5 Paris, France\\\",\\\"global_code\\\":\\\"8FW4V9FF+M5\\\"},\\\"types\\\":[\\\"street_address\\\"]}\"', '26', 'Rue du Chalet', 'Paris', 'Île-de-France', 'Île-de-France', 'Arrondissement de Paris', 'FR', 'France', '75010', '48.8741511', '2.3728969', 'YhJc6N6G-image.jpg', 'lo.jpg', 'image/jpeg', 183418, '470,460', 1, NULL, NULL, NULL),
(49, 1, 1, 4, 6, 4, 'Laurent', 'Bientz', 'laurent@ouiwill.com', '0688728334', '$2y$13$Pk5Jlrtk7lj.87CmV.agPOYxpObsV7oJ9NtDm3NeWKZtkYV4IZMFq', 'anonymous', '1899-01-01', 'no-children', 'english', 'full-time', 'apparent', 0, NULL, '[]', 'jt4B5t7at3tHfQVGxBE4jPuInhThvQtSM5hx7IEj0EY', 0, NULL, 'yes', NULL, NULL, NULL, NULL, NULL, '2019-05-07 15:13:15', '2019-05-07 15:13:17', '2019-05-07 15:13:17', 'Paris', '\"{\\\"address_components\\\":[{\\\"long_name\\\":\\\"Paris\\\",\\\"short_name\\\":\\\"Paris\\\",\\\"types\\\":[\\\"locality\\\",\\\"political\\\"]},{\\\"long_name\\\":\\\"Paris\\\",\\\"short_name\\\":\\\"Paris\\\",\\\"types\\\":[\\\"administrative_area_level_2\\\",\\\"political\\\"]},{\\\"long_name\\\":\\\"\\\\u00cele-de-France\\\",\\\"short_name\\\":\\\"\\\\u00cele-de-France\\\",\\\"types\\\":[\\\"administrative_area_level_1\\\",\\\"political\\\"]},{\\\"long_name\\\":\\\"France\\\",\\\"short_name\\\":\\\"FR\\\",\\\"types\\\":[\\\"country\\\",\\\"political\\\"]}],\\\"formatted_address\\\":\\\"Paris, France\\\",\\\"geometry\\\":{\\\"bounds\\\":{\\\"northeast\\\":{\\\"lat\\\":48.9021449,\\\"lng\\\":2.4699208},\\\"southwest\\\":{\\\"lat\\\":48.815573,\\\"lng\\\":2.224199}},\\\"location\\\":{\\\"lat\\\":48.856614,\\\"lng\\\":2.3522219},\\\"location_type\\\":\\\"APPROXIMATE\\\",\\\"viewport\\\":{\\\"northeast\\\":{\\\"lat\\\":48.9021449,\\\"lng\\\":2.4699208},\\\"southwest\\\":{\\\"lat\\\":48.815573,\\\"lng\\\":2.224199}}},\\\"place_id\\\":\\\"ChIJD7fiBh9u5kcRYJSMaMOCCwQ\\\",\\\"types\\\":[\\\"locality\\\",\\\"political\\\"]}\"', NULL, NULL, 'Paris', 'Île-de-France', 'Île-de-France', 'Paris', 'FR', 'France', NULL, '48.8566140', '2.3522219', 'ymNeVxwo-image.jpg', 'marathon.jpg', 'image/jpeg', 275072, '960,960', 1, NULL, NULL, NULL),
(51, 1, 1, 4, 6, 4, 'Test', 'test', 'testlo@yopmail.com', NULL, '$2y$13$tVswjIHv4i1B3dYeDh1eG.HClCyiuc57mx8PdTtkPMWellVC/7jv2', 'anonymous', '1899-01-01', 'no-children', 'english', 'full-time', 'apparent', 0, NULL, '[]', '6RZe07ohLZE-PklM4yWP5PcqWEDXRzdJ-1xFEKxTahU', 0, NULL, 'yes', NULL, NULL, NULL, NULL, NULL, '2019-05-15 14:04:33', '2019-05-15 14:04:41', '2019-05-15 14:04:41', NULL, NULL, NULL, NULL, NULL, NULL, NULL, NULL, NULL, NULL, NULL, NULL, NULL, NULL, NULL, NULL, NULL, NULL, 1, NULL, NULL, NULL),
(52, NULL, NULL, NULL, NULL, 6, 'No Specificity', 'Test', 'test_no_specificity@yopmail.com', '0688728334', '$2y$13$Sd6gJ.cwuCOik6IwlBLEU.dF7/A7.8ASc6PdPkKPfriK29idATuvy', 'anonymous', '1986-04-30', 'no-children', 'english', 'full-time', NULL, 1, NULL, '[]', NULL, 0, NULL, 'no', NULL, NULL, NULL, NULL, '2019-05-16 14:32:19', '2019-05-16 14:31:32', '2019-05-16 14:31:34', '2019-05-16 14:32:19', 'Paris, France', '\"{\\\"address_components\\\":[{\\\"long_name\\\":\\\"Paris\\\",\\\"short_name\\\":\\\"Paris\\\",\\\"types\\\":[\\\"locality\\\",\\\"political\\\"]},{\\\"long_name\\\":\\\"Paris\\\",\\\"short_name\\\":\\\"Paris\\\",\\\"types\\\":[\\\"administrative_area_level_2\\\",\\\"political\\\"]},{\\\"long_name\\\":\\\"\\\\u00cele-de-France\\\",\\\"short_name\\\":\\\"\\\\u00cele-de-France\\\",\\\"types\\\":[\\\"administrative_area_level_1\\\",\\\"political\\\"]},{\\\"long_name\\\":\\\"France\\\",\\\"short_name\\\":\\\"FR\\\",\\\"types\\\":[\\\"country\\\",\\\"political\\\"]}],\\\"formatted_address\\\":\\\"Paris, France\\\",\\\"geometry\\\":{\\\"bounds\\\":{\\\"northeast\\\":{\\\"lat\\\":48.9021449,\\\"lng\\\":2.4699208},\\\"southwest\\\":{\\\"lat\\\":48.815573,\\\"lng\\\":2.224199}},\\\"location\\\":{\\\"lat\\\":48.856614,\\\"lng\\\":2.3522219},\\\"location_type\\\":\\\"APPROXIMATE\\\",\\\"viewport\\\":{\\\"northeast\\\":{\\\"lat\\\":48.9021449,\\\"lng\\\":2.4699208},\\\"southwest\\\":{\\\"lat\\\":48.815573,\\\"lng\\\":2.224199}}},\\\"place_id\\\":\\\"ChIJD7fiBh9u5kcRYJSMaMOCCwQ\\\",\\\"types\\\":[\\\"locality\\\",\\\"political\\\"]}\"', NULL, NULL, 'Paris', 'Île-de-France', 'Île-de-France', 'Paris', 'FR', 'France', NULL, '48.8566140', '2.3522219', 'lUJujqxX-image.jpg', 'lo-paroisse.jpg', 'image/jpeg', 85667, '200,233', 1, NULL, NULL, NULL),
(53, NULL, NULL, NULL, NULL, 1, 'test', 'test', 'test_flash@yopmail.com', '0688728334', '$2y$13$E5WyH4Dyijj8oub2qEvt7OrCaf.E/vN9LmpscZhWIwsNY/ruypElK', 'anonymous', '1899-01-01', 'no-children', 'no-english', 'full-time', NULL, 1, NULL, '[]', NULL, 0, NULL, 'no', NULL, NULL, NULL, NULL, '2019-10-29 15:24:13', '2019-05-17 13:59:56', '2019-05-17 13:59:58', '2019-10-29 15:24:13', 'Paris, France', '\"{\\\"address_components\\\":[{\\\"long_name\\\":\\\"Paris\\\",\\\"short_name\\\":\\\"Paris\\\",\\\"types\\\":[\\\"locality\\\",\\\"political\\\"]},{\\\"long_name\\\":\\\"Paris\\\",\\\"short_name\\\":\\\"Paris\\\",\\\"types\\\":[\\\"administrative_area_level_2\\\",\\\"political\\\"]},{\\\"long_name\\\":\\\"\\\\u00cele-de-France\\\",\\\"short_name\\\":\\\"\\\\u00cele-de-France\\\",\\\"types\\\":[\\\"administrative_area_level_1\\\",\\\"political\\\"]},{\\\"long_name\\\":\\\"France\\\",\\\"short_name\\\":\\\"FR\\\",\\\"types\\\":[\\\"country\\\",\\\"political\\\"]}],\\\"formatted_address\\\":\\\"Paris, France\\\",\\\"geometry\\\":{\\\"bounds\\\":{\\\"northeast\\\":{\\\"lat\\\":48.9021449,\\\"lng\\\":2.4699208},\\\"southwest\\\":{\\\"lat\\\":48.815573,\\\"lng\\\":2.224199}},\\\"location\\\":{\\\"lat\\\":48.856614,\\\"lng\\\":2.3522219},\\\"location_type\\\":\\\"APPROXIMATE\\\",\\\"viewport\\\":{\\\"northeast\\\":{\\\"lat\\\":48.9021449,\\\"lng\\\":2.4699208},\\\"southwest\\\":{\\\"lat\\\":48.815573,\\\"lng\\\":2.224199}}},\\\"place_id\\\":\\\"ChIJD7fiBh9u5kcRYJSMaMOCCwQ\\\",\\\"types\\\":[\\\"locality\\\",\\\"political\\\"]}\"', NULL, NULL, 'Paris', 'Île-de-France', 'Île-de-France', 'Paris', 'FR', 'France', NULL, '48.8566140', '2.3522219', 'BteI0JKi-image.jpg', 'steam_summer.jpg', 'image/jpeg', 542073, '992,703', 1, NULL, NULL, NULL),
(54, 2, 8, 7, 6, 7, 'Laurent2', 'Not Admin', 'laurent@wandi.fr', '0688728334', '$2y$13$acCfAMrLSo7y68mL68oDw.31ZP27oo4/XXe7hrEDpf2t5.DTg56.i', 'anonymous', '1986-04-30', 'no-children', 'no-english', 'full-time', 'non-apparent', 1, '2019-08-13 14:44:46', '[]', 'w9zfUcXjuWCJX42pgoKJceY9xBuFGtDIQOHRewqlSns', 11, NULL, 'no', NULL, NULL, NULL, NULL, '2019-12-20 18:07:32', '2019-12-13 15:48:12', '2019-07-09 10:35:07', '2019-12-20 18:07:32', 'Paris, France', '\"{\\\"address_components\\\":[{\\\"long_name\\\":\\\"Paris\\\",\\\"short_name\\\":\\\"Paris\\\",\\\"types\\\":[\\\"locality\\\",\\\"political\\\"]},{\\\"long_name\\\":\\\"Paris\\\",\\\"short_name\\\":\\\"Paris\\\",\\\"types\\\":[\\\"administrative_area_level_2\\\",\\\"political\\\"]},{\\\"long_name\\\":\\\"\\\\u00cele-de-France\\\",\\\"short_name\\\":\\\"\\\\u00cele-de-France\\\",\\\"types\\\":[\\\"administrative_area_level_1\\\",\\\"political\\\"]},{\\\"long_name\\\":\\\"France\\\",\\\"short_name\\\":\\\"FR\\\",\\\"types\\\":[\\\"country\\\",\\\"political\\\"]}],\\\"formatted_address\\\":\\\"Paris, France\\\",\\\"geometry\\\":{\\\"bounds\\\":{\\\"northeast\\\":{\\\"lat\\\":48.9021449,\\\"lng\\\":2.4699208},\\\"southwest\\\":{\\\"lat\\\":48.815573,\\\"lng\\\":2.224199}},\\\"location\\\":{\\\"lat\\\":48.856614,\\\"lng\\\":2.3522219},\\\"location_type\\\":\\\"APPROXIMATE\\\",\\\"viewport\\\":{\\\"northeast\\\":{\\\"lat\\\":48.9021449,\\\"lng\\\":2.4699208},\\\"southwest\\\":{\\\"lat\\\":48.815573,\\\"lng\\\":2.224199}}},\\\"place_id\\\":\\\"ChIJD7fiBh9u5kcRYJSMaMOCCwQ\\\",\\\"types\\\":[\\\"locality\\\",\\\"political\\\"]}\"', NULL, NULL, 'Paris', 'Île-de-France', 'Île-de-France', 'Paris', 'FR', 'France', NULL, '48.8566140', '2.3522219', 'gMzY0ygD-image.jpg', 'marathon.jpg', 'image/jpeg', 275072, '960,960', 1, NULL, NULL, NULL),
(55, 2, 9, 1, 5, 4, 'test', 'test', 'test_bug@yopmail.com', '0688728334', '$2y$13$MfyC4d5I093YCTz5EdAHF.AcRms5xwnVqKQ/CpvMQ8hG0tnND9a12', 'anonymous', '1899-01-01', 'no-children', 'english', 'full-time', 'apparent', 0, NULL, '[]', 'hVhpZCRQw5_3aWJ5WtJTAa_5MnqKBzm-yc44fZNaHUQ', 0, NULL, 'yes', NULL, NULL, NULL, NULL, NULL, '2019-07-19 22:59:38', '2019-07-19 22:59:41', '2019-07-19 22:59:41', '26 Rue du Chalet, Paris, France', '\"{\\\"address_components\\\":[{\\\"long_name\\\":\\\"26\\\",\\\"short_name\\\":\\\"26\\\",\\\"types\\\":[\\\"street_number\\\"]},{\\\"long_name\\\":\\\"Rue du Chalet\\\",\\\"short_name\\\":\\\"Rue du Chalet\\\",\\\"types\\\":[\\\"route\\\"]},{\\\"long_name\\\":\\\"Paris\\\",\\\"short_name\\\":\\\"Paris\\\",\\\"types\\\":[\\\"locality\\\",\\\"political\\\"]},{\\\"long_name\\\":\\\"Arrondissement de Paris\\\",\\\"short_name\\\":\\\"Arrondissement de Paris\\\",\\\"types\\\":[\\\"administrative_area_level_2\\\",\\\"political\\\"]},{\\\"long_name\\\":\\\"\\\\u00cele-de-France\\\",\\\"short_name\\\":\\\"\\\\u00cele-de-France\\\",\\\"types\\\":[\\\"administrative_area_level_1\\\",\\\"political\\\"]},{\\\"long_name\\\":\\\"France\\\",\\\"short_name\\\":\\\"FR\\\",\\\"types\\\":[\\\"country\\\",\\\"political\\\"]},{\\\"long_name\\\":\\\"75010\\\",\\\"short_name\\\":\\\"75010\\\",\\\"types\\\":[\\\"postal_code\\\"]}],\\\"formatted_address\\\":\\\"26 Rue du Chalet, 75010 Paris, France\\\",\\\"geometry\\\":{\\\"location\\\":{\\\"lat\\\":48.8741511,\\\"lng\\\":2.3728969},\\\"location_type\\\":\\\"ROOFTOP\\\",\\\"viewport\\\":{\\\"northeast\\\":{\\\"lat\\\":48.8755000802915,\\\"lng\\\":2.374245880291502},\\\"southwest\\\":{\\\"lat\\\":48.8728021197085,\\\"lng\\\":2.371547919708498}}},\\\"place_id\\\":\\\"ChIJU5bGw-Bt5kcRD_qRmo43mXs\\\",\\\"plus_code\\\":{\\\"compound_code\\\":\\\"V9FF+M5 Paris, France\\\",\\\"global_code\\\":\\\"8FW4V9FF+M5\\\"},\\\"types\\\":[\\\"street_address\\\"]}\"', '26', 'Rue du Chalet', 'Paris', 'Île-de-France', 'Île-de-France', 'Arrondissement de Paris', 'FR', 'France', '75010', '48.8741511', '2.3728969', 'm1MbBQP8-image.jpg', 'lo-paroisse.jpg', 'image/jpeg', 85667, '200,233', 1, NULL, NULL, NULL);
INSERT INTO `user` (`id`, `gender_id`, `race_id`, `sexual_orientation_id`, `religion_id`, `education_level_id`, `first_name`, `last_name`, `email`, `phone`, `password`, `privacy`, `birth_date`, `family_status`, `native_language`, `employee_status`, `differently_abled`, `enable`, `password_requested_at`, `roles`, `confirmationToken`, `nb_reviews`, `gender_other`, `transgender_identification`, `race_other`, `sexual_orientation_other`, `differently_abled_other`, `religion_other`, `last_login_at`, `see_notification_at`, `created_at`, `updated_at`, `address_request`, `address_response`, `address_number`, `address_street`, `address_city`, `address_administrative_level1short`, `address_administrative_level1long`, `address_administrative_level2`, `address_country_short`, `address_country_long`, `address_postal_code`, `address_latitude`, `address_longitude`, `image_name`, `image_original_name`, `image_mime_type`, `image_size`, `image_dimensions`, `badge_id`, `oauth_provider`, `oauth_uid`, `oauth_access_token`) VALUES
(56, 1, 1, 6, 8, 4, 'test', 'test', 'tesfsfdsf@yopmail.com', '0688728334', '$2y$13$zkMfCQjV3mBFYhYP4Xzcrey5/uuz4aPMIT/tgwIpGk7n/0jX9bHFS', 'anonymous', '1899-01-01', 'no-children', 'english', 'full-time', 'apparent', 0, NULL, '[]', 'BfE9kVG1pCOjpgXaII9t5LpsK_IWdJND_kIap6Cy3GI', 0, NULL, 'no', NULL, NULL, NULL, NULL, NULL, '2019-07-19 23:02:05', '2019-07-19 23:02:07', '2019-07-19 23:02:07', '26 Rue du Chalet, 75010 Paris, France', '\"{\\\"address_components\\\":[{\\\"long_name\\\":\\\"26\\\",\\\"short_name\\\":\\\"26\\\",\\\"types\\\":[\\\"street_number\\\"]},{\\\"long_name\\\":\\\"Rue du Chalet\\\",\\\"short_name\\\":\\\"Rue du Chalet\\\",\\\"types\\\":[\\\"route\\\"]},{\\\"long_name\\\":\\\"Paris\\\",\\\"short_name\\\":\\\"Paris\\\",\\\"types\\\":[\\\"locality\\\",\\\"political\\\"]},{\\\"long_name\\\":\\\"Arrondissement de Paris\\\",\\\"short_name\\\":\\\"Arrondissement de Paris\\\",\\\"types\\\":[\\\"administrative_area_level_2\\\",\\\"political\\\"]},{\\\"long_name\\\":\\\"\\\\u00cele-de-France\\\",\\\"short_name\\\":\\\"\\\\u00cele-de-France\\\",\\\"types\\\":[\\\"administrative_area_level_1\\\",\\\"political\\\"]},{\\\"long_name\\\":\\\"France\\\",\\\"short_name\\\":\\\"FR\\\",\\\"types\\\":[\\\"country\\\",\\\"political\\\"]},{\\\"long_name\\\":\\\"75010\\\",\\\"short_name\\\":\\\"75010\\\",\\\"types\\\":[\\\"postal_code\\\"]}],\\\"formatted_address\\\":\\\"26 Rue du Chalet, 75010 Paris, France\\\",\\\"geometry\\\":{\\\"location\\\":{\\\"lat\\\":48.8741511,\\\"lng\\\":2.3728969},\\\"location_type\\\":\\\"ROOFTOP\\\",\\\"viewport\\\":{\\\"northeast\\\":{\\\"lat\\\":48.8755000802915,\\\"lng\\\":2.374245880291502},\\\"southwest\\\":{\\\"lat\\\":48.8728021197085,\\\"lng\\\":2.371547919708498}}},\\\"place_id\\\":\\\"ChIJU5bGw-Bt5kcRD_qRmo43mXs\\\",\\\"plus_code\\\":{\\\"compound_code\\\":\\\"V9FF+M5 Paris, France\\\",\\\"global_code\\\":\\\"8FW4V9FF+M5\\\"},\\\"types\\\":[\\\"street_address\\\"]}\"', '26', 'Rue du Chalet', 'Paris', 'Île-de-France', 'Île-de-France', 'Arrondissement de Paris', 'FR', 'France', '75010', '48.8741511', '2.3728969', 'mbZELA1g-image.jpg', 'lo-paroisse.jpg', 'image/jpeg', 85667, '200,233', 1, NULL, NULL, NULL),
(57, 1, 7, 6, 8, 4, 'test', 'test', 'tedsqdqsd@yopmail.com', '0688728334', '$2y$13$pxypUePhS3y4FcCxe8RvSuBj8HpRNHOTsS7/ALHugbGFjJV3gQvCW', 'anonymous', '1899-01-01', 'no-children', 'english', 'full-time', 'apparent', 0, NULL, '[]', '08fnLA30aGuHB37FocDkBScYWayCoseG-XXPVoHTq2g', 0, NULL, 'no', NULL, NULL, NULL, NULL, NULL, '2019-07-19 23:03:21', '2019-07-19 23:03:23', '2019-07-19 23:03:23', '26 Rue du Chalet, 75010 Paris, France', '\"{\\\"address_components\\\":[{\\\"long_name\\\":\\\"26\\\",\\\"short_name\\\":\\\"26\\\",\\\"types\\\":[\\\"street_number\\\"]},{\\\"long_name\\\":\\\"Rue du Chalet\\\",\\\"short_name\\\":\\\"Rue du Chalet\\\",\\\"types\\\":[\\\"route\\\"]},{\\\"long_name\\\":\\\"Paris\\\",\\\"short_name\\\":\\\"Paris\\\",\\\"types\\\":[\\\"locality\\\",\\\"political\\\"]},{\\\"long_name\\\":\\\"Arrondissement de Paris\\\",\\\"short_name\\\":\\\"Arrondissement de Paris\\\",\\\"types\\\":[\\\"administrative_area_level_2\\\",\\\"political\\\"]},{\\\"long_name\\\":\\\"\\\\u00cele-de-France\\\",\\\"short_name\\\":\\\"\\\\u00cele-de-France\\\",\\\"types\\\":[\\\"administrative_area_level_1\\\",\\\"political\\\"]},{\\\"long_name\\\":\\\"France\\\",\\\"short_name\\\":\\\"FR\\\",\\\"types\\\":[\\\"country\\\",\\\"political\\\"]},{\\\"long_name\\\":\\\"75010\\\",\\\"short_name\\\":\\\"75010\\\",\\\"types\\\":[\\\"postal_code\\\"]}],\\\"formatted_address\\\":\\\"26 Rue du Chalet, 75010 Paris, France\\\",\\\"geometry\\\":{\\\"location\\\":{\\\"lat\\\":48.8741511,\\\"lng\\\":2.3728969},\\\"location_type\\\":\\\"ROOFTOP\\\",\\\"viewport\\\":{\\\"northeast\\\":{\\\"lat\\\":48.8755000802915,\\\"lng\\\":2.374245880291502},\\\"southwest\\\":{\\\"lat\\\":48.8728021197085,\\\"lng\\\":2.371547919708498}}},\\\"place_id\\\":\\\"ChIJU5bGw-Bt5kcRD_qRmo43mXs\\\",\\\"plus_code\\\":{\\\"compound_code\\\":\\\"V9FF+M5 Paris, France\\\",\\\"global_code\\\":\\\"8FW4V9FF+M5\\\"},\\\"types\\\":[\\\"street_address\\\"]}\"', '26', 'Rue du Chalet', 'Paris', 'Île-de-France', 'Île-de-France', 'Arrondissement de Paris', 'FR', 'France', '75010', '48.8741511', '2.3728969', 'VFN0ZQ1R-image.jpg', 'lo-paroisse.jpg', 'image/jpeg', 85667, '200,233', 1, NULL, NULL, NULL),
(58, 1, 8, 1, 10, 4, 'test interests', '#7515', 'test-interests@yopmail.com', '0688728334', '$2y$13$xCx.IJ.zJBQuvNC6AaM2mu4t7ECUlXqFPalzjmWOeBAY3QT9E36gy', 'anonymous', '1971-01-01', 'no-children', 'english', 'part-time', 'non-apparent', 1, NULL, '[]', NULL, 0, NULL, 'yes', NULL, NULL, NULL, NULL, '2019-07-23 15:30:25', '2019-07-23 15:29:53', '2019-07-23 15:29:56', '2019-07-23 15:30:25', '37 Avenue du Colonel Fabien, 77190 Dammarie-les-Lys, France', '\"{\\\"address_components\\\":[{\\\"long_name\\\":\\\"37\\\",\\\"short_name\\\":\\\"37\\\",\\\"types\\\":[\\\"street_number\\\"]},{\\\"long_name\\\":\\\"Avenue du Colonel Fabien\\\",\\\"short_name\\\":\\\"Avenue du Colonel Fabien\\\",\\\"types\\\":[\\\"route\\\"]},{\\\"long_name\\\":\\\"Dammarie-les-Lys\\\",\\\"short_name\\\":\\\"Dammarie-les-Lys\\\",\\\"types\\\":[\\\"locality\\\",\\\"political\\\"]},{\\\"long_name\\\":\\\"Seine-et-Marne\\\",\\\"short_name\\\":\\\"Seine-et-Marne\\\",\\\"types\\\":[\\\"administrative_area_level_2\\\",\\\"political\\\"]},{\\\"long_name\\\":\\\"\\\\u00cele-de-France\\\",\\\"short_name\\\":\\\"\\\\u00cele-de-France\\\",\\\"types\\\":[\\\"administrative_area_level_1\\\",\\\"political\\\"]},{\\\"long_name\\\":\\\"France\\\",\\\"short_name\\\":\\\"FR\\\",\\\"types\\\":[\\\"country\\\",\\\"political\\\"]},{\\\"long_name\\\":\\\"77190\\\",\\\"short_name\\\":\\\"77190\\\",\\\"types\\\":[\\\"postal_code\\\"]}],\\\"formatted_address\\\":\\\"37 Avenue du Colonel Fabien, 77190 Dammarie-les-Lys, France\\\",\\\"geometry\\\":{\\\"location\\\":{\\\"lat\\\":48.5271098,\\\"lng\\\":2.6497424},\\\"location_type\\\":\\\"ROOFTOP\\\",\\\"viewport\\\":{\\\"northeast\\\":{\\\"lat\\\":48.52845878029149,\\\"lng\\\":2.651091380291502},\\\"southwest\\\":{\\\"lat\\\":48.5257608197085,\\\"lng\\\":2.648393419708498}}},\\\"place_id\\\":\\\"ChIJn5hwmH_w5UcRRYsbDYIf1xo\\\",\\\"plus_code\\\":{\\\"compound_code\\\":\\\"GJGX+RV Dammarie-l\\\\u00e8s-Lys, France\\\",\\\"global_code\\\":\\\"8FW4GJGX+RV\\\"},\\\"types\\\":[\\\"street_address\\\"]}\"', '37', 'Avenue du Colonel Fabien', 'Dammarie-les-Lys', 'Île-de-France', 'Île-de-France', 'Seine-et-Marne', 'FR', 'France', '77190', '48.5271098', '2.6497424', 'WC3sv9Cr-image.jpg', 'lo-paroisse.jpg', 'image/jpeg', 85667, '200,233', 1, NULL, NULL, NULL),
(59, NULL, NULL, NULL, NULL, NULL, 'Test Work', 'Xp nullable', 'test-work-xp-nullable@yopmail.com', '0688728334', '$2y$13$H1G1PkLontrCpBZDzH0LyuTiOHeFu8BJnS4KuEhtwJqs1LO0QavZO', 'anonymous', '1986-04-30', 'no-children', 'no-english', 'full-time', NULL, 1, NULL, '[]', NULL, 0, NULL, 'no', NULL, NULL, NULL, NULL, '2019-07-24 14:39:20', '2019-07-24 14:38:24', '2019-07-24 14:38:26', '2019-07-24 14:39:20', '26 Rue du Chalet, 75010 Paris, France', '\"{\\\"address_components\\\":[{\\\"long_name\\\":\\\"26\\\",\\\"short_name\\\":\\\"26\\\",\\\"types\\\":[\\\"street_number\\\"]},{\\\"long_name\\\":\\\"Rue du Chalet\\\",\\\"short_name\\\":\\\"Rue du Chalet\\\",\\\"types\\\":[\\\"route\\\"]},{\\\"long_name\\\":\\\"Paris\\\",\\\"short_name\\\":\\\"Paris\\\",\\\"types\\\":[\\\"locality\\\",\\\"political\\\"]},{\\\"long_name\\\":\\\"Arrondissement de Paris\\\",\\\"short_name\\\":\\\"Arrondissement de Paris\\\",\\\"types\\\":[\\\"administrative_area_level_2\\\",\\\"political\\\"]},{\\\"long_name\\\":\\\"\\\\u00cele-de-France\\\",\\\"short_name\\\":\\\"\\\\u00cele-de-France\\\",\\\"types\\\":[\\\"administrative_area_level_1\\\",\\\"political\\\"]},{\\\"long_name\\\":\\\"France\\\",\\\"short_name\\\":\\\"FR\\\",\\\"types\\\":[\\\"country\\\",\\\"political\\\"]},{\\\"long_name\\\":\\\"75010\\\",\\\"short_name\\\":\\\"75010\\\",\\\"types\\\":[\\\"postal_code\\\"]}],\\\"formatted_address\\\":\\\"26 Rue du Chalet, 75010 Paris, France\\\",\\\"geometry\\\":{\\\"location\\\":{\\\"lat\\\":48.8741511,\\\"lng\\\":2.3728969},\\\"location_type\\\":\\\"ROOFTOP\\\",\\\"viewport\\\":{\\\"northeast\\\":{\\\"lat\\\":48.8755000802915,\\\"lng\\\":2.374245880291502},\\\"southwest\\\":{\\\"lat\\\":48.8728021197085,\\\"lng\\\":2.371547919708498}}},\\\"place_id\\\":\\\"ChIJU5bGw-Bt5kcRD_qRmo43mXs\\\",\\\"plus_code\\\":{\\\"compound_code\\\":\\\"V9FF+M5 Paris, France\\\",\\\"global_code\\\":\\\"8FW4V9FF+M5\\\"},\\\"types\\\":[\\\"street_address\\\"]}\"', '26', 'Rue du Chalet', 'Paris', 'Île-de-France', 'Île-de-France', 'Arrondissement de Paris', 'FR', 'France', '75010', '48.8741511', '2.3728969', 'yRO7q9q1-image.jpg', 'lo-paroisse.jpg', 'image/jpeg', 85667, '200,233', 1, NULL, NULL, NULL),
(60, NULL, NULL, NULL, NULL, NULL, 'test wk', 'xp', 'test-wk-xp@yopmail.com', '0688728334', '$2y$13$USu6R88zIEhRBHCAIObSGOY4gXcPs8TUgm2Lq2eMa9jlQNGcDS22O', 'anonymous', '1986-04-30', 'no-children', 'no-english', 'full-time', NULL, 1, NULL, '[]', NULL, 0, NULL, 'no', NULL, NULL, NULL, NULL, '2019-07-24 17:29:47', '2019-07-24 16:49:58', '2019-07-24 16:50:00', '2019-07-24 17:29:47', '26 Rue du Chalet, 75010 Paris, France', '\"{\\\"address_components\\\":[{\\\"long_name\\\":\\\"26\\\",\\\"short_name\\\":\\\"26\\\",\\\"types\\\":[\\\"street_number\\\"]},{\\\"long_name\\\":\\\"Rue du Chalet\\\",\\\"short_name\\\":\\\"Rue du Chalet\\\",\\\"types\\\":[\\\"route\\\"]},{\\\"long_name\\\":\\\"Paris\\\",\\\"short_name\\\":\\\"Paris\\\",\\\"types\\\":[\\\"locality\\\",\\\"political\\\"]},{\\\"long_name\\\":\\\"Arrondissement de Paris\\\",\\\"short_name\\\":\\\"Arrondissement de Paris\\\",\\\"types\\\":[\\\"administrative_area_level_2\\\",\\\"political\\\"]},{\\\"long_name\\\":\\\"\\\\u00cele-de-France\\\",\\\"short_name\\\":\\\"\\\\u00cele-de-France\\\",\\\"types\\\":[\\\"administrative_area_level_1\\\",\\\"political\\\"]},{\\\"long_name\\\":\\\"France\\\",\\\"short_name\\\":\\\"FR\\\",\\\"types\\\":[\\\"country\\\",\\\"political\\\"]},{\\\"long_name\\\":\\\"75010\\\",\\\"short_name\\\":\\\"75010\\\",\\\"types\\\":[\\\"postal_code\\\"]}],\\\"formatted_address\\\":\\\"26 Rue du Chalet, 75010 Paris, France\\\",\\\"geometry\\\":{\\\"location\\\":{\\\"lat\\\":48.8741511,\\\"lng\\\":2.3728969},\\\"location_type\\\":\\\"ROOFTOP\\\",\\\"viewport\\\":{\\\"northeast\\\":{\\\"lat\\\":48.8755000802915,\\\"lng\\\":2.374245880291502},\\\"southwest\\\":{\\\"lat\\\":48.8728021197085,\\\"lng\\\":2.371547919708498}}},\\\"place_id\\\":\\\"ChIJU5bGw-Bt5kcRD_qRmo43mXs\\\",\\\"plus_code\\\":{\\\"compound_code\\\":\\\"V9FF+M5 Paris, France\\\",\\\"global_code\\\":\\\"8FW4V9FF+M5\\\"},\\\"types\\\":[\\\"street_address\\\"]}\"', '26', 'Rue du Chalet', 'Paris', 'Île-de-France', 'Île-de-France', 'Arrondissement de Paris', 'FR', 'France', '75010', '48.8741511', '2.3728969', 'z8B36RGz-image.jpg', 'lo-paroisse.jpg', 'image/jpeg', 85667, '200,233', 1, NULL, NULL, NULL),
(61, NULL, NULL, NULL, NULL, NULL, 'Test', 'Basic', 'test-basic@yopmail.com', NULL, '$2y$13$F8B/AkB79ULopzEmsEv95.mBvpZkmVb3eKyDU/zL.RwQwT0zsC/Lu', 'anonymous', NULL, NULL, NULL, NULL, NULL, 1, NULL, '[]', NULL, 0, NULL, NULL, NULL, NULL, NULL, NULL, '2019-08-26 15:17:41', '2019-08-26 15:17:09', '2019-08-26 15:17:14', '2019-08-26 15:17:41', NULL, NULL, NULL, NULL, NULL, NULL, NULL, NULL, NULL, NULL, NULL, NULL, NULL, NULL, NULL, NULL, NULL, NULL, 1, NULL, NULL, NULL),
(62, 2, 8, 7, 10, 7, 'Test', '7615', 'test-7615@yopmail.com', '0688728334', '$2y$13$tHHDwede7ggkCZcT9atgROlYH4j7FYIacqUylfICTxBuitNv2q7Zu', 'anonymous', '1986-04-30', 'no-children', 'no-english', 'full-time', 'none', 1, NULL, '[]', NULL, 0, NULL, 'no', NULL, NULL, NULL, NULL, '2019-08-28 14:48:08', '2019-08-28 14:47:41', '2019-08-28 14:47:43', '2019-08-28 14:57:02', '37 Avenue du Colonel Fabien, Dammarie-les-Lys, France', '\"{\\\"address_components\\\":[{\\\"long_name\\\":\\\"37\\\",\\\"short_name\\\":\\\"37\\\",\\\"types\\\":[\\\"street_number\\\"]},{\\\"long_name\\\":\\\"Avenue du Colonel Fabien\\\",\\\"short_name\\\":\\\"Avenue du Colonel Fabien\\\",\\\"types\\\":[\\\"route\\\"]},{\\\"long_name\\\":\\\"Dammarie-les-Lys\\\",\\\"short_name\\\":\\\"Dammarie-les-Lys\\\",\\\"types\\\":[\\\"locality\\\",\\\"political\\\"]},{\\\"long_name\\\":\\\"Seine-et-Marne\\\",\\\"short_name\\\":\\\"Seine-et-Marne\\\",\\\"types\\\":[\\\"administrative_area_level_2\\\",\\\"political\\\"]},{\\\"long_name\\\":\\\"\\\\u00cele-de-France\\\",\\\"short_name\\\":\\\"\\\\u00cele-de-France\\\",\\\"types\\\":[\\\"administrative_area_level_1\\\",\\\"political\\\"]},{\\\"long_name\\\":\\\"France\\\",\\\"short_name\\\":\\\"FR\\\",\\\"types\\\":[\\\"country\\\",\\\"political\\\"]},{\\\"long_name\\\":\\\"77190\\\",\\\"short_name\\\":\\\"77190\\\",\\\"types\\\":[\\\"postal_code\\\"]}],\\\"formatted_address\\\":\\\"37 Avenue du Colonel Fabien, 77190 Dammarie-les-Lys, France\\\",\\\"geometry\\\":{\\\"location\\\":{\\\"lat\\\":48.5271098,\\\"lng\\\":2.6497424},\\\"location_type\\\":\\\"ROOFTOP\\\",\\\"viewport\\\":{\\\"northeast\\\":{\\\"lat\\\":48.52845878029149,\\\"lng\\\":2.651091380291502},\\\"southwest\\\":{\\\"lat\\\":48.5257608197085,\\\"lng\\\":2.648393419708498}}},\\\"place_id\\\":\\\"ChIJn5hwmH_w5UcRRYsbDYIf1xo\\\",\\\"plus_code\\\":{\\\"compound_code\\\":\\\"GJGX+RV Dammarie-l\\\\u00e8s-Lys, France\\\",\\\"global_code\\\":\\\"8FW4GJGX+RV\\\"},\\\"types\\\":[\\\"street_address\\\"]}\"', '37', 'Avenue du Colonel Fabien', 'Dammarie-les-Lys', 'Île-de-France', 'Île-de-France', 'Seine-et-Marne', 'FR', 'France', '77190', '48.5271098', '2.6497424', 'PJoY2leo-image.jpg', 'lo-paroisse.jpg', 'image/jpeg', 85667, '200,233', 1, NULL, NULL, NULL),
(63, NULL, NULL, NULL, NULL, NULL, 'test new', 'registration', 'test-new-registration@yopmail.com', NULL, '$2y$13$73JCMAUPhyOerwFNLVi2OegFcQgKT8U9xwQEwTS//RgVDb0MmD3Q2', 'anonymous', NULL, NULL, NULL, NULL, NULL, 1, NULL, '[]', NULL, 0, NULL, NULL, NULL, NULL, NULL, NULL, '2019-10-29 15:22:54', '2019-09-06 13:46:36', '2019-09-06 13:46:41', '2019-10-29 15:22:54', NULL, NULL, NULL, NULL, NULL, NULL, NULL, NULL, NULL, NULL, NULL, NULL, NULL, NULL, NULL, NULL, NULL, NULL, 1, NULL, NULL, NULL),
(68, NULL, NULL, NULL, NULL, 7, 'Test', 'No Redirect', 'test-no-redirect@yopmail.com', NULL, '$2y$13$gBYovhITkvU8oUXP2/rr8uIz.yjwIyBavK1C7cDOMjbLoSV0V/1wC', 'anonymous', '1986-04-30', NULL, NULL, NULL, NULL, 1, NULL, '[]', NULL, 4, NULL, NULL, NULL, NULL, NULL, NULL, '2019-10-29 15:23:16', '2019-09-10 22:33:01', '2019-09-09 14:16:26', '2019-10-29 15:23:16', NULL, NULL, NULL, NULL, NULL, NULL, NULL, NULL, NULL, NULL, NULL, NULL, NULL, NULL, NULL, NULL, NULL, NULL, 4, NULL, NULL, NULL),
(81, NULL, NULL, NULL, NULL, NULL, 'test', 'completion', 'test-completion@yopmail.com', NULL, '$2y$13$mJi7oleC.PCCzFkdL/jPiOy2dBawy63.J1u9OmMoDf5a1.UpsloCW', 'anonymous', NULL, NULL, NULL, NULL, NULL, 1, NULL, '[]', NULL, 0, NULL, NULL, NULL, NULL, NULL, NULL, '2019-10-14 15:42:35', '2019-09-10 20:15:12', '2019-09-10 20:15:14', '2019-10-14 15:42:35', NULL, NULL, NULL, NULL, NULL, NULL, NULL, NULL, NULL, NULL, NULL, NULL, NULL, NULL, NULL, NULL, NULL, NULL, 1, NULL, NULL, NULL),
(82, NULL, NULL, NULL, NULL, NULL, 'Test', 'First time', 'test-first-time@yopmail.com', NULL, '$2y$13$3xpyMJP1OFFIZYKHYBe99.PQIQVGSy.Ex4kUc.SqwvQTqUiBDQNEW', 'anonymous', NULL, NULL, NULL, NULL, NULL, 1, NULL, '[]', NULL, 0, NULL, NULL, NULL, NULL, NULL, NULL, '2019-09-30 14:49:21', '2019-09-30 14:49:10', '2019-09-30 14:49:12', '2019-09-30 14:49:21', NULL, NULL, NULL, NULL, NULL, NULL, NULL, NULL, NULL, NULL, NULL, NULL, NULL, NULL, NULL, NULL, NULL, NULL, 1, NULL, NULL, NULL),
(85, NULL, NULL, NULL, NULL, NULL, 'User', 'From Bo', 'test-user-from-bo@yopmail.com', NULL, '$2y$13$u05BNoP.WE5luTpIksUUZ.p9M.6KB2gY45ATlhO0oDGbc4ls.opfC', 'anonymous', NULL, NULL, NULL, NULL, NULL, 1, NULL, '[]', NULL, 0, NULL, NULL, NULL, NULL, NULL, NULL, '2019-10-03 10:07:15', '2019-10-03 10:05:25', '2019-10-03 10:05:00', '2019-10-03 10:07:15', NULL, NULL, NULL, NULL, NULL, NULL, NULL, NULL, NULL, NULL, NULL, NULL, NULL, NULL, NULL, NULL, NULL, NULL, 1, NULL, NULL, NULL),
(86, NULL, NULL, NULL, NULL, NULL, 'Test', 'No Review', 'test-no-review@yopmail.com', NULL, '$2y$13$zWqyPGy5BtLX4KzFeLsAzefzylEGJS5T.0WlWXNNzry1aMpmC9OFG', 'anonymous', NULL, NULL, NULL, NULL, NULL, 1, NULL, '[]', NULL, 0, NULL, NULL, NULL, NULL, NULL, NULL, '2019-10-29 15:23:50', '2019-10-14 15:47:36', '2019-10-14 15:47:36', '2019-10-29 15:23:50', NULL, NULL, NULL, NULL, NULL, NULL, NULL, NULL, NULL, NULL, NULL, NULL, NULL, NULL, NULL, NULL, NULL, NULL, 1, NULL, NULL, NULL),
(87, NULL, NULL, NULL, NULL, NULL, 'sqd', 'qsd', 'qdqdqs@qsd.fr', NULL, '$2y$13$o1v7nwYeJYDakW.UsRejW.ON0AthZDMGxM0b1hKBoFxIod5fcNwTO', 'anonymous', NULL, NULL, NULL, NULL, NULL, 0, NULL, '[]', 'hGfo6LAdQiI9VAed9LYbDD0XlyMDpW_qwjFIl5NRru4', 0, NULL, NULL, NULL, NULL, NULL, NULL, NULL, '2019-10-21 08:00:19', '2019-10-21 08:00:19', '2019-10-21 08:00:19', NULL, NULL, NULL, NULL, NULL, NULL, NULL, NULL, NULL, NULL, NULL, NULL, NULL, NULL, NULL, NULL, NULL, NULL, 1, NULL, NULL, NULL),
(90, NULL, NULL, NULL, NULL, NULL, 'Test', 'Invite Coworker', 'test-invite-coworker@yopmail.com', NULL, '$2y$13$gZ.TrMjb9QPNWkIj/ArUvO0OlbNSnLdi/cB00ApZ5uNrEj9gOq04.', 'anonymous', NULL, NULL, NULL, NULL, NULL, 1, NULL, '[]', NULL, 0, NULL, NULL, NULL, NULL, NULL, NULL, '2019-10-21 15:18:58', '2019-10-21 14:58:34', '2019-10-21 14:58:34', '2019-10-21 15:19:13', NULL, NULL, NULL, NULL, NULL, NULL, NULL, NULL, NULL, NULL, NULL, NULL, NULL, NULL, NULL, NULL, NULL, NULL, 6, NULL, NULL, NULL),
(92, NULL, NULL, NULL, NULL, NULL, 'Test', 'Godchild', 'test-godchild@yopmail.com', NULL, '$2y$13$fCkFDEPi/HV9krAqZDx9Y.ZlpELAASj4iG8c/h//oVak/KRenekUK', 'anonymous', NULL, NULL, NULL, NULL, NULL, 1, NULL, '[]', NULL, 0, NULL, NULL, NULL, NULL, NULL, NULL, '2019-10-21 15:24:22', '2019-10-21 15:24:14', '2019-10-21 15:24:14', '2019-10-21 15:24:32', NULL, NULL, NULL, NULL, NULL, NULL, NULL, NULL, NULL, NULL, NULL, NULL, NULL, NULL, NULL, NULL, NULL, NULL, 3, NULL, NULL, NULL),
(93, NULL, NULL, NULL, NULL, NULL, 'test', 'test', 'testcomplexity@yopmail.com', NULL, '$2y$13$2YK23Pi/jJk8jXhaqubOA.HpgL386C4aV7CL21BcokMosNo2RvEd2', 'anonymous', NULL, NULL, NULL, NULL, NULL, 0, NULL, '[]', 'klfJ3wpOimyyA-OJ2y4LyfqqZydfOtQWa-_7SdJWaqA', 0, NULL, NULL, NULL, NULL, NULL, NULL, NULL, '2019-11-22 17:57:06', '2019-11-22 17:57:06', '2019-11-22 17:57:06', NULL, NULL, NULL, NULL, NULL, NULL, NULL, NULL, NULL, NULL, NULL, NULL, NULL, NULL, NULL, NULL, NULL, NULL, 1, NULL, NULL, NULL),
(108, NULL, NULL, NULL, NULL, NULL, 'test', 'bcrypt', 'test-bcrypt@yopmail.com', NULL, '$2y$13$zzjQ6dwLRcJgLukkY6AwP.0p8mVAVCGyXPHwymTW5XrGMpyxPPkDS', 'anonymous', NULL, NULL, NULL, NULL, NULL, 1, NULL, '[]', NULL, 0, NULL, NULL, NULL, NULL, NULL, NULL, '2019-11-27 09:47:09', '2019-11-27 09:46:25', '2019-11-27 09:46:25', '2019-11-27 09:47:09', NULL, NULL, NULL, NULL, NULL, NULL, NULL, NULL, NULL, NULL, NULL, NULL, NULL, NULL, NULL, NULL, NULL, NULL, 1, NULL, NULL, NULL),
(110, NULL, NULL, NULL, NULL, NULL, 'Laurent', 'Bientz', 'laurent.bientz@sillysmart.org', NULL, '$2y$13$3XWeRI5YD/0hN6MxrVXEaOQDlfNIPg7/xiBVWrjT5MHy.eHWZ1WtC', 'anonymous', NULL, NULL, NULL, NULL, NULL, 0, NULL, '[]', 'mhc5RzgX3M746xR80B4HsL25sxWs3ZXH8rWpeMrgp00', 0, NULL, NULL, NULL, NULL, NULL, NULL, NULL, '2019-12-05 09:59:31', '2019-12-05 09:59:31', '2019-12-05 09:59:31', NULL, NULL, NULL, NULL, NULL, NULL, NULL, NULL, NULL, NULL, NULL, NULL, NULL, NULL, NULL, NULL, NULL, NULL, 1, NULL, NULL, NULL),
(111, NULL, NULL, NULL, NULL, NULL, 'Laurent', 'Bientz', 'laurent.bientz@hotmail.fr', NULL, NULL, 'anonymous', NULL, NULL, NULL, NULL, NULL, 1, NULL, '[]', NULL, 0, NULL, NULL, NULL, NULL, NULL, NULL, '2019-12-10 09:42:52', '2019-12-10 09:42:51', '2019-12-10 09:42:51', '2019-12-10 09:42:52', NULL, NULL, NULL, NULL, NULL, NULL, NULL, NULL, NULL, NULL, NULL, NULL, NULL, NULL, NULL, NULL, NULL, NULL, 1, 'facebook', '10155525326592706', 'EAAkUZBqFPNdIBAPDvDeVMPPdn5Ws9ykbGg7TZCH5Hn6Ieeup7xCZBb9dT97NobUZCiwmNZBhvhZAdlkY6mxNQtoXc6WH4ZBC8qVaw56QHIMe2ZCZAyNgTdjRGj9BaqwtZACQ8MxVARTiIZBIzoee4OhbD7XI7LjPZAMxO6QZD'),
(112, NULL, NULL, NULL, NULL, NULL, 'Test', 'Test', 'test-5dfc964a12d2f@yopmail.com', NULL, '$2y$13$3X1OUPUpRTR7B35waMkOee/uTxJxv.DVEcq/Tkkf66kSreKf1DLOy', 'anonymous', NULL, NULL, NULL, NULL, NULL, 0, NULL, '[]', 'evqqSx_7uB3EWkjOt3ueBMSc8YiSLU5hiFD7Sg9v7y4', 0, NULL, NULL, NULL, NULL, NULL, NULL, NULL, '2019-12-20 09:37:15', '2019-12-20 09:37:15', '2019-12-20 09:37:15', NULL, NULL, NULL, NULL, NULL, NULL, NULL, NULL, NULL, NULL, NULL, NULL, NULL, NULL, NULL, NULL, NULL, NULL, 1, NULL, NULL, NULL),
(113, NULL, NULL, NULL, NULL, NULL, 'test', 'dqds', 'test-4756@yopmail.com', NULL, '$2y$13$D6Q1I9eaTCeYNOWzKdC0m.LqnXMIhasqOyHYiH9F45vF1LiYzEP4i', 'anonymous', NULL, NULL, NULL, NULL, NULL, 0, NULL, '[]', 'zxKHtswzJFcCmMAin4zYKu7WGWsQeNoFvCYSM-uoYE8', 0, NULL, NULL, NULL, NULL, NULL, NULL, NULL, '2019-12-20 09:38:29', '2019-12-20 09:38:29', '2019-12-20 09:38:29', NULL, NULL, NULL, NULL, NULL, NULL, NULL, NULL, NULL, NULL, NULL, NULL, NULL, NULL, NULL, NULL, NULL, NULL, 1, NULL, NULL, NULL),
(114, NULL, NULL, NULL, NULL, NULL, 'Test', 'Test', 'test-5dfc9735353a4@yopmail.com', NULL, '$2y$13$FaedUiLj1tnhOnyxzyf7BOqmybZPRb9lRqEudeUW5cygo9qSl4QhW', 'anonymous', NULL, NULL, NULL, NULL, NULL, 0, NULL, '[]', 'FjODjcvDS9wgVy3_v9_hK4O_28uZVAUzhfEKrD4bSks', 0, NULL, NULL, NULL, NULL, NULL, NULL, NULL, '2019-12-20 09:41:10', '2019-12-20 09:41:10', '2019-12-20 09:41:10', NULL, NULL, NULL, NULL, NULL, NULL, NULL, NULL, NULL, NULL, NULL, NULL, NULL, NULL, NULL, NULL, NULL, NULL, 1, NULL, NULL, NULL),
(115, NULL, NULL, NULL, NULL, NULL, 'Test', 'Test', 'test-5dfc97b0d5e42@yopmail.com', NULL, '$2y$13$QF5hgZ.ifhKlqC8Ne3KMMulpPErQ1WST.Ve/sdfxC1LoW0ZL2JWGu', 'anonymous', NULL, NULL, NULL, NULL, NULL, 0, NULL, '[]', 'aRIzmqxKKFUL3Q2saEGe9uPlrNkJpCXieHMMX1WxlIA', 0, NULL, NULL, NULL, NULL, NULL, NULL, NULL, '2019-12-20 09:43:14', '2019-12-20 09:43:14', '2019-12-20 09:43:14', NULL, NULL, NULL, NULL, NULL, NULL, NULL, NULL, NULL, NULL, NULL, NULL, NULL, NULL, NULL, NULL, NULL, NULL, 1, NULL, NULL, NULL),
(116, NULL, NULL, NULL, NULL, NULL, 'Test', 'Test', 'test-5dfc97ce509a2@yopmail.com', NULL, '$2y$13$5t38Sqnvv3iQdQGVU6WlbOEeov6OXa2eMXvn31GhdEQ8h4Af3s9GC', 'anonymous', NULL, NULL, NULL, NULL, NULL, 0, NULL, '[]', '21w1EoCbQncD5yFRMr29W_Hkiu4GlaFypQxgOhxgreU', 0, NULL, NULL, NULL, NULL, NULL, NULL, NULL, '2019-12-20 09:43:43', '2019-12-20 09:43:43', '2019-12-20 09:43:43', NULL, NULL, NULL, NULL, NULL, NULL, NULL, NULL, NULL, NULL, NULL, NULL, NULL, NULL, NULL, NULL, NULL, NULL, 1, NULL, NULL, NULL),
(117, NULL, NULL, NULL, NULL, NULL, 'Test', 'Test', 'test-5dfc981208d8a@yopmail.com', NULL, '$2y$13$OEfAbJM4dYbameNHXVVDGuS2eqp6lvfo8tGAYPOBnK5ONSEzTwhqS', 'anonymous', NULL, NULL, NULL, NULL, NULL, 0, NULL, '[]', 'CQVDH7ax7SdaDp4rkPPzNQhWl9mRZQNGM2ojU07Ghe4', 0, NULL, NULL, NULL, NULL, NULL, NULL, NULL, '2019-12-20 09:44:51', '2019-12-20 09:44:51', '2019-12-20 09:44:51', NULL, NULL, NULL, NULL, NULL, NULL, NULL, NULL, NULL, NULL, NULL, NULL, NULL, NULL, NULL, NULL, NULL, NULL, 1, NULL, NULL, NULL),
(118, NULL, NULL, NULL, NULL, NULL, 'Test', 'Test', 'test-5dfc985ea6a65@yopmail.com', NULL, '$2y$13$2rE7LqB.8B0Y9fTtzRIzN.DZKMYTJGdBDr2funlfegq2Il8l/qZ9q', 'anonymous', NULL, NULL, NULL, NULL, NULL, 0, NULL, '[]', 'UlPi2pnaEuY0q2BZ7mlJN0bVsCF8ouDqkhde72HXvb0', 0, NULL, NULL, NULL, NULL, NULL, NULL, NULL, '2019-12-20 09:46:08', '2019-12-20 09:46:08', '2019-12-20 09:46:08', NULL, NULL, NULL, NULL, NULL, NULL, NULL, NULL, NULL, NULL, NULL, NULL, NULL, NULL, NULL, NULL, NULL, NULL, 1, NULL, NULL, NULL),
(119, NULL, NULL, NULL, NULL, NULL, 'Test', 'Test', 'test-5dfc98a610c07@yopmail.com', NULL, '$2y$13$l9ZJgDtVBCjmYnCO8KB8QO68uRjB06Nu3THd77vvR9zBFNvnDuzzO', 'anonymous', NULL, NULL, NULL, NULL, NULL, 0, NULL, '[]', 'uZv7uP_bH-vohu41cizpLQaEKBcfpL20PFvBcLa1M4s', 0, NULL, NULL, NULL, NULL, NULL, NULL, NULL, '2019-12-20 09:47:19', '2019-12-20 09:47:19', '2019-12-20 09:47:19', NULL, NULL, NULL, NULL, NULL, NULL, NULL, NULL, NULL, NULL, NULL, NULL, NULL, NULL, NULL, NULL, NULL, NULL, 1, NULL, NULL, NULL),
(120, NULL, NULL, NULL, NULL, NULL, 'Test', 'Test', 'test-5dfc99c18d55d@yopmail.com', NULL, '$2y$13$y.WUzNcmkSAl5LSNKJO1GeT.MMRWu9Je0eZCZOiDYOMqevwe/JwR.', 'anonymous', NULL, NULL, NULL, NULL, NULL, 0, NULL, '[]', 'peLC7SN9S8hVSkdoBqG61STW5cPWL-DUJo1gFsdgEr4', 0, NULL, NULL, NULL, NULL, NULL, NULL, NULL, '2019-12-20 09:52:02', '2019-12-20 09:52:02', '2019-12-20 09:52:02', NULL, NULL, NULL, NULL, NULL, NULL, NULL, NULL, NULL, NULL, NULL, NULL, NULL, NULL, NULL, NULL, NULL, NULL, 1, NULL, NULL, NULL),
(121, NULL, NULL, NULL, NULL, NULL, 'Test', 'Test', 'test-5dfc9a7826a05@yopmail.com', NULL, '$2y$13$yAJFY9SLINRGO3B5Jg7MzejBo7k/EJscxCA.tsfvIFBlAzp4CkWHW', 'anonymous', NULL, NULL, NULL, NULL, NULL, 0, NULL, '[]', 'OzS0wuUpC0sID93KPeZtbn2mfLSALSWrj8AsCGPbh4U', 0, NULL, NULL, NULL, NULL, NULL, NULL, NULL, '2019-12-20 09:55:05', '2019-12-20 09:55:05', '2019-12-20 09:55:05', NULL, NULL, NULL, NULL, NULL, NULL, NULL, NULL, NULL, NULL, NULL, NULL, NULL, NULL, NULL, NULL, NULL, NULL, 1, NULL, NULL, NULL),
(122, NULL, NULL, NULL, NULL, NULL, 'Test', 'Test', 'test-5dfc9c7b715c2@yopmail.com', NULL, '$2y$13$UDVEhkskV1m2.KpDwH..AOjrz17vDh35BLFN14pHidHN.Ye8iJIJq', 'anonymous', NULL, NULL, NULL, NULL, NULL, 0, NULL, '[]', 'hA3CjV3yaCCASNy37os6z-uVchJxokBeexgla_K2tMU', 0, NULL, NULL, NULL, NULL, NULL, NULL, NULL, '2019-12-20 10:03:40', '2019-12-20 10:03:40', '2019-12-20 10:03:40', NULL, NULL, NULL, NULL, NULL, NULL, NULL, NULL, NULL, NULL, NULL, NULL, NULL, NULL, NULL, NULL, NULL, NULL, 1, NULL, NULL, NULL),
(123, NULL, NULL, NULL, NULL, NULL, 'Test', 'Test', 'test-5dfc9cf429538@yopmail.com', NULL, '$2y$13$QJL6G9CzKmFoxFHqYBlJSufkWsefiJTG9pwyq/CgOxAisCSXisjK.', 'anonymous', NULL, NULL, NULL, NULL, NULL, 0, NULL, '[]', 'MViig7D5y1RrJk2c3qvuND_SDFNlPbQiGaPgFdB2mZw', 0, NULL, NULL, NULL, NULL, NULL, NULL, NULL, '2019-12-20 10:05:41', '2019-12-20 10:05:41', '2019-12-20 10:05:41', NULL, NULL, NULL, NULL, NULL, NULL, NULL, NULL, NULL, NULL, NULL, NULL, NULL, NULL, NULL, NULL, NULL, NULL, 1, NULL, NULL, NULL),
(124, NULL, NULL, NULL, NULL, NULL, 'Test', 'Test', 'test-5dfc9dff98642@yopmail.com', NULL, '$2y$13$p6.uYAICVvYDLfC0GvvE0O0CRVKyrCtWu66BH8.PvHOfM5dwdfSCC', 'anonymous', NULL, NULL, NULL, NULL, NULL, 0, NULL, '[]', '9aMFuUHwT1fau5vdTWlPNVvyZhcV2kUw6S8KivhZcDE', 0, NULL, NULL, NULL, NULL, NULL, NULL, NULL, '2019-12-20 10:10:15', '2019-12-20 10:10:15', '2019-12-20 10:10:15', NULL, NULL, NULL, NULL, NULL, NULL, NULL, NULL, NULL, NULL, NULL, NULL, NULL, NULL, NULL, NULL, NULL, NULL, 1, NULL, NULL, NULL),
(125, NULL, NULL, NULL, NULL, NULL, 'Test', 'Test', 'test-5dfc9ef62705a@yopmail.com', NULL, '$2y$13$iVrOip6KzvBfxS38MGpWX.T3T8bLqGVptX7IRPWpF8mU195SnITd6', 'anonymous', NULL, NULL, NULL, NULL, NULL, 0, NULL, '[]', 'qi--wft-0tnCFbi6LDonmMxQ7Dxr3W_sbUT0M8ak-H4', 0, NULL, NULL, NULL, NULL, NULL, NULL, NULL, '2019-12-20 10:14:22', '2019-12-20 10:14:22', '2019-12-20 10:14:22', NULL, NULL, NULL, NULL, NULL, NULL, NULL, NULL, NULL, NULL, NULL, NULL, NULL, NULL, NULL, NULL, NULL, NULL, 1, NULL, NULL, NULL),
(126, NULL, NULL, NULL, NULL, NULL, 'Test', 'Test', 'test-5dfc9f35e187f@yopmail.com', NULL, '$2y$13$lvVT7A5NtEdzuyDXQSqkCO4jWD/.wNmgkvlhauML9CYGKDTnd7Rfm', 'anonymous', NULL, NULL, NULL, NULL, NULL, 0, NULL, '[]', 'MAVonYeMw37gF_ASD7IxsUYsFycaF6PA7c5MlCmjxkg', 0, NULL, NULL, NULL, NULL, NULL, NULL, NULL, '2019-12-20 10:15:24', '2019-12-20 10:15:24', '2019-12-20 10:15:24', NULL, NULL, NULL, NULL, NULL, NULL, NULL, NULL, NULL, NULL, NULL, NULL, NULL, NULL, NULL, NULL, NULL, NULL, 1, NULL, NULL, NULL),
(127, NULL, NULL, NULL, NULL, NULL, 'Test', 'Test', 'test-5dfca04e8bd11@yopmail.com', NULL, '$2y$13$rjWFuFWbmIgPvZov9UdyYeEFKfwJjEEMS6qS7wOf6Xz1jHE/.PBGa', 'anonymous', NULL, NULL, NULL, NULL, NULL, 0, NULL, '[]', '9kBPay5sl7q-jRZjIBYEuu8WSiLDaxKZvoEHEGAXnGc', 0, NULL, NULL, NULL, NULL, NULL, NULL, NULL, '2019-12-20 10:20:05', '2019-12-20 10:20:05', '2019-12-20 10:20:05', NULL, NULL, NULL, NULL, NULL, NULL, NULL, NULL, NULL, NULL, NULL, NULL, NULL, NULL, NULL, NULL, NULL, NULL, 1, NULL, NULL, NULL),
(128, NULL, NULL, NULL, NULL, NULL, 'Test', 'Test', 'test-5dfca10404cd7@yopmail.com', NULL, '$2y$13$eG0/Kfa96iF7yGzEldiTG.zd1JSafTHtxqWKKx/dcan2usxmhqIje', 'anonymous', NULL, NULL, NULL, NULL, NULL, 0, NULL, '[]', '8UqOoalqiGlLlqF4CXU-rI88-xqjtoKZK9bjcBUq-Ek', 0, NULL, NULL, NULL, NULL, NULL, NULL, NULL, '2019-12-20 10:23:06', '2019-12-20 10:23:06', '2019-12-20 10:23:06', NULL, NULL, NULL, NULL, NULL, NULL, NULL, NULL, NULL, NULL, NULL, NULL, NULL, NULL, NULL, NULL, NULL, NULL, 1, NULL, NULL, NULL),
(129, NULL, NULL, NULL, NULL, NULL, 'Test', 'Test', 'test-5dfca39194001@yopmail.com', NULL, '$2y$13$.QWywxx9uYK4K.C9IPNY9edMyRkFQ44IzV2fs6lHP/nr0w2VVJJbO', 'anonymous', NULL, NULL, NULL, NULL, NULL, 0, NULL, '[]', 'h_bLVbm9ujX6Bc4Vk_9k-YZLzLPM_nOdcKVpkF-hhaM', 0, NULL, NULL, NULL, NULL, NULL, NULL, NULL, '2019-12-20 10:33:59', '2019-12-20 10:33:59', '2019-12-20 10:33:59', NULL, NULL, NULL, NULL, NULL, NULL, NULL, NULL, NULL, NULL, NULL, NULL, NULL, NULL, NULL, NULL, NULL, NULL, 1, NULL, NULL, NULL),
(130, NULL, NULL, NULL, NULL, NULL, 'Test', 'Test', 'test-5dfca3f162977@yopmail.com', NULL, '$2y$13$gIlRq695gsb1foFQqws1nuzq1eY.O9Jl0zHSYHnhTOA6.ONvJeXvi', 'anonymous', NULL, NULL, NULL, NULL, NULL, 0, NULL, '[]', '-UZOqSPIYScH9N3yHRY_b4F1kYrvc_F18KM7dufdxwY', 0, NULL, NULL, NULL, NULL, NULL, NULL, NULL, '2019-12-20 10:35:35', '2019-12-20 10:35:35', '2019-12-20 10:35:35', NULL, NULL, NULL, NULL, NULL, NULL, NULL, NULL, NULL, NULL, NULL, NULL, NULL, NULL, NULL, NULL, NULL, NULL, 1, NULL, NULL, NULL),
(131, NULL, NULL, NULL, NULL, NULL, 'Test', 'Test', 'test-5dfca4741b0bf@yopmail.com', NULL, '$2y$13$zkYer1QTph90wHygUPINBeSKrwKQhBtL9CuZqLljE9YEAUDucvTde', 'anonymous', NULL, NULL, NULL, NULL, NULL, 0, NULL, '[]', 'iKVZV_uH4FpYr2Mf8dHLYn5q6UOAa9iNZNznYg45YTc', 0, NULL, NULL, NULL, NULL, NULL, NULL, NULL, '2019-12-20 10:37:46', '2019-12-20 10:37:46', '2019-12-20 10:37:46', NULL, NULL, NULL, NULL, NULL, NULL, NULL, NULL, NULL, NULL, NULL, NULL, NULL, NULL, NULL, NULL, NULL, NULL, 1, NULL, NULL, NULL),
(132, NULL, NULL, NULL, NULL, NULL, 'Test', 'Test', 'test-5dfca572130ea@yopmail.com', NULL, '$2y$13$ZlEPTVzd/yfxQd5gvTl/d.zDRrBRZGoYivx5lhIsZzNe8mC/u5K5S', 'anonymous', NULL, NULL, NULL, NULL, NULL, 0, NULL, '[]', 'XEuc_oopQjLp1D2Vl6OmRzfr8M0dJc4xOeSugZKz7XY', 0, NULL, NULL, NULL, NULL, NULL, NULL, NULL, '2019-12-20 10:42:00', '2019-12-20 10:42:00', '2019-12-20 10:42:00', NULL, NULL, NULL, NULL, NULL, NULL, NULL, NULL, NULL, NULL, NULL, NULL, NULL, NULL, NULL, NULL, NULL, NULL, 1, NULL, NULL, NULL),
(133, NULL, NULL, NULL, NULL, NULL, 'Test', 'Test', 'test-5dfca6cca0707@yopmail.com', NULL, '$2y$13$NMdmS5QVkK6dGHA7Azpd9uHG0gGRs7IWZDu2hYbVKxl2BnBQBlAAi', 'anonymous', NULL, NULL, NULL, NULL, NULL, 0, NULL, '[]', 'Rwg-R_mzwPotDEYqGg8e5iZ1Cpk9vKuMsyeboaQtrPM', 0, NULL, NULL, NULL, NULL, NULL, NULL, NULL, '2019-12-20 10:47:46', '2019-12-20 10:47:46', '2019-12-20 10:47:46', NULL, NULL, NULL, NULL, NULL, NULL, NULL, NULL, NULL, NULL, NULL, NULL, NULL, NULL, NULL, NULL, NULL, NULL, 1, NULL, NULL, NULL),
(134, NULL, NULL, NULL, NULL, NULL, 'Test', 'Test', 'test-5dfca8525db04@yopmail.com', NULL, '$2y$13$i28xPIP1x0eM/Cudffgwve9JfCXUxCzkbamCOScgV94F5B3eltkfW', 'anonymous', NULL, NULL, NULL, NULL, NULL, 1, NULL, '[]', NULL, 0, NULL, NULL, NULL, NULL, NULL, NULL, '2019-12-20 10:59:00', '2019-12-20 10:54:16', '2019-12-20 10:54:16', '2019-12-20 10:59:00', NULL, NULL, NULL, NULL, NULL, NULL, NULL, NULL, NULL, NULL, NULL, NULL, NULL, NULL, NULL, NULL, NULL, NULL, 1, NULL, NULL, NULL),
(135, NULL, NULL, NULL, NULL, NULL, 'Test', 'Test', 'test-5dfca9d55828f@yopmail.com', NULL, '$2y$13$01p/Ib4quv2/OF2YKZUZj.k37nk2qVmEltqCUv48/Rf3QW4S0d4Gu', 'anonymous', NULL, NULL, NULL, NULL, NULL, 1, NULL, '[]', NULL, 0, NULL, NULL, NULL, NULL, NULL, NULL, '2019-12-20 11:00:47', '2019-12-20 11:00:43', '2019-12-20 11:00:43', '2019-12-20 11:00:47', NULL, NULL, NULL, NULL, NULL, NULL, NULL, NULL, NULL, NULL, NULL, NULL, NULL, NULL, NULL, NULL, NULL, NULL, 1, NULL, NULL, NULL),
(136, NULL, NULL, NULL, NULL, NULL, 'Test', 'Test', 'test-5dfcaac231ffd@yopmail.com', NULL, '$2y$13$W9vtjC6T4LqAG3EJ7e1dkOqgQUsWK4JbQtYEHMXY3hysvKAHHiziC', 'anonymous', NULL, NULL, NULL, NULL, NULL, 1, NULL, '[]', NULL, 0, NULL, NULL, NULL, NULL, NULL, NULL, '2019-12-20 11:04:45', '2019-12-20 11:04:41', '2019-12-20 11:04:41', '2019-12-20 11:04:45', NULL, NULL, NULL, NULL, NULL, NULL, NULL, NULL, NULL, NULL, NULL, NULL, NULL, NULL, NULL, NULL, NULL, NULL, 1, NULL, NULL, NULL),
(137, NULL, NULL, NULL, NULL, NULL, 'Test', 'Test', 'test-5dfcd52d1dd14@yopmail.com', NULL, '$2y$13$m3WVS8kbwJaivBXJdeXP4OIHBIJgPt9p2v3doAkBX7bs6RcyP334q', 'anonymous', NULL, NULL, NULL, NULL, NULL, 1, NULL, '[]', NULL, 0, NULL, NULL, NULL, NULL, NULL, NULL, '2019-12-20 14:05:43', '2019-12-20 14:05:39', '2019-12-20 14:05:39', '2019-12-20 14:05:43', NULL, NULL, NULL, NULL, NULL, NULL, NULL, NULL, NULL, NULL, NULL, NULL, NULL, NULL, NULL, NULL, NULL, NULL, 1, NULL, NULL, NULL),
(138, NULL, NULL, NULL, NULL, NULL, 'Test', 'Test', 'test-5dfcd6f98fd25@yopmail.com', NULL, '$2y$13$4NebV9tYv0dTj3CnqjkiZePRUY48Ft1ge8UF7UZBwD6Ll6UZoizYy', 'anonymous', NULL, NULL, NULL, NULL, NULL, 1, NULL, '[]', NULL, 0, NULL, NULL, NULL, NULL, NULL, NULL, '2019-12-20 14:13:26', '2019-12-20 14:13:22', '2019-12-20 14:13:22', '2019-12-20 14:13:26', NULL, NULL, NULL, NULL, NULL, NULL, NULL, NULL, NULL, NULL, NULL, NULL, NULL, NULL, NULL, NULL, NULL, NULL, 1, NULL, NULL, NULL),
(139, NULL, NULL, NULL, NULL, NULL, 'Test', 'Test', 'test-5dfcd7877ec25@yopmail.com', NULL, '$2y$13$FsEnBXQrvT1YAu5bwBv5F./iRB6Di8HDZDckfD2pWLghT42WX9O/m', 'anonymous', NULL, NULL, NULL, NULL, NULL, 1, NULL, '[]', NULL, 0, NULL, NULL, NULL, NULL, NULL, NULL, '2019-12-20 14:15:46', '2019-12-20 14:15:42', '2019-12-20 14:15:42', '2019-12-20 14:15:46', NULL, NULL, NULL, NULL, NULL, NULL, NULL, NULL, NULL, NULL, NULL, NULL, NULL, NULL, NULL, NULL, NULL, NULL, 1, NULL, NULL, NULL),
(140, NULL, NULL, NULL, NULL, NULL, 'Test', 'Test', 'test-5dfcdacf3bddc@yopmail.com', NULL, '$2y$13$CI1reTufmorytQSC/sMsZeaFg2bSFt.oEf1SimUzwHgxnFxToGCYO', 'anonymous', NULL, NULL, NULL, NULL, NULL, 1, NULL, '[]', NULL, 0, NULL, NULL, NULL, NULL, NULL, NULL, '2019-12-20 14:29:46', '2019-12-20 14:29:41', '2019-12-20 14:29:41', '2019-12-20 14:29:46', NULL, NULL, NULL, NULL, NULL, NULL, NULL, NULL, NULL, NULL, NULL, NULL, NULL, NULL, NULL, NULL, NULL, NULL, 1, NULL, NULL, NULL),
(141, NULL, NULL, NULL, NULL, NULL, 'Test', 'Test', 'test-5dfcdb21e4199@yopmail.com', NULL, '$2y$13$3PzUl1j0O9l4bJf92Y09u.RaFxg9t2cARZCn2S6XLB6HdikTwM7E6', 'anonymous', NULL, NULL, NULL, NULL, NULL, 1, NULL, '[]', NULL, 0, NULL, NULL, NULL, NULL, NULL, NULL, '2019-12-20 14:31:08', '2019-12-20 14:31:04', '2019-12-20 14:31:04', '2019-12-20 14:31:08', NULL, NULL, NULL, NULL, NULL, NULL, NULL, NULL, NULL, NULL, NULL, NULL, NULL, NULL, NULL, NULL, NULL, NULL, 1, NULL, NULL, NULL),
(142, NULL, NULL, NULL, NULL, NULL, 'Test', 'Test', 'test-5dfcdba453b73@yopmail.com', NULL, '$2y$13$uR7FZ/0tnt2XfYmf9r23NeGGZDPZg1fE2EVUAU94bTFRdAMzqJYhC', 'anonymous', NULL, NULL, NULL, NULL, NULL, 1, NULL, '[]', NULL, 0, NULL, NULL, NULL, NULL, NULL, NULL, '2019-12-20 14:33:18', '2019-12-20 14:33:14', '2019-12-20 14:33:14', '2019-12-20 14:33:18', NULL, NULL, NULL, NULL, NULL, NULL, NULL, NULL, NULL, NULL, NULL, NULL, NULL, NULL, NULL, NULL, NULL, NULL, 1, NULL, NULL, NULL),
(143, NULL, NULL, NULL, NULL, NULL, 'Test', 'Test', 'test-5dfce18503777@yopmail.com', NULL, '$2y$13$gWTSINGaM1zdiEk6Z5ZInekLViy.w2wNjyCYLgLiZIyMOClgCCEQ2', 'anonymous', NULL, NULL, NULL, NULL, NULL, 1, NULL, '[]', NULL, 0, NULL, NULL, NULL, NULL, NULL, NULL, '2019-12-20 14:58:23', '2019-12-20 14:58:19', '2019-12-20 14:58:19', '2019-12-20 14:58:23', NULL, NULL, NULL, NULL, NULL, NULL, NULL, NULL, NULL, NULL, NULL, NULL, NULL, NULL, NULL, NULL, NULL, NULL, 1, NULL, NULL, NULL),
(144, NULL, NULL, NULL, NULL, NULL, 'Test', 'Test', 'test-5dfce23baff66@yopmail.com', NULL, '$2y$13$gYmpb25PB27EiFpgoOpuTOkXM4I0R9/GfRHvDu/crFgza1.MD1Oiq', 'anonymous', NULL, NULL, NULL, NULL, NULL, 1, NULL, '[]', NULL, 0, NULL, NULL, NULL, NULL, NULL, NULL, '2019-12-20 15:01:25', '2019-12-20 15:01:22', '2019-12-20 15:01:22', '2019-12-20 15:01:25', NULL, NULL, NULL, NULL, NULL, NULL, NULL, NULL, NULL, NULL, NULL, NULL, NULL, NULL, NULL, NULL, NULL, NULL, 1, NULL, NULL, NULL),
(145, NULL, NULL, NULL, NULL, NULL, 'Test', 'Test', 'test-5dfce2eb405db@yopmail.com', NULL, '$2y$13$dlGoqHC4QIb52T4chVCVcORjkyDcV4abbLEvXy5AOV0pIOeWlfcX.', 'anonymous', NULL, NULL, NULL, NULL, NULL, 1, NULL, '[]', NULL, 0, NULL, NULL, NULL, NULL, NULL, NULL, '2019-12-20 15:04:21', '2019-12-20 15:04:17', '2019-12-20 15:04:17', '2019-12-20 15:04:21', NULL, NULL, NULL, NULL, NULL, NULL, NULL, NULL, NULL, NULL, NULL, NULL, NULL, NULL, NULL, NULL, NULL, NULL, 1, NULL, NULL, NULL),
(146, NULL, NULL, NULL, NULL, NULL, 'Test', 'Test', 'test-5dfce3a7c0251@yopmail.com', NULL, '$2y$13$h/ljjpgCL1PJioGFzOAYf.qz3Z5OKHmmauw/NSg8A1ZDahMlJChqe', 'anonymous', NULL, NULL, NULL, NULL, NULL, 1, NULL, '[]', NULL, 0, NULL, NULL, NULL, NULL, NULL, NULL, '2019-12-20 15:07:29', '2019-12-20 15:07:26', '2019-12-20 15:07:26', '2019-12-20 15:07:29', NULL, NULL, NULL, NULL, NULL, NULL, NULL, NULL, NULL, NULL, NULL, NULL, NULL, NULL, NULL, NULL, NULL, NULL, 1, NULL, NULL, NULL),
(147, NULL, NULL, NULL, NULL, NULL, 'Test', 'Test', 'test-5dfce41dbbc2a@yopmail.com', NULL, '$2y$13$o5Ok8nv0qOkLvbclFZKPSetS.kvjO/9jlmetEzTyIt6SWZHHFbWZC', 'anonymous', NULL, NULL, NULL, NULL, NULL, 1, NULL, '[]', NULL, 0, NULL, NULL, NULL, NULL, NULL, NULL, '2019-12-20 15:09:27', '2019-12-20 15:09:24', '2019-12-20 15:09:24', '2019-12-20 15:09:27', NULL, NULL, NULL, NULL, NULL, NULL, NULL, NULL, NULL, NULL, NULL, NULL, NULL, NULL, NULL, NULL, NULL, NULL, 1, NULL, NULL, NULL),
(148, NULL, NULL, NULL, NULL, NULL, 'Test', 'Test', 'test-5dfcf725924ef@yopmail.com', NULL, '$2y$13$pelFxbjJy2sG872hxWIca.948Pud4O2xCKO8TMoHsoWtB94FTG2EC', 'anonymous', NULL, NULL, NULL, NULL, NULL, 1, NULL, '[]', NULL, 0, NULL, NULL, NULL, NULL, NULL, NULL, '2019-12-20 16:30:40', '2019-12-20 16:30:36', '2019-12-20 16:30:36', '2019-12-20 16:30:40', NULL, NULL, NULL, NULL, NULL, NULL, NULL, NULL, NULL, NULL, NULL, NULL, NULL, NULL, NULL, NULL, NULL, NULL, 1, NULL, NULL, NULL),
(149, NULL, NULL, NULL, NULL, NULL, 'Test', 'Test', 'test-5dfcfdea53db2@yopmail.com', NULL, '$2y$13$KAGHArdFMP9Vr17.C5vAcu/5UWCQQMcpvz8T7vDyGKg12GEucvQ3.', 'anonymous', NULL, NULL, NULL, NULL, NULL, 1, NULL, '[]', NULL, 0, NULL, NULL, NULL, NULL, NULL, NULL, '2019-12-20 16:59:32', '2019-12-20 16:59:28', '2019-12-20 16:59:28', '2019-12-20 16:59:32', NULL, NULL, NULL, NULL, NULL, NULL, NULL, NULL, NULL, NULL, NULL, NULL, NULL, NULL, NULL, NULL, NULL, NULL, 1, NULL, NULL, NULL),
(150, NULL, NULL, NULL, NULL, NULL, 'Test', 'Test', 'test-5dfcfe8658113@yopmail.com', NULL, '$2y$13$mW7Kc9j6Y7RmOF1eM27Jwudr9asSOt1y3ZKYK3xI/65beg/3FUga2', 'anonymous', NULL, NULL, NULL, NULL, NULL, 1, NULL, '[]', NULL, 0, NULL, NULL, NULL, NULL, NULL, NULL, '2019-12-20 17:02:09', '2019-12-20 17:02:04', '2019-12-20 17:02:04', '2019-12-20 17:02:09', NULL, NULL, NULL, NULL, NULL, NULL, NULL, NULL, NULL, NULL, NULL, NULL, NULL, NULL, NULL, NULL, NULL, NULL, 1, NULL, NULL, NULL),
(151, NULL, NULL, NULL, NULL, NULL, 'Test', 'Test', 'test-5dfd00cb0b16e@yopmail.com', NULL, '$2y$13$L4k2I2TTbqmtr1GEifRGOOLn/m49BFAv6byB03KOJZpKy9Uu5PoiO', 'anonymous', NULL, NULL, NULL, NULL, NULL, 1, NULL, '[]', NULL, 0, NULL, NULL, NULL, NULL, NULL, NULL, '2019-12-20 17:11:49', '2019-12-20 17:11:45', '2019-12-20 17:11:45', '2019-12-20 17:11:49', NULL, NULL, NULL, NULL, NULL, NULL, NULL, NULL, NULL, NULL, NULL, NULL, NULL, NULL, NULL, NULL, NULL, NULL, 1, NULL, NULL, NULL),
(152, NULL, NULL, NULL, NULL, NULL, 'Test', 'Test', 'test-5dfd03c3d832c@yopmail.com', NULL, '$2y$13$16OftXb1UwCMQRTitf5mZu3QUU0bYfaL0xuyBEvLxurYfU9D76ELm', 'anonymous', NULL, NULL, NULL, NULL, NULL, 1, NULL, '[]', NULL, 0, NULL, NULL, NULL, NULL, NULL, NULL, '2019-12-20 17:24:30', '2019-12-20 17:24:26', '2019-12-20 17:24:26', '2019-12-20 17:24:30', NULL, NULL, NULL, NULL, NULL, NULL, NULL, NULL, NULL, NULL, NULL, NULL, NULL, NULL, NULL, NULL, NULL, NULL, 1, NULL, NULL, NULL),
(153, NULL, NULL, NULL, NULL, NULL, 'Test', 'Test', 'test-5dfd0526be60a@yopmail.com', NULL, '$2y$13$azjv2ihXdYTeULjOSd5dM.Se8OydNuKGGQxb4WAYHdpI/OdHdIgeW', 'anonymous', NULL, NULL, NULL, NULL, NULL, 0, NULL, '[]', '_mUHw-YzPLg7ZrkFSyjCSJheB-UIp1DN1ZlrOlVs-30', 0, NULL, NULL, NULL, NULL, NULL, NULL, NULL, '2019-12-20 17:30:21', '2019-12-20 17:30:21', '2019-12-20 17:30:21', NULL, NULL, NULL, NULL, NULL, NULL, NULL, NULL, NULL, NULL, NULL, NULL, NULL, NULL, NULL, NULL, NULL, NULL, 1, NULL, NULL, NULL),
(154, NULL, NULL, NULL, NULL, NULL, 'Test', 'Test', 'test-5dfd06ab66051@yopmail.com', NULL, '$2y$13$hql08weugwDmmbLBLHp/XuQKZVaBV25beHu8Ow6uDjkum7LEDcVse', 'anonymous', NULL, NULL, NULL, NULL, NULL, 1, NULL, '[]', NULL, 0, NULL, NULL, NULL, NULL, NULL, NULL, '2019-12-20 17:36:55', '2019-12-20 17:36:49', '2019-12-20 17:36:49', '2019-12-20 17:36:55', NULL, NULL, NULL, NULL, NULL, NULL, NULL, NULL, NULL, NULL, NULL, NULL, NULL, NULL, NULL, NULL, NULL, NULL, 1, NULL, NULL, NULL),
(155, NULL, NULL, NULL, NULL, NULL, 'Test', 'Test', 'test-5dfd06fad2231@yopmail.com', NULL, '$2y$13$PR.jYD8rDJrmzoDkli.Ru.OIAiryMOBzg/MoxB0Y0ccdB8ej0Yag2', 'anonymous', NULL, NULL, NULL, NULL, NULL, 1, NULL, '[]', NULL, 0, NULL, NULL, NULL, NULL, NULL, NULL, '2019-12-20 17:38:13', '2019-12-20 17:38:09', '2019-12-20 17:38:09', '2019-12-20 17:38:13', NULL, NULL, NULL, NULL, NULL, NULL, NULL, NULL, NULL, NULL, NULL, NULL, NULL, NULL, NULL, NULL, NULL, NULL, 1, NULL, NULL, NULL),
(156, NULL, NULL, NULL, NULL, NULL, 'Test', 'Test', 'test-5dfd08b334cb6@yopmail.com', NULL, '$2y$13$1.n7aOVb3NHkUzAXoZnXCueDyywQyfvPpLcw27blMil4IoHbxpqNG', 'anonymous', NULL, NULL, NULL, NULL, NULL, 1, NULL, '[]', NULL, 0, NULL, NULL, NULL, NULL, NULL, NULL, '2019-12-20 17:45:34', '2019-12-20 17:45:30', '2019-12-20 17:45:30', '2019-12-20 17:45:34', NULL, NULL, NULL, NULL, NULL, NULL, NULL, NULL, NULL, NULL, NULL, NULL, NULL, NULL, NULL, NULL, NULL, NULL, 1, NULL, NULL, NULL),
(157, NULL, NULL, NULL, NULL, NULL, 'Test', 'Test', 'test-5dfd0a4f474ae@yopmail.com', NULL, '$2y$13$buRJjv2UvO4nwSMfrxrWrO48b/l7FmeibB5sVxH3/iuzSTVYH7B0.', 'anonymous', NULL, NULL, NULL, NULL, NULL, 1, NULL, '[]', NULL, 0, NULL, NULL, NULL, NULL, NULL, NULL, '2019-12-20 17:52:25', '2019-12-20 17:52:21', '2019-12-20 17:52:21', '2019-12-20 17:52:25', NULL, NULL, NULL, NULL, NULL, NULL, NULL, NULL, NULL, NULL, NULL, NULL, NULL, NULL, NULL, NULL, NULL, NULL, 1, NULL, NULL, NULL),
(158, NULL, NULL, NULL, NULL, NULL, 'Test', 'Test', 'test-5dfd0b38ef300@yopmail.com', NULL, '$2y$13$PIcAQ2dkeLyRGHne5JsOHO0R63AdX102dtkFy4sqdH7/ZIGhycSyW', 'anonymous', NULL, NULL, NULL, NULL, NULL, 1, NULL, '[]', NULL, 0, NULL, NULL, NULL, NULL, NULL, NULL, '2019-12-20 17:56:20', '2019-12-20 17:56:15', '2019-12-20 17:56:15', '2019-12-20 17:56:20', NULL, NULL, NULL, NULL, NULL, NULL, NULL, NULL, NULL, NULL, NULL, NULL, NULL, NULL, NULL, NULL, NULL, NULL, 1, NULL, NULL, NULL),
(159, NULL, NULL, NULL, NULL, NULL, 'Test', 'Test', 'test-5dfd0db2e4e36@yopmail.com', NULL, '$2y$13$0kXe1yuwpk.qileyQus5C.jTgAvzYBexEZKlQQHE4r/Uuqkb3yBF.', 'anonymous', NULL, NULL, NULL, NULL, NULL, 1, NULL, '[]', NULL, 0, NULL, NULL, NULL, NULL, NULL, NULL, '2019-12-20 18:06:53', '2019-12-20 18:06:49', '2019-12-20 18:06:49', '2019-12-20 18:06:53', NULL, NULL, NULL, NULL, NULL, NULL, NULL, NULL, NULL, NULL, NULL, NULL, NULL, NULL, NULL, NULL, NULL, NULL, 1, NULL, NULL, NULL);

CREATE TABLE `user_benefit` (
  `user_id` int(11) NOT NULL,
  `benefit_id` int(11) NOT NULL
) ENGINE=InnoDB DEFAULT CHARSET=utf8mb4 COLLATE=utf8mb4_unicode_ci;

INSERT INTO `user_benefit` (`user_id`, `benefit_id`) VALUES
(1, 1),
(1, 2),
(1, 4),
(1, 5),
(1, 7),
(2, 3),
(4, 6),
(4, 7),
(4, 10),
(5, 3),
(5, 6),
(5, 7),
(6, 1),
(6, 3),
(6, 4),
(6, 7),
(6, 10),
(7, 1),
(7, 3),
(7, 6),
(7, 7),
(7, 8),
(8, 7),
(9, 4),
(9, 7),
(9, 8),
(10, 2),
(10, 4),
(10, 5),
(10, 9),
(10, 10),
(11, 2),
(11, 5),
(11, 8),
(13, 3),
(13, 7),
(13, 8),
(13, 10),
(15, 2),
(15, 3),
(15, 4),
(16, 7),
(16, 9),
(17, 1),
(17, 4),
(17, 5),
(17, 9),
(17, 10),
(18, 5),
(19, 2),
(21, 1),
(21, 5),
(21, 8),
(21, 10),
(22, 5),
(23, 1),
(23, 2),
(23, 6),
(23, 9),
(25, 3),
(25, 6),
(25, 8),
(25, 9),
(26, 6),
(26, 9),
(27, 1),
(27, 2),
(27, 6),
(27, 8),
(27, 10),
(29, 2),
(29, 3),
(29, 4),
(30, 1),
(30, 3),
(30, 4),
(30, 9),
(32, 1),
(32, 7),
(32, 8),
(32, 9),
(34, 1),
(34, 2),
(34, 5),
(35, 4),
(35, 6),
(35, 10),
(36, 3),
(36, 6),
(36, 9),
(36, 10),
(37, 9),
(39, 2),
(39, 4),
(39, 9),
(40, 10),
(41, 3),
(41, 4),
(41, 7),
(58, 1),
(58, 2),
(58, 3),
(58, 4),
(58, 5),
(58, 6),
(58, 7),
(58, 8),
(58, 9),
(58, 10),
(59, 1),
(59, 2),
(59, 3),
(59, 4),
(59, 5),
(59, 6),
(59, 7),
(59, 8),
(59, 9),
(59, 10),
(60, 1),
(60, 2),
(60, 3),
(60, 4),
(60, 5),
(60, 6),
(60, 7),
(60, 8),
(60, 9),
(60, 10),
(61, 1),
(61, 2),
(61, 3),
(61, 4),
(61, 5),
(61, 6),
(61, 7),
(61, 8),
(61, 9),
(61, 10),
(62, 1),
(62, 2),
(62, 3),
(62, 4),
(62, 5),
(62, 6),
(62, 7),
(62, 8),
(62, 9),
(62, 10),
(63, 1),
(63, 2),
(63, 3),
(63, 4),
(63, 5),
(63, 6),
(63, 7),
(63, 8),
(63, 9),
(63, 10),
(68, 1),
(68, 2),
(68, 3),
(68, 4),
(68, 5),
(68, 6),
(68, 7),
(68, 8),
(68, 9),
(68, 10),
(81, 1),
(81, 2),
(81, 3),
(81, 4),
(81, 5),
(81, 6),
(81, 7),
(81, 8),
(81, 9),
(81, 10),
(82, 1),
(82, 2),
(82, 3),
(82, 4),
(82, 5),
(82, 6),
(82, 7),
(82, 8),
(82, 9),
(82, 10),
(85, 1),
(85, 2),
(85, 3),
(85, 4),
(85, 5),
(85, 6),
(85, 7),
(85, 8),
(85, 9),
(85, 10),
(86, 1),
(86, 2),
(86, 3),
(86, 4),
(86, 5),
(86, 6),
(86, 7),
(86, 8),
(86, 9),
(86, 10),
(87, 1),
(87, 2),
(87, 3),
(87, 4),
(87, 5),
(87, 6),
(87, 7),
(87, 8),
(87, 9),
(87, 10),
(88, 1),
(88, 2),
(88, 3),
(88, 4),
(88, 5),
(88, 6),
(88, 7),
(88, 8),
(88, 9),
(88, 10),
(89, 1),
(89, 2),
(89, 3),
(89, 4),
(89, 5),
(89, 6),
(89, 7),
(89, 8),
(89, 9),
(89, 10),
(90, 1),
(90, 2),
(90, 3),
(90, 4),
(90, 5),
(90, 6),
(90, 7),
(90, 8),
(90, 9),
(90, 10),
(92, 1),
(92, 2),
(92, 3),
(92, 4),
(92, 5),
(92, 6),
(92, 7),
(92, 8),
(92, 9),
(92, 10),
(93, 1),
(93, 2),
(93, 3),
(93, 4),
(93, 5),
(93, 6),
(93, 7),
(93, 8),
(93, 9),
(93, 10),
(108, 1),
(108, 2),
(108, 3),
(108, 4),
(108, 5),
(108, 6),
(108, 7),
(108, 8),
(108, 9),
(108, 10),
(110, 1),
(110, 2),
(110, 3),
(110, 4),
(110, 5),
(110, 6),
(110, 7),
(110, 8),
(110, 9),
(110, 10),
(111, 1),
(111, 2),
(111, 3),
(111, 4),
(111, 5),
(111, 6),
(111, 7),
(111, 8),
(111, 9),
(111, 10),
(112, 1),
(112, 2),
(112, 3),
(112, 4),
(112, 5),
(112, 6),
(112, 7),
(112, 8),
(112, 9),
(112, 10),
(113, 1),
(113, 2),
(113, 3),
(113, 4),
(113, 5),
(113, 6),
(113, 7),
(113, 8),
(113, 9),
(113, 10),
(114, 1),
(114, 2),
(114, 3),
(114, 4),
(114, 5),
(114, 6),
(114, 7),
(114, 8),
(114, 9),
(114, 10),
(115, 1),
(115, 2),
(115, 3),
(115, 4),
(115, 5),
(115, 6),
(115, 7),
(115, 8),
(115, 9),
(115, 10),
(116, 1),
(116, 2),
(116, 3),
(116, 4),
(116, 5),
(116, 6),
(116, 7),
(116, 8),
(116, 9),
(116, 10),
(117, 1),
(117, 2),
(117, 3),
(117, 4),
(117, 5),
(117, 6),
(117, 7),
(117, 8),
(117, 9),
(117, 10),
(118, 1),
(118, 2),
(118, 3),
(118, 4),
(118, 5),
(118, 6),
(118, 7),
(118, 8),
(118, 9),
(118, 10),
(119, 1),
(119, 2),
(119, 3),
(119, 4),
(119, 5),
(119, 6),
(119, 7),
(119, 8),
(119, 9),
(119, 10),
(120, 1),
(120, 2),
(120, 3),
(120, 4),
(120, 5),
(120, 6),
(120, 7),
(120, 8),
(120, 9),
(120, 10),
(121, 1),
(121, 2),
(121, 3),
(121, 4),
(121, 5),
(121, 6),
(121, 7),
(121, 8),
(121, 9),
(121, 10),
(122, 1),
(122, 2),
(122, 3),
(122, 4),
(122, 5),
(122, 6),
(122, 7),
(122, 8),
(122, 9),
(122, 10),
(123, 1),
(123, 2),
(123, 3),
(123, 4),
(123, 5),
(123, 6),
(123, 7),
(123, 8),
(123, 9),
(123, 10),
(124, 1),
(124, 2),
(124, 3),
(124, 4),
(124, 5),
(124, 6),
(124, 7),
(124, 8),
(124, 9),
(124, 10),
(125, 1),
(125, 2),
(125, 3),
(125, 4),
(125, 5),
(125, 6),
(125, 7),
(125, 8),
(125, 9),
(125, 10),
(126, 1),
(126, 2),
(126, 3),
(126, 4),
(126, 5),
(126, 6),
(126, 7),
(126, 8),
(126, 9),
(126, 10),
(127, 1),
(127, 2),
(127, 3),
(127, 4),
(127, 5),
(127, 6),
(127, 7),
(127, 8),
(127, 9),
(127, 10),
(128, 1),
(128, 2),
(128, 3),
(128, 4),
(128, 5),
(128, 6),
(128, 7),
(128, 8),
(128, 9),
(128, 10),
(129, 1),
(129, 2),
(129, 3),
(129, 4),
(129, 5),
(129, 6),
(129, 7),
(129, 8),
(129, 9),
(129, 10),
(130, 1),
(130, 2),
(130, 3),
(130, 4),
(130, 5),
(130, 6),
(130, 7),
(130, 8),
(130, 9),
(130, 10),
(131, 1),
(131, 2),
(131, 3),
(131, 4),
(131, 5),
(131, 6),
(131, 7),
(131, 8),
(131, 9),
(131, 10),
(132, 1),
(132, 2),
(132, 3),
(132, 4),
(132, 5),
(132, 6),
(132, 7),
(132, 8),
(132, 9),
(132, 10),
(133, 1),
(133, 2),
(133, 3),
(133, 4),
(133, 5),
(133, 6),
(133, 7),
(133, 8),
(133, 9),
(133, 10),
(134, 1),
(134, 2),
(134, 3),
(134, 4),
(134, 5),
(134, 6),
(134, 7),
(134, 8),
(134, 9),
(134, 10),
(135, 1),
(135, 2),
(135, 3),
(135, 4),
(135, 5),
(135, 6),
(135, 7),
(135, 8),
(135, 9),
(135, 10),
(136, 1),
(136, 2),
(136, 3),
(136, 4),
(136, 5),
(136, 6),
(136, 7),
(136, 8),
(136, 9),
(136, 10),
(137, 1),
(137, 2),
(137, 3),
(137, 4),
(137, 5),
(137, 6),
(137, 7),
(137, 8),
(137, 9),
(137, 10),
(138, 1),
(138, 2),
(138, 3),
(138, 4),
(138, 5),
(138, 6),
(138, 7),
(138, 8),
(138, 9),
(138, 10),
(139, 1),
(139, 2),
(139, 3),
(139, 4),
(139, 5),
(139, 6),
(139, 7),
(139, 8),
(139, 9),
(139, 10),
(140, 1),
(140, 2),
(140, 3),
(140, 4),
(140, 5),
(140, 6),
(140, 7),
(140, 8),
(140, 9),
(140, 10),
(141, 1),
(141, 2),
(141, 3),
(141, 4),
(141, 5),
(141, 6),
(141, 7),
(141, 8),
(141, 9),
(141, 10),
(142, 1),
(142, 2),
(142, 3),
(142, 4),
(142, 5),
(142, 6),
(142, 7),
(142, 8),
(142, 9),
(142, 10),
(143, 1),
(143, 2),
(143, 3),
(143, 4),
(143, 5),
(143, 6),
(143, 7),
(143, 8),
(143, 9),
(143, 10),
(144, 1),
(144, 2),
(144, 3),
(144, 4),
(144, 5),
(144, 6),
(144, 7),
(144, 8),
(144, 9),
(144, 10),
(145, 1),
(145, 2),
(145, 3),
(145, 4),
(145, 5),
(145, 6),
(145, 7),
(145, 8),
(145, 9),
(145, 10),
(146, 1),
(146, 2),
(146, 3),
(146, 4),
(146, 5),
(146, 6),
(146, 7),
(146, 8),
(146, 9),
(146, 10),
(147, 1),
(147, 2),
(147, 3),
(147, 4),
(147, 5),
(147, 6),
(147, 7),
(147, 8),
(147, 9),
(147, 10),
(148, 1),
(148, 2),
(148, 3),
(148, 4),
(148, 5),
(148, 6),
(148, 7),
(148, 8),
(148, 9),
(148, 10),
(149, 1),
(149, 2),
(149, 3),
(149, 4),
(149, 5),
(149, 6),
(149, 7),
(149, 8),
(149, 9),
(149, 10),
(150, 1),
(150, 2),
(150, 3),
(150, 4),
(150, 5),
(150, 6),
(150, 7),
(150, 8),
(150, 9),
(150, 10),
(151, 1),
(151, 2),
(151, 3),
(151, 4),
(151, 5),
(151, 6),
(151, 7),
(151, 8),
(151, 9),
(151, 10),
(152, 1),
(152, 2),
(152, 3),
(152, 4),
(152, 5),
(152, 6),
(152, 7),
(152, 8),
(152, 9),
(152, 10),
(153, 1),
(153, 2),
(153, 3),
(153, 4),
(153, 5),
(153, 6),
(153, 7),
(153, 8),
(153, 9),
(153, 10),
(154, 1),
(154, 2),
(154, 3),
(154, 4),
(154, 5),
(154, 6),
(154, 7),
(154, 8),
(154, 9),
(154, 10),
(155, 1),
(155, 2),
(155, 3),
(155, 4),
(155, 5),
(155, 6),
(155, 7),
(155, 8),
(155, 9),
(155, 10),
(156, 1),
(156, 2),
(156, 3),
(156, 4),
(156, 5),
(156, 6),
(156, 7),
(156, 8),
(156, 9),
(156, 10),
(157, 1),
(157, 2),
(157, 3),
(157, 4),
(157, 5),
(157, 6),
(157, 7),
(157, 8),
(157, 9),
(157, 10),
(158, 1),
(158, 2),
(158, 3),
(158, 4),
(158, 5),
(158, 6),
(158, 7),
(158, 8),
(158, 9),
(158, 10),
(159, 1),
(159, 2),
(159, 3),
(159, 4),
(159, 5),
(159, 6),
(159, 7),
(159, 8),
(159, 9),
(159, 10);

